{"id":20854,"date":"2025-07-22T19:04:11","date_gmt":"2025-07-22T17:04:11","guid":{"rendered":"https:\/\/uj.adatbank.ro\/lexikon\/termek\/stoica-gyorgy\/"},"modified":"2025-07-22T19:04:11","modified_gmt":"2025-07-22T17:04:11","slug":"stoica-gyorgy","status":"publish","type":"product","link":"https:\/\/uj.adatbank.ro\/lexikon\/termek\/stoica-gyorgy\/","title":{"rendered":"STOICA Gy\u00f6rgy"},"content":{"rendered":"<p>? \u2020?: szab\u00f3. \u2013 Tanulm\u00e1nyait P\u00e1rizs legjobb akad\u00e9mi\u00e1j\u00e1n v\u00e9gezte, azonk\u00edv\u00fcl r\u00e9szt vett t\u00f6bb h\u00edres nemzetk\u00f6zi szab\u00e1szati tanfolyamon, ahol oklevelekkel \u00e9s arany- \u00e9s bronz\u00e9rmekkel t\u00fcntett\u00e9k ki. A Kult\u00farpalot\u00e1ban volt szab\u00f3s\u00e1ga \u00e9s sz\u00f6vet \u00e9s \u00faridivat \u00fczlete. T\u00f6bb mint 150 tan\u00edtv\u00e1nya m\u0171k\u00f6d\u00f6tt Erd\u00e9ly k\u00fcl\u00f6nb\u00f6z\u0151 v\u00e1rosaiban. \u2013 Irod: \u00d6kr\u00f6s.<\/br><\/p>\n","protected":false},"excerpt":{"rendered":"<p>? \u2020?: szab\u00f3. \u2013 Tanulm\u00e1nyait P\u00e1rizs legjobb akad\u00e9mi\u00e1j\u00e1n v\u00e9gezte, azonk\u00edv\u00fcl r\u00e9szt vett t\u00f6bb h\u00edres nemzetk\u00f6zi szab\u00e1szati tanfolyamon, ahol oklevelekkel \u00e9s arany- \u00e9s bronz\u00e9rmekkel t\u00fcntett\u00e9k ki. A Kult\u00farpalot\u00e1ban volt szab\u00f3s\u00e1ga \u00e9s sz\u00f6vet \u00e9s \u00faridivat \u00fczlete. T\u00f6bb mint 150 tan\u00edtv\u00e1nya m\u0171k\u00f6d\u00f6tt Erd\u00e9ly k\u00fcl\u00f6nb\u00f6z\u0151 v\u00e1rosaiban. \u2013 Irod: \u00d6kr\u00f6s.<\/p>\n","protected":false},"featured_media":0,"comment_status":"open","ping_status":"closed","template":"","meta":[],"product_brand":[],"product_cat":[137],"product_tag":[],"class_list":{"0":"post-20854","1":"product","2":"type-product","3":"status-publish","5":"product_cat-maros-megyei-eletrajzi-lexikon","7":"first","8":"instock","9":"shipping-taxable","10":"product-type-simple"},"_links":{"self":[{"href":"https:\/\/uj.adatbank.ro\/lexikon\/wp-json\/wp\/v2\/product\/20854","targetHints":{"allow":["GET"]}}],"collection":[{"href":"https:\/\/uj.adatbank.ro\/lexikon\/wp-json\/wp\/v2\/product"}],"about":[{"href":"https:\/\/uj.adatbank.ro\/lexikon\/wp-json\/wp\/v2\/types\/product"}],"replies":[{"embeddable":true,"href":"https:\/\/uj.adatbank.ro\/lexikon\/wp-json\/wp\/v2\/comments?post=20854"}],"wp:attachment":[{"href":"https:\/\/uj.adatbank.ro\/lexikon\/wp-json\/wp\/v2\/media?parent=20854"}],"wp:term":[{"taxonomy":"product_brand","embeddable":true,"href":"https:\/\/uj.adatbank.ro\/lexikon\/wp-json\/wp\/v2\/product_brand?post=20854"},{"taxonomy":"product_cat","embeddable":true,"href":"https:\/\/uj.adatbank.ro\/lexikon\/wp-json\/wp\/v2\/product_cat?post=20854"},{"taxonomy":"product_tag","embeddable":true,"href":"https:\/\/uj.adatbank.ro\/lexikon\/wp-json\/wp\/v2\/product_tag?post=20854"}],"curies":[{"name":"wp","href":"https:\/\/api.w.org\/{rel}","templated":true}]}}