{"id":2086,"date":"2025-06-28T12:03:24","date_gmt":"2025-06-28T10:03:24","guid":{"rendered":"https:\/\/uj.adatbank.ro\/lexikon\/termek\/balogh-laszlo-3\/"},"modified":"2025-06-28T12:03:24","modified_gmt":"2025-06-28T10:03:24","slug":"balogh-laszlo-3","status":"publish","type":"product","link":"https:\/\/uj.adatbank.ro\/lexikon\/termek\/balogh-laszlo-3\/","title":{"rendered":"BALOGH L\u00e1szl\u00f3"},"content":{"rendered":"<p>Nagyk\u00e1roly, 1920. dec. 9., \u2020 Mv., 2008. szept. 3.: tan\u00e1r. \u2013 Szatm\u00e1ron \u00e9retts\u00e9gizett (1939). Jogot hallgatott a kv.-i egyetemen (1941\u201347), majd n\u00e9met-francia szakon tanult (1949\u201350), v\u00e9g\u00fcl matematika \u00e9s fizika szakon v\u00e9gzett, levelez\u0151i tagozaton (1948\u201350). T\u00farterebesen volt tan\u00edt\u00f3 (1948\u201350). Mv.-en a Ref. Koll.-ban tan\u00edtott (1950\u2013), a Bolyai Farkas Elm\u00e9leti L\u00edc. tan\u00e1ra volt. <br \/><strong>Irod.:<\/strong> inf. Horv\u00e1th Szabolcst\u00f3l; [Nekrol\u00f3g](N\u00fa., 2008. szept. 3.)<\/br><\/p>\n","protected":false},"excerpt":{"rendered":"<p>Nagyk\u00e1roly, 1920. dec. 9., \u2020 Mv., 2008. szept. 3.: tan\u00e1r. \u2013 Szatm\u00e1ron \u00e9retts\u00e9gizett (1939). Jogot hallgatott a kv.-i egyetemen (1941\u201347), majd n\u00e9met-francia szakon tanult (1949\u201350), v\u00e9g\u00fcl matematika \u00e9s fizika szakon v\u00e9gzett, levelez\u0151i tagozaton (1948\u201350). T\u00farterebesen volt tan\u00edt\u00f3 (1948\u201350). Mv.-en a Ref. Koll.-ban tan\u00edtott (1950\u2013), a Bolyai Farkas Elm\u00e9leti L\u00edc. tan\u00e1ra volt. Irod.: inf. Horv\u00e1th Szabolcst\u00f3l; [&hellip;]<\/p>\n","protected":false},"featured_media":0,"comment_status":"open","ping_status":"closed","template":"","meta":[],"product_brand":[],"product_cat":[137],"product_tag":[],"class_list":{"0":"post-2086","1":"product","2":"type-product","3":"status-publish","5":"product_cat-maros-megyei-eletrajzi-lexikon","7":"first","8":"instock","9":"shipping-taxable","10":"product-type-simple"},"_links":{"self":[{"href":"https:\/\/uj.adatbank.ro\/lexikon\/wp-json\/wp\/v2\/product\/2086","targetHints":{"allow":["GET"]}}],"collection":[{"href":"https:\/\/uj.adatbank.ro\/lexikon\/wp-json\/wp\/v2\/product"}],"about":[{"href":"https:\/\/uj.adatbank.ro\/lexikon\/wp-json\/wp\/v2\/types\/product"}],"replies":[{"embeddable":true,"href":"https:\/\/uj.adatbank.ro\/lexikon\/wp-json\/wp\/v2\/comments?post=2086"}],"wp:attachment":[{"href":"https:\/\/uj.adatbank.ro\/lexikon\/wp-json\/wp\/v2\/media?parent=2086"}],"wp:term":[{"taxonomy":"product_brand","embeddable":true,"href":"https:\/\/uj.adatbank.ro\/lexikon\/wp-json\/wp\/v2\/product_brand?post=2086"},{"taxonomy":"product_cat","embeddable":true,"href":"https:\/\/uj.adatbank.ro\/lexikon\/wp-json\/wp\/v2\/product_cat?post=2086"},{"taxonomy":"product_tag","embeddable":true,"href":"https:\/\/uj.adatbank.ro\/lexikon\/wp-json\/wp\/v2\/product_tag?post=2086"}],"curies":[{"name":"wp","href":"https:\/\/api.w.org\/{rel}","templated":true}]}}