{"id":20866,"date":"2025-07-22T19:04:36","date_gmt":"2025-07-22T17:04:36","guid":{"rendered":"https:\/\/uj.adatbank.ro\/lexikon\/termek\/stoiovici-stefan\/"},"modified":"2025-07-22T19:04:36","modified_gmt":"2025-07-22T17:04:36","slug":"stoiovici-stefan","status":"publish","type":"product","link":"https:\/\/uj.adatbank.ro\/lexikon\/termek\/stoiovici-stefan\/","title":{"rendered":"STOIOVICI, \u015etefan"},"content":{"rendered":"<p>? \u2020?: g. kat. pap. \u2013 Maroskereszt\u00faron szolg\u00e1lt (1905\u201340). Szolg\u00e1lata idej\u00e9ben \u00e9p\u00fclt a pl\u00e9b\u00e1nia \u00e9p\u00fclete (1937). <br \/><strong>Irod.:<\/strong> Criste\u015fti \u2013 Mure\u015f.<\/br><\/p>\n","protected":false},"excerpt":{"rendered":"<p>? \u2020?: g. kat. pap. \u2013 Maroskereszt\u00faron szolg\u00e1lt (1905\u201340). Szolg\u00e1lata idej\u00e9ben \u00e9p\u00fclt a pl\u00e9b\u00e1nia \u00e9p\u00fclete (1937). Irod.: Criste\u015fti \u2013 Mure\u015f.<\/p>\n","protected":false},"featured_media":0,"comment_status":"open","ping_status":"closed","template":"","meta":[],"product_brand":[],"product_cat":[137],"product_tag":[],"class_list":{"0":"post-20866","1":"product","2":"type-product","3":"status-publish","5":"product_cat-maros-megyei-eletrajzi-lexikon","7":"first","8":"instock","9":"shipping-taxable","10":"product-type-simple"},"_links":{"self":[{"href":"https:\/\/uj.adatbank.ro\/lexikon\/wp-json\/wp\/v2\/product\/20866","targetHints":{"allow":["GET"]}}],"collection":[{"href":"https:\/\/uj.adatbank.ro\/lexikon\/wp-json\/wp\/v2\/product"}],"about":[{"href":"https:\/\/uj.adatbank.ro\/lexikon\/wp-json\/wp\/v2\/types\/product"}],"replies":[{"embeddable":true,"href":"https:\/\/uj.adatbank.ro\/lexikon\/wp-json\/wp\/v2\/comments?post=20866"}],"wp:attachment":[{"href":"https:\/\/uj.adatbank.ro\/lexikon\/wp-json\/wp\/v2\/media?parent=20866"}],"wp:term":[{"taxonomy":"product_brand","embeddable":true,"href":"https:\/\/uj.adatbank.ro\/lexikon\/wp-json\/wp\/v2\/product_brand?post=20866"},{"taxonomy":"product_cat","embeddable":true,"href":"https:\/\/uj.adatbank.ro\/lexikon\/wp-json\/wp\/v2\/product_cat?post=20866"},{"taxonomy":"product_tag","embeddable":true,"href":"https:\/\/uj.adatbank.ro\/lexikon\/wp-json\/wp\/v2\/product_tag?post=20866"}],"curies":[{"name":"wp","href":"https:\/\/api.w.org\/{rel}","templated":true}]}}