{"id":20875,"date":"2025-07-22T19:04:58","date_gmt":"2025-07-22T17:04:58","guid":{"rendered":"https:\/\/uj.adatbank.ro\/lexikon\/termek\/strammer-ludovici-de-cibinio-eustachius-natus-quondam-ludovici-strammer-de-cibinio\/"},"modified":"2025-07-22T19:04:58","modified_gmt":"2025-07-22T17:04:58","slug":"strammer-ludovici-de-cibinio-eustachius-natus-quondam-ludovici-strammer-de-cibinio","status":"publish","type":"product","link":"https:\/\/uj.adatbank.ro\/lexikon\/termek\/strammer-ludovici-de-cibinio-eustachius-natus-quondam-ludovici-strammer-de-cibinio\/","title":{"rendered":"STRAMMER, Ludovici de Cibinio, Eustachius natus quondam Ludovici Strammer de Cibinio"},"content":{"rendered":"<p>? \u2020?: k\u00f6zjegyz\u0151. \u2013 A b\u00e9csi egyetemen volt (1496). P\u00e1pai k\u00f6zjegyz\u0151 az erd\u00e9lyi egyh\u00e1zmegy\u00e9ben. Segesv\u00e1ron k\u00f6zjegyz\u0151i okleveleket adott ki (1511. febr. 6. \u00e9s m\u00e1j. 23.). <br \/><strong>Irod.:<\/strong> Tonk S\u00e1ndor: A k\u00f6z\u00e9pkori k\u00f6zjegyz\u0151s\u00e9g Erd\u00e9lyben = M\u0171vel\u0151d\u00e9st\u00f6rt\u00e9neti Tanulm\u00e1nyok (Buk., 1980).<\/br><\/p>\n","protected":false},"excerpt":{"rendered":"<p>? \u2020?: k\u00f6zjegyz\u0151. \u2013 A b\u00e9csi egyetemen volt (1496). P\u00e1pai k\u00f6zjegyz\u0151 az erd\u00e9lyi egyh\u00e1zmegy\u00e9ben. Segesv\u00e1ron k\u00f6zjegyz\u0151i okleveleket adott ki (1511. febr. 6. \u00e9s m\u00e1j. 23.). Irod.: Tonk S\u00e1ndor: A k\u00f6z\u00e9pkori k\u00f6zjegyz\u0151s\u00e9g Erd\u00e9lyben = M\u0171vel\u0151d\u00e9st\u00f6rt\u00e9neti Tanulm\u00e1nyok (Buk., 1980).<\/p>\n","protected":false},"featured_media":0,"comment_status":"open","ping_status":"closed","template":"","meta":[],"product_brand":[],"product_cat":[137],"product_tag":[],"class_list":{"0":"post-20875","1":"product","2":"type-product","3":"status-publish","5":"product_cat-maros-megyei-eletrajzi-lexikon","7":"first","8":"instock","9":"shipping-taxable","10":"product-type-simple"},"_links":{"self":[{"href":"https:\/\/uj.adatbank.ro\/lexikon\/wp-json\/wp\/v2\/product\/20875","targetHints":{"allow":["GET"]}}],"collection":[{"href":"https:\/\/uj.adatbank.ro\/lexikon\/wp-json\/wp\/v2\/product"}],"about":[{"href":"https:\/\/uj.adatbank.ro\/lexikon\/wp-json\/wp\/v2\/types\/product"}],"replies":[{"embeddable":true,"href":"https:\/\/uj.adatbank.ro\/lexikon\/wp-json\/wp\/v2\/comments?post=20875"}],"wp:attachment":[{"href":"https:\/\/uj.adatbank.ro\/lexikon\/wp-json\/wp\/v2\/media?parent=20875"}],"wp:term":[{"taxonomy":"product_brand","embeddable":true,"href":"https:\/\/uj.adatbank.ro\/lexikon\/wp-json\/wp\/v2\/product_brand?post=20875"},{"taxonomy":"product_cat","embeddable":true,"href":"https:\/\/uj.adatbank.ro\/lexikon\/wp-json\/wp\/v2\/product_cat?post=20875"},{"taxonomy":"product_tag","embeddable":true,"href":"https:\/\/uj.adatbank.ro\/lexikon\/wp-json\/wp\/v2\/product_tag?post=20875"}],"curies":[{"name":"wp","href":"https:\/\/api.w.org\/{rel}","templated":true}]}}