{"id":2088,"date":"2025-06-28T12:03:26","date_gmt":"2025-06-28T10:03:26","guid":{"rendered":"https:\/\/uj.adatbank.ro\/lexikon\/termek\/balogh-laszlo-5\/"},"modified":"2025-06-28T12:03:26","modified_gmt":"2025-06-28T10:03:26","slug":"balogh-laszlo-5","status":"publish","type":"product","link":"https:\/\/uj.adatbank.ro\/lexikon\/termek\/balogh-laszlo-5\/","title":{"rendered":"BALOGH L\u00e1szl\u00f3"},"content":{"rendered":"<p>Cs\u00edktapolca, Sz\u00e9pv\u00edz, 1946. m\u00e1j. 21., \u2020 Sepsiszentgy\u00f6rgy, 2003. febr. 5.: \u00edr\u00f3, k\u00f6nyvt\u00e1ros, menedzser. \u2013 A mv.-i Pedag\u00f3giai F\u0151iskola rom.-m. szakos v\u00e9gzettje (1970), szov\u00e1taf\u00fcrd\u0151i V\u00e1rosi K\u00f6nyvt\u00e1r k\u00f6nyvt\u00e1rosa (1967\u201370). Sepsiszentgy\u00f6rgy\u00f6n a Megyei K\u00f6nyvt\u00e1r munkat\u00e1rsa (1970\u201390); a Bon Ami K\u00f6nyvterjeszt\u0151 \u00e9s Kiad\u00f3v\u00e1llalat igazgat\u00f3ja (1990\u2013). A Rom\u00e1niai \u00cdr\u00f3k Sz\u00f6vets\u00e9g\u00e9nek \u00e9s az Erd\u00e9lyi M. \u00cdr\u00f3k Lig\u00e1j\u00e1nak a tagja. Maroknyi sz\u00e9kely c. k\u00e9sz\u00fcl\u0151 reg\u00e9nyr\u00e9szlet\u00e9t (Sz\u00e9kelyf\u00f6ld, 12. sz., 1998. dec.). \u2013 <strong>F. m.:<\/strong> Csal\u00e1di k\u00e9p (Buk., 1982); Haj\u00f3 a t\u00e1rgyal\u00f3teremben (Buk., 1986); N\u00e9gerek a szekr\u00e9nyben (1995); Sziv\u00e1rg\u00e1s (Cs\u00edkszereda, 1995); A J\u00f3isten nem sz\u00e1llt le B\u00fcksz\u00e1don (Sepsiszentgy\u00f6rgy, 1997); M\u00faltbirtokosok (1998); Jeruzs\u00e1lemben boldog lettem volna: Novell\u00e1k (Cs\u00edkszereda, ?); T\u00f6rt\u00e9nelem a homlokr\u00e1ncban: Gid\u00f3falva, 1950. (Sepsiszentgy\u00f6rgy, 2000.); Szellemindul\u00f3 (2001); \u00c9s te hol volt\u00e1l? (Sepsiszentgy\u00f6rgy, 2001); Tiszt \u00far, a kezem (2002). <br \/><strong>Irod.:<\/strong> EMKK; Helikon; MMK; [Nekrol\u00f3g]( (Kr\u00f3nika, 2003. febr. 7.); RMIL<\/br><\/p>\n","protected":false},"excerpt":{"rendered":"<p>Cs\u00edktapolca, Sz\u00e9pv\u00edz, 1946. m\u00e1j. 21., \u2020 Sepsiszentgy\u00f6rgy, 2003. febr. 5.: \u00edr\u00f3, k\u00f6nyvt\u00e1ros, menedzser. \u2013 A mv.-i Pedag\u00f3giai F\u0151iskola rom.-m. szakos v\u00e9gzettje (1970), szov\u00e1taf\u00fcrd\u0151i V\u00e1rosi K\u00f6nyvt\u00e1r k\u00f6nyvt\u00e1rosa (1967\u201370). Sepsiszentgy\u00f6rgy\u00f6n a Megyei K\u00f6nyvt\u00e1r munkat\u00e1rsa (1970\u201390); a Bon Ami K\u00f6nyvterjeszt\u0151 \u00e9s Kiad\u00f3v\u00e1llalat igazgat\u00f3ja (1990\u2013). A Rom\u00e1niai \u00cdr\u00f3k Sz\u00f6vets\u00e9g\u00e9nek \u00e9s az Erd\u00e9lyi M. \u00cdr\u00f3k Lig\u00e1j\u00e1nak a tagja. Maroknyi sz\u00e9kely [&hellip;]<\/p>\n","protected":false},"featured_media":0,"comment_status":"open","ping_status":"closed","template":"","meta":[],"product_brand":[],"product_cat":[137],"product_tag":[],"class_list":{"0":"post-2088","1":"product","2":"type-product","3":"status-publish","5":"product_cat-maros-megyei-eletrajzi-lexikon","7":"first","8":"instock","9":"shipping-taxable","10":"product-type-simple"},"_links":{"self":[{"href":"https:\/\/uj.adatbank.ro\/lexikon\/wp-json\/wp\/v2\/product\/2088","targetHints":{"allow":["GET"]}}],"collection":[{"href":"https:\/\/uj.adatbank.ro\/lexikon\/wp-json\/wp\/v2\/product"}],"about":[{"href":"https:\/\/uj.adatbank.ro\/lexikon\/wp-json\/wp\/v2\/types\/product"}],"replies":[{"embeddable":true,"href":"https:\/\/uj.adatbank.ro\/lexikon\/wp-json\/wp\/v2\/comments?post=2088"}],"wp:attachment":[{"href":"https:\/\/uj.adatbank.ro\/lexikon\/wp-json\/wp\/v2\/media?parent=2088"}],"wp:term":[{"taxonomy":"product_brand","embeddable":true,"href":"https:\/\/uj.adatbank.ro\/lexikon\/wp-json\/wp\/v2\/product_brand?post=2088"},{"taxonomy":"product_cat","embeddable":true,"href":"https:\/\/uj.adatbank.ro\/lexikon\/wp-json\/wp\/v2\/product_cat?post=2088"},{"taxonomy":"product_tag","embeddable":true,"href":"https:\/\/uj.adatbank.ro\/lexikon\/wp-json\/wp\/v2\/product_tag?post=2088"}],"curies":[{"name":"wp","href":"https:\/\/api.w.org\/{rel}","templated":true}]}}

BALOGH László

<p>Csíktapolca, Szépvíz, 1946. máj. 21., † Sepsiszentgyörgy, 2003. febr. 5.: író, könyvtáros, menedzser. – A mv.-i Pedagógiai Főiskola rom.-m. szakos végzettje (1970), szovátafürdői Városi Könyvtár könyvtárosa (1967–70). Sepsiszentgyörgyön a Megyei Könyvtár munkatársa (1970–90); a Bon Ami Könyvterjesztő és Kiadóvállalat igazgatója (1990–). A Romániai Írók Szövetségének és az Erdélyi M. Írók Ligájának a tagja. Maroknyi székely c. készülő regényrészletét (Székelyföld, 12. sz., 1998. dec.). – <strong>F. m.:</strong> Családi kép (Buk., 1982); Hajó a tárgyalóteremben (Buk., 1986); Négerek a szekrényben (1995); Szivárgás (Csíkszereda, 1995); A Jóisten nem szállt le Bükszádon (Sepsiszentgyörgy, 1997); Múltbirtokosok (1998); Jeruzsálemben boldog lettem volna: Novellák (Csíkszereda, ?); Történelem a homlokráncban: Gidófalva, 1950. (Sepsiszentgyörgy, 2000.); Szelleminduló (2001); És te hol voltál? (Sepsiszentgyörgy, 2001); Tiszt úr, a kezem (2002). <br /><strong>Irod.:</strong> EMKK; Helikon; MMK; [Nekrológ]( (Krónika, 2003. febr. 7.); RMIL</br></p>

<p>Csíktapolca, Szépvíz, 1946. máj. 21., † Sepsiszentgyörgy, 2003. febr. 5.: író, könyvtáros, menedzser. – A mv.-i Pedagógiai Főiskola rom.-m. szakos végzettje (1970), szovátafürdői Városi Könyvtár könyvtárosa (1967–70). Sepsiszentgyörgyön a Megyei Könyvtár munkatársa (1970–90); a Bon Ami Könyvterjesztő és Kiadóvállalat igazgatója (1990–). A Romániai Írók Szövetségének és az Erdélyi M. Írók Ligájának a tagja. Maroknyi székely [&hellip;]</p>
