{"id":20883,"date":"2025-07-22T19:05:18","date_gmt":"2025-07-22T17:05:18","guid":{"rendered":"https:\/\/uj.adatbank.ro\/lexikon\/termek\/streza-nicolae\/"},"modified":"2025-07-22T19:05:18","modified_gmt":"2025-07-22T17:05:18","slug":"streza-nicolae","status":"publish","type":"product","link":"https:\/\/uj.adatbank.ro\/lexikon\/termek\/streza-nicolae\/","title":{"rendered":"STREZA, Nicolae"},"content":{"rendered":"<p>Ludisor, 1926. jan, 6. \u2020?: g. kat. pap. \u2013 A k\u00f6z\u00e9piskol\u00e1t Fogarason (1937\u201345), a teol\u00f3gi\u00e1t Nagyszebenben (1949) v\u00e9gezte amikor papp\u00e1 szentelt\u00e9k. Diak\u00f3nus a v\u00f6r\u00f6storonyi Szent Mikl\u00f3s templomban (1949\u2013); pap Feh\u00e9regyh\u00e1z\u00e1n (1953\u201369); Mv.-en a K\u0151templomban (1969\u20132001). \u2013 <strong>F. m.<\/strong>: Pl\u00e2nge\u0163i cu cei ce pl\u00e2ng (Tg.M., 2003); Kiadta Nicolae Mladin: Prelegeri de mistic\u0103 ortodox\u0103 (Tg.M., 1996). <br \/><strong>Irod.:<\/strong> MMK<\/br><\/p>\n","protected":false},"excerpt":{"rendered":"<p>Ludisor, 1926. jan, 6. \u2020?: g. kat. pap. \u2013 A k\u00f6z\u00e9piskol\u00e1t Fogarason (1937\u201345), a teol\u00f3gi\u00e1t Nagyszebenben (1949) v\u00e9gezte amikor papp\u00e1 szentelt\u00e9k. Diak\u00f3nus a v\u00f6r\u00f6storonyi Szent Mikl\u00f3s templomban (1949\u2013); pap Feh\u00e9regyh\u00e1z\u00e1n (1953\u201369); Mv.-en a K\u0151templomban (1969\u20132001). \u2013 F. m.: Pl\u00e2nge\u0163i cu cei ce pl\u00e2ng (Tg.M., 2003); Kiadta Nicolae Mladin: Prelegeri de mistic\u0103 ortodox\u0103 (Tg.M., 1996). Irod.: [&hellip;]<\/p>\n","protected":false},"featured_media":0,"comment_status":"open","ping_status":"closed","template":"","meta":[],"product_brand":[],"product_cat":[137],"product_tag":[],"class_list":{"0":"post-20883","1":"product","2":"type-product","3":"status-publish","5":"product_cat-maros-megyei-eletrajzi-lexikon","7":"first","8":"instock","9":"shipping-taxable","10":"product-type-simple"},"_links":{"self":[{"href":"https:\/\/uj.adatbank.ro\/lexikon\/wp-json\/wp\/v2\/product\/20883","targetHints":{"allow":["GET"]}}],"collection":[{"href":"https:\/\/uj.adatbank.ro\/lexikon\/wp-json\/wp\/v2\/product"}],"about":[{"href":"https:\/\/uj.adatbank.ro\/lexikon\/wp-json\/wp\/v2\/types\/product"}],"replies":[{"embeddable":true,"href":"https:\/\/uj.adatbank.ro\/lexikon\/wp-json\/wp\/v2\/comments?post=20883"}],"wp:attachment":[{"href":"https:\/\/uj.adatbank.ro\/lexikon\/wp-json\/wp\/v2\/media?parent=20883"}],"wp:term":[{"taxonomy":"product_brand","embeddable":true,"href":"https:\/\/uj.adatbank.ro\/lexikon\/wp-json\/wp\/v2\/product_brand?post=20883"},{"taxonomy":"product_cat","embeddable":true,"href":"https:\/\/uj.adatbank.ro\/lexikon\/wp-json\/wp\/v2\/product_cat?post=20883"},{"taxonomy":"product_tag","embeddable":true,"href":"https:\/\/uj.adatbank.ro\/lexikon\/wp-json\/wp\/v2\/product_tag?post=20883"}],"curies":[{"name":"wp","href":"https:\/\/api.w.org\/{rel}","templated":true}]}}