{"id":20884,"date":"2025-07-22T19:05:20","date_gmt":"2025-07-22T17:05:20","guid":{"rendered":"https:\/\/uj.adatbank.ro\/lexikon\/termek\/stritt-marie-%c2%a7-bacon-maria\/"},"modified":"2025-07-22T19:05:20","modified_gmt":"2025-07-22T17:05:20","slug":"stritt-marie-%c2%a7-bacon-maria","status":"publish","type":"product","link":"https:\/\/uj.adatbank.ro\/lexikon\/termek\/stritt-marie-%c2%a7-bacon-maria\/","title":{"rendered":"STRITT, Marie, \u00a7 BACON Maria"},"content":{"rendered":"<p>Segesv\u00e1r, 1855. febr. 18., \u2020 Drezda, 1928. szept. 16.: sz\u00edn\u00e9szn\u0151. Therese Bacon le\u00e1nya. \u2013 B\u00e9csben tanult a sz\u00edn\u00e9szk\u00e9pz\u0151 iskol\u00e1ban. Sikeres szerz\u0151d\u00e9sei voltak Frankfurtban, Karlsruheban \u00e9s Drezd\u00e1ban. H\u00e1zass\u00e1got k\u00f6t\u00f6tt Albert S. udvari opera\u00e9nekessel (1879). Csatlakozott a n\u00e9met jogv\u00e9d\u0151 n\u0151egylethez, felemelte szav\u00e1t az alkoholizmus ellen, az iskolai eg\u00e9szs\u00e9g\u00fcgyi nevel\u00e9s\u00e9rt stb. Drezd\u00e1ban megalap\u00edtotta az els\u0151 jogv\u00e9d\u0151 egyletet n\u0151k sz\u00e1m\u00e1ra (1894). A N\u00e9met N\u0151egyletek Sz\u00f6vets\u00e9ge eln\u00f6k\u00e9v\u00e9 v\u00e1lasztott\u00e1k (1896\u20131910). Megalap\u00edt\u00f3ja \u00e9s szerkeszt\u0151je volt a Centralblatt des Bundes deutscher Frauenvereine c. lapnak (1899\u20131925). Nemzetk\u00f6zi n\u0151kongresszusokon vett r\u00e9szt (Berlin, 1904; Bern, 1920). Sikeresen ford\u00edtott angolnyelvb\u0151l n\u0151politikai k\u00f6nyveket. <br \/><strong>Irod.:<\/strong> Degener, Hermann: Wer ist\u2019s (Leipzig, 1914.); LSS \u2013 l\u00e1sd Baconn\u00e1l.<\/br><\/p>\n","protected":false},"excerpt":{"rendered":"<p>Segesv\u00e1r, 1855. febr. 18., \u2020 Drezda, 1928. szept. 16.: sz\u00edn\u00e9szn\u0151. Therese Bacon le\u00e1nya. \u2013 B\u00e9csben tanult a sz\u00edn\u00e9szk\u00e9pz\u0151 iskol\u00e1ban. Sikeres szerz\u0151d\u00e9sei voltak Frankfurtban, Karlsruheban \u00e9s Drezd\u00e1ban. H\u00e1zass\u00e1got k\u00f6t\u00f6tt Albert S. udvari opera\u00e9nekessel (1879). Csatlakozott a n\u00e9met jogv\u00e9d\u0151 n\u0151egylethez, felemelte szav\u00e1t az alkoholizmus ellen, az iskolai eg\u00e9szs\u00e9g\u00fcgyi nevel\u00e9s\u00e9rt stb. Drezd\u00e1ban megalap\u00edtotta az els\u0151 jogv\u00e9d\u0151 egyletet n\u0151k [&hellip;]<\/p>\n","protected":false},"featured_media":0,"comment_status":"open","ping_status":"closed","template":"","meta":[],"product_brand":[],"product_cat":[137],"product_tag":[],"class_list":{"0":"post-20884","1":"product","2":"type-product","3":"status-publish","5":"product_cat-maros-megyei-eletrajzi-lexikon","7":"first","8":"instock","9":"shipping-taxable","10":"product-type-simple"},"_links":{"self":[{"href":"https:\/\/uj.adatbank.ro\/lexikon\/wp-json\/wp\/v2\/product\/20884","targetHints":{"allow":["GET"]}}],"collection":[{"href":"https:\/\/uj.adatbank.ro\/lexikon\/wp-json\/wp\/v2\/product"}],"about":[{"href":"https:\/\/uj.adatbank.ro\/lexikon\/wp-json\/wp\/v2\/types\/product"}],"replies":[{"embeddable":true,"href":"https:\/\/uj.adatbank.ro\/lexikon\/wp-json\/wp\/v2\/comments?post=20884"}],"wp:attachment":[{"href":"https:\/\/uj.adatbank.ro\/lexikon\/wp-json\/wp\/v2\/media?parent=20884"}],"wp:term":[{"taxonomy":"product_brand","embeddable":true,"href":"https:\/\/uj.adatbank.ro\/lexikon\/wp-json\/wp\/v2\/product_brand?post=20884"},{"taxonomy":"product_cat","embeddable":true,"href":"https:\/\/uj.adatbank.ro\/lexikon\/wp-json\/wp\/v2\/product_cat?post=20884"},{"taxonomy":"product_tag","embeddable":true,"href":"https:\/\/uj.adatbank.ro\/lexikon\/wp-json\/wp\/v2\/product_tag?post=20884"}],"curies":[{"name":"wp","href":"https:\/\/api.w.org\/{rel}","templated":true}]}}