{"id":20887,"date":"2025-07-22T19:05:27","date_gmt":"2025-07-22T17:05:27","guid":{"rendered":"https:\/\/uj.adatbank.ro\/lexikon\/termek\/strompel-istvan\/"},"modified":"2025-07-22T19:05:27","modified_gmt":"2025-07-22T17:05:27","slug":"strompel-istvan","status":"publish","type":"product","link":"https:\/\/uj.adatbank.ro\/lexikon\/termek\/strompel-istvan\/","title":{"rendered":"STR\u00d6MPEL Istv\u00e1n"},"content":{"rendered":"<p>1880., \u2020 1975. orvos. \u2013 Feles\u00e9ge: Ambrus Ilona (1889\u20131954). H\u00e1rom gyermek\u00fck k\u00f6z\u00fcl kett\u0151 orvos volt, a 3. Istv\u00e1n, tartal\u00e9kos z\u00e1szl\u00f3s a II. vil\u00e1gh\u00e1bor\u00faban (\u2020 Mv., 1995). \u2013 A Monarchia idej\u00e9n telepedett le, h\u00edres balav\u00e1s\u00e1ri osztr\u00e1k sz\u00e1rmaz\u00e1s\u00fa orvos, elmagyarosodott. Maros-Torda megye orvosi kamar\u00e1j\u00e1nak tagja (1941). <br \/><strong>Irod.:<\/strong> Kiss-P. \u2013 P.<\/br><\/p>\n","protected":false},"excerpt":{"rendered":"<p>1880., \u2020 1975. orvos. \u2013 Feles\u00e9ge: Ambrus Ilona (1889\u20131954). H\u00e1rom gyermek\u00fck k\u00f6z\u00fcl kett\u0151 orvos volt, a 3. Istv\u00e1n, tartal\u00e9kos z\u00e1szl\u00f3s a II. vil\u00e1gh\u00e1bor\u00faban (\u2020 Mv., 1995). \u2013 A Monarchia idej\u00e9n telepedett le, h\u00edres balav\u00e1s\u00e1ri osztr\u00e1k sz\u00e1rmaz\u00e1s\u00fa orvos, elmagyarosodott. Maros-Torda megye orvosi kamar\u00e1j\u00e1nak tagja (1941). Irod.: Kiss-P. \u2013 P.<\/p>\n","protected":false},"featured_media":0,"comment_status":"open","ping_status":"closed","template":"","meta":[],"product_brand":[],"product_cat":[137],"product_tag":[],"class_list":{"0":"post-20887","1":"product","2":"type-product","3":"status-publish","5":"product_cat-maros-megyei-eletrajzi-lexikon","7":"first","8":"instock","9":"shipping-taxable","10":"product-type-simple"},"_links":{"self":[{"href":"https:\/\/uj.adatbank.ro\/lexikon\/wp-json\/wp\/v2\/product\/20887","targetHints":{"allow":["GET"]}}],"collection":[{"href":"https:\/\/uj.adatbank.ro\/lexikon\/wp-json\/wp\/v2\/product"}],"about":[{"href":"https:\/\/uj.adatbank.ro\/lexikon\/wp-json\/wp\/v2\/types\/product"}],"replies":[{"embeddable":true,"href":"https:\/\/uj.adatbank.ro\/lexikon\/wp-json\/wp\/v2\/comments?post=20887"}],"wp:attachment":[{"href":"https:\/\/uj.adatbank.ro\/lexikon\/wp-json\/wp\/v2\/media?parent=20887"}],"wp:term":[{"taxonomy":"product_brand","embeddable":true,"href":"https:\/\/uj.adatbank.ro\/lexikon\/wp-json\/wp\/v2\/product_brand?post=20887"},{"taxonomy":"product_cat","embeddable":true,"href":"https:\/\/uj.adatbank.ro\/lexikon\/wp-json\/wp\/v2\/product_cat?post=20887"},{"taxonomy":"product_tag","embeddable":true,"href":"https:\/\/uj.adatbank.ro\/lexikon\/wp-json\/wp\/v2\/product_tag?post=20887"}],"curies":[{"name":"wp","href":"https:\/\/api.w.org\/{rel}","templated":true}]}}