{"id":20898,"date":"2025-07-22T19:05:48","date_gmt":"2025-07-22T17:05:48","guid":{"rendered":"https:\/\/uj.adatbank.ro\/lexikon\/termek\/sturek-emil\/"},"modified":"2025-07-22T19:05:48","modified_gmt":"2025-07-22T17:05:48","slug":"sturek-emil","status":"publish","type":"product","link":"https:\/\/uj.adatbank.ro\/lexikon\/termek\/sturek-emil\/","title":{"rendered":"STUREK Emil"},"content":{"rendered":"<p>Gyulafeh\u00e9rv\u00e1r, 1909., \u2020?: tan\u00e1r, pap. \u2013 K\u00f6z\u00e9piskol\u00e1it Gyulafeh\u00e9rv\u00e1ron, a teol\u00f3giai, pedag\u00f3giai \u00e9s filoz\u00f3fiai tanulm\u00e1nyait Kv.-on v\u00e9gezte el. Mint tan\u00e1r Gyulafeh\u00e9rv\u00e1ron kezdte p\u00e1lyafut\u00e1s\u00e1t, majd Mv.i Fi\u00fanevel\u0151 int\u00e9zetben szubr\u00e9gens. A mv.-i R.K. Gimn\u00e1ziumban pedag\u00f3gi\u00e1t \u00e9s filoz\u00f3fi\u00e1t tan\u00edtott (1940\u201344 k.) <br \/><strong>Irod.:<\/strong> R. K. Okt.\u20131.; Sz\u00e9kelyf\u00f6ld \u00ed. k.<\/br><\/p>\n","protected":false},"excerpt":{"rendered":"<p>Gyulafeh\u00e9rv\u00e1r, 1909., \u2020?: tan\u00e1r, pap. \u2013 K\u00f6z\u00e9piskol\u00e1it Gyulafeh\u00e9rv\u00e1ron, a teol\u00f3giai, pedag\u00f3giai \u00e9s filoz\u00f3fiai tanulm\u00e1nyait Kv.-on v\u00e9gezte el. Mint tan\u00e1r Gyulafeh\u00e9rv\u00e1ron kezdte p\u00e1lyafut\u00e1s\u00e1t, majd Mv.i Fi\u00fanevel\u0151 int\u00e9zetben szubr\u00e9gens. A mv.-i R.K. Gimn\u00e1ziumban pedag\u00f3gi\u00e1t \u00e9s filoz\u00f3fi\u00e1t tan\u00edtott (1940\u201344 k.) Irod.: R. K. Okt.\u20131.; Sz\u00e9kelyf\u00f6ld \u00ed. k.<\/p>\n","protected":false},"featured_media":0,"comment_status":"open","ping_status":"closed","template":"","meta":[],"product_brand":[],"product_cat":[137],"product_tag":[],"class_list":{"0":"post-20898","1":"product","2":"type-product","3":"status-publish","5":"product_cat-maros-megyei-eletrajzi-lexikon","7":"first","8":"instock","9":"shipping-taxable","10":"product-type-simple"},"_links":{"self":[{"href":"https:\/\/uj.adatbank.ro\/lexikon\/wp-json\/wp\/v2\/product\/20898","targetHints":{"allow":["GET"]}}],"collection":[{"href":"https:\/\/uj.adatbank.ro\/lexikon\/wp-json\/wp\/v2\/product"}],"about":[{"href":"https:\/\/uj.adatbank.ro\/lexikon\/wp-json\/wp\/v2\/types\/product"}],"replies":[{"embeddable":true,"href":"https:\/\/uj.adatbank.ro\/lexikon\/wp-json\/wp\/v2\/comments?post=20898"}],"wp:attachment":[{"href":"https:\/\/uj.adatbank.ro\/lexikon\/wp-json\/wp\/v2\/media?parent=20898"}],"wp:term":[{"taxonomy":"product_brand","embeddable":true,"href":"https:\/\/uj.adatbank.ro\/lexikon\/wp-json\/wp\/v2\/product_brand?post=20898"},{"taxonomy":"product_cat","embeddable":true,"href":"https:\/\/uj.adatbank.ro\/lexikon\/wp-json\/wp\/v2\/product_cat?post=20898"},{"taxonomy":"product_tag","embeddable":true,"href":"https:\/\/uj.adatbank.ro\/lexikon\/wp-json\/wp\/v2\/product_tag?post=20898"}],"curies":[{"name":"wp","href":"https:\/\/api.w.org\/{rel}","templated":true}]}}