{"id":2090,"date":"2025-06-28T12:03:30","date_gmt":"2025-06-28T10:03:30","guid":{"rendered":"https:\/\/uj.adatbank.ro\/lexikon\/termek\/balogh-laszlo-bocsoki\/"},"modified":"2025-06-28T12:03:30","modified_gmt":"2025-06-28T10:03:30","slug":"balogh-laszlo-bocsoki","status":"publish","type":"product","link":"https:\/\/uj.adatbank.ro\/lexikon\/termek\/balogh-laszlo-bocsoki\/","title":{"rendered":"BALOGH L\u00e1szl\u00f3, bocsoki"},"content":{"rendered":"<p>? \u2020\u00a0? : k\u00f6vet. \u2013 Balog J\u00e1nos fia. Feles\u00e9ge Borsos Anna (1624), Borsos Tam\u00e1s le\u00e1nya. \u2013 Portai k\u00f6vet. \u2013 T\u00f6bbsz\u00f6r erd\u00e9lyi f\u0151k\u00f6vet a port\u00e1n (1633\u2013), h\u00e1rom \u00edzben Marossz\u00e9k ogy.-i k\u00f6vete. Marossz\u00e9k f\u0151kir\u00e1lyb\u00edr\u00e1j\u00e1v\u00e1 v\u00e1lasztott\u00e1k (1648. j\u00fan. 4.), majd k\u0151v\u00e1ri kapit\u00e1ny. Sz\u00e9p k\u00f3kuszdi\u00f3-kelyhet adom\u00e1nyozott a k\u00f6lp\u00e9nyi ref. egyh\u00e1zk\u00f6zs\u00e9gnek (1636). <br \/><strong>Irod.:<\/strong> Borsos Tam\u00e1s; Nagy P\u00e1l: Falu a Korh\u00e1ny alatt (Sz\u00e9kelyf\u00f6ld, 5. sz., 2006.); P\u00e1lmay; \u00daIL<\/br><\/p>\n","protected":false},"excerpt":{"rendered":"<p>? \u2020\u00a0? : k\u00f6vet. \u2013 Balog J\u00e1nos fia. Feles\u00e9ge Borsos Anna (1624), Borsos Tam\u00e1s le\u00e1nya. \u2013 Portai k\u00f6vet. \u2013 T\u00f6bbsz\u00f6r erd\u00e9lyi f\u0151k\u00f6vet a port\u00e1n (1633\u2013), h\u00e1rom \u00edzben Marossz\u00e9k ogy.-i k\u00f6vete. Marossz\u00e9k f\u0151kir\u00e1lyb\u00edr\u00e1j\u00e1v\u00e1 v\u00e1lasztott\u00e1k (1648. j\u00fan. 4.), majd k\u0151v\u00e1ri kapit\u00e1ny. Sz\u00e9p k\u00f3kuszdi\u00f3-kelyhet adom\u00e1nyozott a k\u00f6lp\u00e9nyi ref. egyh\u00e1zk\u00f6zs\u00e9gnek (1636). Irod.: Borsos Tam\u00e1s; Nagy P\u00e1l: Falu a Korh\u00e1ny [&hellip;]<\/p>\n","protected":false},"featured_media":0,"comment_status":"open","ping_status":"closed","template":"","meta":[],"product_brand":[],"product_cat":[137],"product_tag":[],"class_list":{"0":"post-2090","1":"product","2":"type-product","3":"status-publish","5":"product_cat-maros-megyei-eletrajzi-lexikon","7":"first","8":"instock","9":"shipping-taxable","10":"product-type-simple"},"_links":{"self":[{"href":"https:\/\/uj.adatbank.ro\/lexikon\/wp-json\/wp\/v2\/product\/2090","targetHints":{"allow":["GET"]}}],"collection":[{"href":"https:\/\/uj.adatbank.ro\/lexikon\/wp-json\/wp\/v2\/product"}],"about":[{"href":"https:\/\/uj.adatbank.ro\/lexikon\/wp-json\/wp\/v2\/types\/product"}],"replies":[{"embeddable":true,"href":"https:\/\/uj.adatbank.ro\/lexikon\/wp-json\/wp\/v2\/comments?post=2090"}],"wp:attachment":[{"href":"https:\/\/uj.adatbank.ro\/lexikon\/wp-json\/wp\/v2\/media?parent=2090"}],"wp:term":[{"taxonomy":"product_brand","embeddable":true,"href":"https:\/\/uj.adatbank.ro\/lexikon\/wp-json\/wp\/v2\/product_brand?post=2090"},{"taxonomy":"product_cat","embeddable":true,"href":"https:\/\/uj.adatbank.ro\/lexikon\/wp-json\/wp\/v2\/product_cat?post=2090"},{"taxonomy":"product_tag","embeddable":true,"href":"https:\/\/uj.adatbank.ro\/lexikon\/wp-json\/wp\/v2\/product_tag?post=2090"}],"curies":[{"name":"wp","href":"https:\/\/api.w.org\/{rel}","templated":true}]}}

BALOGH László, bocsoki

<p>? † ? : követ. – Balog János fia. Felesége Borsos Anna (1624), Borsos Tamás leánya. – Portai követ. – Többször erdélyi főkövet a portán (1633–), három ízben Marosszék ogy.-i követe. Marosszék főkirálybírájává választották (1648. jún. 4.), majd kővári kapitány. Szép kókuszdió-kelyhet adományozott a kölpényi ref. egyházközségnek (1636). <br /><strong>Irod.:</strong> Borsos Tamás; Nagy Pál: Falu a Korhány alatt (Székelyföld, 5. sz., 2006.); Pálmay; ÚIL</br></p>

<p>? † ? : követ. – Balog János fia. Felesége Borsos Anna (1624), Borsos Tamás leánya. – Portai követ. – Többször erdélyi főkövet a portán (1633–), három ízben Marosszék ogy.-i követe. Marosszék főkirálybírájává választották (1648. jún. 4.), majd kővári kapitány. Szép kókuszdió-kelyhet adományozott a kölpényi ref. egyházközségnek (1636). Irod.: Borsos Tamás; Nagy Pál: Falu a Korhány [&hellip;]</p>
