{"id":20901,"date":"2025-07-22T19:05:57","date_gmt":"2025-07-22T17:05:57","guid":{"rendered":"https:\/\/uj.adatbank.ro\/lexikon\/termek\/sturza-marius-sturdza-marius\/"},"modified":"2025-07-22T19:05:57","modified_gmt":"2025-07-22T17:05:57","slug":"sturza-marius-sturdza-marius","status":"publish","type":"product","link":"https:\/\/uj.adatbank.ro\/lexikon\/termek\/sturza-marius-sturdza-marius\/","title":{"rendered":"STURZA, Marius, Sturdza Marius"},"content":{"rendered":"<p>Sepr\u0151s, 1876, aug. 27., \u2020 1954. j\u00fal. 26.: orvos, balneol\u00f3gus. \u2013 Az orvosi egyetemet B\u00e9csben v\u00e9gezte (1901). Doktor\u00e1lt. Dolgozott B\u00e9cs, Berlin, P\u00e1rizs, Nancy k\u00f3rh\u00e1zakban (1901\u201303); f\u0151orvos egy B\u00e9cs melletti k\u00f3rh\u00e1zban (1903\u2013); hazat\u00e9rte ut\u00e1n Buk.-ben \u00e9s Kv.-on nem kapott katedr\u00e1t. Balneol\u00f3gus szakorvos, f\u00fcrd\u0151 igazgat\u00f3 volt Szov\u00e1t\u00e1n (1923\u2013), modern kezel\u00e9si m\u00f3dszereket honos\u00edtott meg \u00e9s a II. vh. kezdet\u00e9re fel\u00e9p\u00edtette a Medve tavi \u00faj strandot \u00e9s a kezel\u0151t. Ir\u00e1ny\u00edt\u00e1sa alatt Szov\u00e1ta Rom\u00e1nia legmodernebb f\u00fcrd\u0151hely\u00e9v\u00e9 v\u00e1lt. Itt kezdte el a tudom\u00e1nyosan megalapozott balneol\u00f3giai kezel\u00e9st. A szov\u00e1tai Villatulajdonosok Egyes\u00fclete eln\u00f6ke (1927). Egyetemi tan\u00e1r a kv.-i egyetemen, ahol l\u00e9trehozta az els\u0151 kelet-eur\u00f3pai Balneol\u00f3giai \u00e9s Fizioter\u00e1piai Katedr\u00e1j\u00e1t (1931\u2013).A Medve-tavat ural\u00f3 f\u00fcrd\u0151telepet \u00e9s kezel\u0151 k\u00f6zpontot tervei alapj\u00e1n \u00e9p\u00edtett\u00e9k (1940-ben fejezt\u00e9k be). A rom\u00e1n kir\u00e1lyi csal\u00e1d h\u00e1ziorvosa volt. Tan\u00e1cs\u00e1ra a sz\u00edvbeteg Bern\u00e1dy \u00e9s le\u00e1nya Szov\u00e1t\u00e1n \u00e9ltek (1930 \u2013 hal\u00e1l\u00e1ig). Aleln\u00f6ke a Rom\u00e1n Balneol\u00f3giai \u00e9s Orvosi Klimatol\u00f3giai T\u00e1rsas\u00e1gnak; tagja a n\u00e9met \u00e9s osztr\u00e1k Balneol\u00f3giai T\u00e1rsas\u00e1goknak. \u2013 <strong>F. m.<\/strong>: Die Kochsalzw\u00e4sser Rom\u00e4niens: balneologisch-balneotherapeutische Studie (Wien, 1930); Tratamentul simultan balnear \u015fi climatic al reumatismelor. (Buc., 1930.); Balneoterapie practic\u0103 (Buc., 1949); Manual de balneologie (Buc., 1950); Tehnica hidro \u015fi balneoterapiei. Tehnica masajului (Buc., 1950); t\u00e1rssz., el\u0151sz\u00f3: Erd\u00e9lyi f\u00fcrd\u0151kalauz: gy\u00f3gyf\u00fcrd\u0151k, \u00e1sv\u00e1nyv\u00edzforr\u00e1sok, \u00fcd\u00fcl\u0151helyek \u00e9s szanat\u00f3riumok ismertet\u00e9se (Arad,s.a.). Tisztelet\u00e9re a f\u00fcrd\u0151telepen a Pacsirta hotel parkol\u00f3j\u00e1ban eml\u00e9kk\u00f6vet \u00e1ll\u00edtottak. <br \/><strong>Irod.:<\/strong> Bern\u00e1dy; EBKL; F\u00fcl\u00f6p-Ferenc; J\u00f3zsa Andr\u00e1s: Szov\u00e1taf\u00fcrd\u0151 (Korunk, 8. sz., 2009); M\u00e1th\u00e9 \u00c9va: \u201eIsmerd meg \u00e9desap\u00e1dat\u201d (V\u00e1s\u00e1rhelyi H\u00edrlap, 2008. \u00e1pr. 17.); Predescu; Sepsisz\u00e9ki; Szov\u00e1ta; Todea Sturza, Marius (1876\u2013) \u2013 1636, 1726.<\/br><\/p>\n","protected":false},"excerpt":{"rendered":"<p>Sepr\u0151s, 1876, aug. 27., \u2020 1954. j\u00fal. 26.: orvos, balneol\u00f3gus. \u2013 Az orvosi egyetemet B\u00e9csben v\u00e9gezte (1901). Doktor\u00e1lt. Dolgozott B\u00e9cs, Berlin, P\u00e1rizs, Nancy k\u00f3rh\u00e1zakban (1901\u201303); f\u0151orvos egy B\u00e9cs melletti k\u00f3rh\u00e1zban (1903\u2013); hazat\u00e9rte ut\u00e1n Buk.-ben \u00e9s Kv.-on nem kapott katedr\u00e1t. Balneol\u00f3gus szakorvos, f\u00fcrd\u0151 igazgat\u00f3 volt Szov\u00e1t\u00e1n (1923\u2013), modern kezel\u00e9si m\u00f3dszereket honos\u00edtott meg \u00e9s a II. vh. [&hellip;]<\/p>\n","protected":false},"featured_media":0,"comment_status":"open","ping_status":"closed","template":"","meta":[],"product_brand":[],"product_cat":[137],"product_tag":[],"class_list":{"0":"post-20901","1":"product","2":"type-product","3":"status-publish","5":"product_cat-maros-megyei-eletrajzi-lexikon","7":"first","8":"instock","9":"shipping-taxable","10":"product-type-simple"},"_links":{"self":[{"href":"https:\/\/uj.adatbank.ro\/lexikon\/wp-json\/wp\/v2\/product\/20901","targetHints":{"allow":["GET"]}}],"collection":[{"href":"https:\/\/uj.adatbank.ro\/lexikon\/wp-json\/wp\/v2\/product"}],"about":[{"href":"https:\/\/uj.adatbank.ro\/lexikon\/wp-json\/wp\/v2\/types\/product"}],"replies":[{"embeddable":true,"href":"https:\/\/uj.adatbank.ro\/lexikon\/wp-json\/wp\/v2\/comments?post=20901"}],"wp:attachment":[{"href":"https:\/\/uj.adatbank.ro\/lexikon\/wp-json\/wp\/v2\/media?parent=20901"}],"wp:term":[{"taxonomy":"product_brand","embeddable":true,"href":"https:\/\/uj.adatbank.ro\/lexikon\/wp-json\/wp\/v2\/product_brand?post=20901"},{"taxonomy":"product_cat","embeddable":true,"href":"https:\/\/uj.adatbank.ro\/lexikon\/wp-json\/wp\/v2\/product_cat?post=20901"},{"taxonomy":"product_tag","embeddable":true,"href":"https:\/\/uj.adatbank.ro\/lexikon\/wp-json\/wp\/v2\/product_tag?post=20901"}],"curies":[{"name":"wp","href":"https:\/\/api.w.org\/{rel}","templated":true}]}}