{"id":20904,"date":"2025-07-22T19:06:03","date_gmt":"2025-07-22T17:06:03","guid":{"rendered":"https:\/\/uj.adatbank.ro\/lexikon\/termek\/sturzer-joh-andreas\/"},"modified":"2025-07-22T19:06:03","modified_gmt":"2025-07-22T17:06:03","slug":"sturzer-joh-andreas","status":"publish","type":"product","link":"https:\/\/uj.adatbank.ro\/lexikon\/termek\/sturzer-joh-andreas\/","title":{"rendered":"ST\u00dcRZER, Joh. Andreas"},"content":{"rendered":"<p>Segesv\u00e1r? \u2020?: lelk\u00e9sz. \u2013 Tanult B\u00e9csben a protest\u00e1ns teol\u00f3gi\u00e1n (1943), valamint Lipcs\u00e9ben (1844). Tan\u00e1r volt Segesv\u00e1ron; lelk\u00e9sz Volk\u00e1nyban (Maros) (1854\u201359); Netuson (Szeben) (1859\u201397). <br \/><strong>Irod.:<\/strong> Szab\u00f3\u2013Sz\u00f6gi.<\/br><\/p>\n","protected":false},"excerpt":{"rendered":"<p>Segesv\u00e1r? \u2020?: lelk\u00e9sz. \u2013 Tanult B\u00e9csben a protest\u00e1ns teol\u00f3gi\u00e1n (1943), valamint Lipcs\u00e9ben (1844). Tan\u00e1r volt Segesv\u00e1ron; lelk\u00e9sz Volk\u00e1nyban (Maros) (1854\u201359); Netuson (Szeben) (1859\u201397). Irod.: Szab\u00f3\u2013Sz\u00f6gi.<\/p>\n","protected":false},"featured_media":0,"comment_status":"open","ping_status":"closed","template":"","meta":[],"product_brand":[],"product_cat":[137],"product_tag":[],"class_list":{"0":"post-20904","1":"product","2":"type-product","3":"status-publish","5":"product_cat-maros-megyei-eletrajzi-lexikon","7":"first","8":"instock","9":"shipping-taxable","10":"product-type-simple"},"_links":{"self":[{"href":"https:\/\/uj.adatbank.ro\/lexikon\/wp-json\/wp\/v2\/product\/20904","targetHints":{"allow":["GET"]}}],"collection":[{"href":"https:\/\/uj.adatbank.ro\/lexikon\/wp-json\/wp\/v2\/product"}],"about":[{"href":"https:\/\/uj.adatbank.ro\/lexikon\/wp-json\/wp\/v2\/types\/product"}],"replies":[{"embeddable":true,"href":"https:\/\/uj.adatbank.ro\/lexikon\/wp-json\/wp\/v2\/comments?post=20904"}],"wp:attachment":[{"href":"https:\/\/uj.adatbank.ro\/lexikon\/wp-json\/wp\/v2\/media?parent=20904"}],"wp:term":[{"taxonomy":"product_brand","embeddable":true,"href":"https:\/\/uj.adatbank.ro\/lexikon\/wp-json\/wp\/v2\/product_brand?post=20904"},{"taxonomy":"product_cat","embeddable":true,"href":"https:\/\/uj.adatbank.ro\/lexikon\/wp-json\/wp\/v2\/product_cat?post=20904"},{"taxonomy":"product_tag","embeddable":true,"href":"https:\/\/uj.adatbank.ro\/lexikon\/wp-json\/wp\/v2\/product_tag?post=20904"}],"curies":[{"name":"wp","href":"https:\/\/api.w.org\/{rel}","templated":true}]}}