{"id":20909,"date":"2025-07-22T19:06:13","date_gmt":"2025-07-22T17:06:13","guid":{"rendered":"https:\/\/uj.adatbank.ro\/lexikon\/termek\/suba-andras-endre\/"},"modified":"2025-07-22T19:06:13","modified_gmt":"2025-07-22T17:06:13","slug":"suba-andras-endre","status":"publish","type":"product","link":"https:\/\/uj.adatbank.ro\/lexikon\/termek\/suba-andras-endre\/","title":{"rendered":"SUBA Andr\u00e1s; Endre"},"content":{"rendered":"<p>? \u2020?: sz\u00edn\u00e9sz. \u2013 A mv.-i Sz\u00e9kely Sz\u00ednh\u00e1z tagja (1947\u2013). \u2013 F.sz: Jelle \u00f6reg koldus (H. Heyermans: Rem\u00e9ny), Latos, kanonok (Miksz\u00e1th K.: K\u00fcl\u00f6n\u00f6s h\u00e1zass\u00e1g); Mokrouszov rend\u0151r (Gorkij: Jegor Bulicsov \u00e9s a t\u00f6bbiek), Rend\u0151rtiszt (Moliere: Tartuffe); Kond\u00e1s (M\u00f3ricz: Uri muri); Stepan, katona (Grigulis: Agyag \u00e9s porcel\u00e1n); Corpodan (Davidoglu: B\u00e1ny\u00e1szok); Tugouhovszkij herceg (Gribojedov: Az \u00e9sz bajjal j\u00e1r); Csehszlov\u00e1k \u00fajs\u00e1g\u00edr\u00f3 (Tur testv\u00e9rek: Villa a mell\u00e9k utc\u00e1ban); Vid\u00e1m ny\u00e1ri m\u0171sor (1950); Schmelz ezredes (Tur testv\u00e9rek-Seinin: Kinek kedvez az id\u0151); Szak\u00e1cs (Csehov: Sir\u00e1ly); Weitz, a tervez\u0151 iroda f\u0151n\u00f6ke (Burjakovszkij: \u00dczenet az \u00e9l\u0151knek); Sab\u0103u, koh\u00f3mestre (Davidoglu: T\u0171zer\u0151d); Abdulin, keresked\u0151 (Gogol: A revizor); Zsiga b\u00e1 (Kiss-Kov\u00e1ts: Vihar a havason); Kalinics (I. Franco: Ellopott boldogs\u00e1g); Costache (L: Dmetrius: Mai emberek); Hvatkin (Lavrenyov: Lesz\u00e1mol\u00e1s); J\u00f3 mulat\u00e1st; Tenger\u00e9sz (Iszajev-Galics: Nem mag\u00e1n\u00fcgy); M\u00fcezzin (Huszka Jen\u0151: G\u00fcl baba); Kossuth seg\u00e9dtisztje (Illy\u00e9s Gyula: F\u00e1klyal\u00e1ng); Vannak m\u00e9g hib\u00e1k; Rend\u0151rs\u00e9gi \u00edrnok (Nusics: Kegyelmes asszony); Esperes (Horv\u00e1th \u00c1goston: Varga Katalin); M\u00e1sodik \u00fajs\u00e1g\u00edr\u00f3 (Kipphardt: Shakespeare kerestetik); Zamfir, ikl\u00f3di paraszt (Vornic-Postelnicu: Felsz\u00e1ll a k\u00f6d); Git\u00e1ros (Machiavelli: Mandragora), Orvos (Abruzov: M\u00e1sodik szerelem); T\u00f6rv\u00e9nyb\u00edr\u00f3 (Br\u00f3dy S\u00e1ndor: A tan\u00edt\u00f3n\u0151); Szolga Bese Tam\u00e1sn\u00e1l (K\u00f3s K\u00e1roly: Budai Nagy Antal); Ip\u00f3, klinikai altiszt (Szab\u00f3 Lajos: Menek\u00fcl\u00e9s),S\u00e1ndor (Sarkadi Imre: Szeptember); Joseph, Petruchio szolg\u00e1ja (Shakespeare: A makrancos h\u00f6lgy); Polg\u00e1rmester (Baranga: Diadal\u00edv); Miron atya (Trenyov: Gimnazist\u00e1k); Bertrandou, a s\u00edpos (Rostand: Cyrano de Bergerac); Korrektor (Mirodan: \u00dajs\u00e1g\u00edr\u00f3k). <br \/><strong>Irod.:<\/strong> Horv\u00e1th Bea; Kov\u00e1cs Levente.<\/br><\/p>\n","protected":false},"excerpt":{"rendered":"<p>? \u2020?: sz\u00edn\u00e9sz. \u2013 A mv.-i Sz\u00e9kely Sz\u00ednh\u00e1z tagja (1947\u2013). \u2013 F.sz: Jelle \u00f6reg koldus (H. Heyermans: Rem\u00e9ny), Latos, kanonok (Miksz\u00e1th K.: K\u00fcl\u00f6n\u00f6s h\u00e1zass\u00e1g); Mokrouszov rend\u0151r (Gorkij: Jegor Bulicsov \u00e9s a t\u00f6bbiek), Rend\u0151rtiszt (Moliere: Tartuffe); Kond\u00e1s (M\u00f3ricz: Uri muri); Stepan, katona (Grigulis: Agyag \u00e9s porcel\u00e1n); Corpodan (Davidoglu: B\u00e1ny\u00e1szok); Tugouhovszkij herceg (Gribojedov: Az \u00e9sz bajjal j\u00e1r); [&hellip;]<\/p>\n","protected":false},"featured_media":0,"comment_status":"open","ping_status":"closed","template":"","meta":[],"product_brand":[],"product_cat":[137],"product_tag":[],"class_list":{"0":"post-20909","1":"product","2":"type-product","3":"status-publish","5":"product_cat-maros-megyei-eletrajzi-lexikon","7":"first","8":"instock","9":"shipping-taxable","10":"product-type-simple"},"_links":{"self":[{"href":"https:\/\/uj.adatbank.ro\/lexikon\/wp-json\/wp\/v2\/product\/20909","targetHints":{"allow":["GET"]}}],"collection":[{"href":"https:\/\/uj.adatbank.ro\/lexikon\/wp-json\/wp\/v2\/product"}],"about":[{"href":"https:\/\/uj.adatbank.ro\/lexikon\/wp-json\/wp\/v2\/types\/product"}],"replies":[{"embeddable":true,"href":"https:\/\/uj.adatbank.ro\/lexikon\/wp-json\/wp\/v2\/comments?post=20909"}],"wp:attachment":[{"href":"https:\/\/uj.adatbank.ro\/lexikon\/wp-json\/wp\/v2\/media?parent=20909"}],"wp:term":[{"taxonomy":"product_brand","embeddable":true,"href":"https:\/\/uj.adatbank.ro\/lexikon\/wp-json\/wp\/v2\/product_brand?post=20909"},{"taxonomy":"product_cat","embeddable":true,"href":"https:\/\/uj.adatbank.ro\/lexikon\/wp-json\/wp\/v2\/product_cat?post=20909"},{"taxonomy":"product_tag","embeddable":true,"href":"https:\/\/uj.adatbank.ro\/lexikon\/wp-json\/wp\/v2\/product_tag?post=20909"}],"curies":[{"name":"wp","href":"https:\/\/api.w.org\/{rel}","templated":true}]}}