{"id":20918,"date":"2025-07-22T19:06:34","date_gmt":"2025-07-22T17:06:34","guid":{"rendered":"https:\/\/uj.adatbank.ro\/lexikon\/termek\/suciu-aurel\/"},"modified":"2025-07-22T19:06:34","modified_gmt":"2025-07-22T17:06:34","slug":"suciu-aurel","status":"publish","type":"product","link":"https:\/\/uj.adatbank.ro\/lexikon\/termek\/suciu-aurel\/","title":{"rendered":"SUCIU, Aurel"},"content":{"rendered":"<p>Magyarb\u00fckk\u00f6s, 1853., \u2020 Arad, 1898. febr. 14.: \u00fcgyv\u00e9d, politikus. \u2013 A nemzeti Bizotts\u00e1g tagja, t\u00e1mogat\u00f3ja a Memorandumnak. Irod.: \u2013 Predescu (1999).<\/br><\/p>\n","protected":false},"excerpt":{"rendered":"<p>Magyarb\u00fckk\u00f6s, 1853., \u2020 Arad, 1898. febr. 14.: \u00fcgyv\u00e9d, politikus. \u2013 A nemzeti Bizotts\u00e1g tagja, t\u00e1mogat\u00f3ja a Memorandumnak. Irod.: \u2013 Predescu (1999).<\/p>\n","protected":false},"featured_media":0,"comment_status":"open","ping_status":"closed","template":"","meta":[],"product_brand":[],"product_cat":[137],"product_tag":[],"class_list":{"0":"post-20918","1":"product","2":"type-product","3":"status-publish","5":"product_cat-maros-megyei-eletrajzi-lexikon","7":"first","8":"instock","9":"shipping-taxable","10":"product-type-simple"},"_links":{"self":[{"href":"https:\/\/uj.adatbank.ro\/lexikon\/wp-json\/wp\/v2\/product\/20918","targetHints":{"allow":["GET"]}}],"collection":[{"href":"https:\/\/uj.adatbank.ro\/lexikon\/wp-json\/wp\/v2\/product"}],"about":[{"href":"https:\/\/uj.adatbank.ro\/lexikon\/wp-json\/wp\/v2\/types\/product"}],"replies":[{"embeddable":true,"href":"https:\/\/uj.adatbank.ro\/lexikon\/wp-json\/wp\/v2\/comments?post=20918"}],"wp:attachment":[{"href":"https:\/\/uj.adatbank.ro\/lexikon\/wp-json\/wp\/v2\/media?parent=20918"}],"wp:term":[{"taxonomy":"product_brand","embeddable":true,"href":"https:\/\/uj.adatbank.ro\/lexikon\/wp-json\/wp\/v2\/product_brand?post=20918"},{"taxonomy":"product_cat","embeddable":true,"href":"https:\/\/uj.adatbank.ro\/lexikon\/wp-json\/wp\/v2\/product_cat?post=20918"},{"taxonomy":"product_tag","embeddable":true,"href":"https:\/\/uj.adatbank.ro\/lexikon\/wp-json\/wp\/v2\/product_tag?post=20918"}],"curies":[{"name":"wp","href":"https:\/\/api.w.org\/{rel}","templated":true}]}}