{"id":20920,"date":"2025-07-22T19:06:38","date_gmt":"2025-07-22T17:06:38","guid":{"rendered":"https:\/\/uj.adatbank.ro\/lexikon\/termek\/suciu-dumitru-2\/"},"modified":"2025-07-22T19:06:38","modified_gmt":"2025-07-22T17:06:38","slug":"suciu-dumitru-2","status":"publish","type":"product","link":"https:\/\/uj.adatbank.ro\/lexikon\/termek\/suciu-dumitru-2\/","title":{"rendered":"SUCIU, Dumitru"},"content":{"rendered":"<p>Ny\u00e1r\u00e1dt\u0151, 1921. nov. 20., \u2020?: templomi k\u00e1ntor, kult\u00farmunk\u00e1s. \u2013 Folkl\u00f3r gy\u0171jt\u00e9ssel is foglalkozott Ny\u00e1r\u00e1dt\u0151 \u00e9s k\u00f6rny\u00e9k\u00e9n. <br \/><strong>Irod.:<\/strong> Con\u0163iu, V.: Florile dalbe, flori de m\u0103r.<\/br><\/p>\n","protected":false},"excerpt":{"rendered":"<p>Ny\u00e1r\u00e1dt\u0151, 1921. nov. 20., \u2020?: templomi k\u00e1ntor, kult\u00farmunk\u00e1s. \u2013 Folkl\u00f3r gy\u0171jt\u00e9ssel is foglalkozott Ny\u00e1r\u00e1dt\u0151 \u00e9s k\u00f6rny\u00e9k\u00e9n. Irod.: Con\u0163iu, V.: Florile dalbe, flori de m\u0103r.<\/p>\n","protected":false},"featured_media":0,"comment_status":"open","ping_status":"closed","template":"","meta":[],"product_brand":[],"product_cat":[137],"product_tag":[],"class_list":{"0":"post-20920","1":"product","2":"type-product","3":"status-publish","5":"product_cat-maros-megyei-eletrajzi-lexikon","7":"first","8":"instock","9":"shipping-taxable","10":"product-type-simple"},"_links":{"self":[{"href":"https:\/\/uj.adatbank.ro\/lexikon\/wp-json\/wp\/v2\/product\/20920","targetHints":{"allow":["GET"]}}],"collection":[{"href":"https:\/\/uj.adatbank.ro\/lexikon\/wp-json\/wp\/v2\/product"}],"about":[{"href":"https:\/\/uj.adatbank.ro\/lexikon\/wp-json\/wp\/v2\/types\/product"}],"replies":[{"embeddable":true,"href":"https:\/\/uj.adatbank.ro\/lexikon\/wp-json\/wp\/v2\/comments?post=20920"}],"wp:attachment":[{"href":"https:\/\/uj.adatbank.ro\/lexikon\/wp-json\/wp\/v2\/media?parent=20920"}],"wp:term":[{"taxonomy":"product_brand","embeddable":true,"href":"https:\/\/uj.adatbank.ro\/lexikon\/wp-json\/wp\/v2\/product_brand?post=20920"},{"taxonomy":"product_cat","embeddable":true,"href":"https:\/\/uj.adatbank.ro\/lexikon\/wp-json\/wp\/v2\/product_cat?post=20920"},{"taxonomy":"product_tag","embeddable":true,"href":"https:\/\/uj.adatbank.ro\/lexikon\/wp-json\/wp\/v2\/product_tag?post=20920"}],"curies":[{"name":"wp","href":"https:\/\/api.w.org\/{rel}","templated":true}]}}