{"id":20926,"date":"2025-07-22T19:06:52","date_gmt":"2025-07-22T17:06:52","guid":{"rendered":"https:\/\/uj.adatbank.ro\/lexikon\/termek\/suciu-ioan-2\/"},"modified":"2025-07-22T19:06:52","modified_gmt":"2025-07-22T17:06:52","slug":"suciu-ioan-2","status":"publish","type":"product","link":"https:\/\/uj.adatbank.ro\/lexikon\/termek\/suciu-ioan-2\/","title":{"rendered":"SUCIU, Ioan"},"content":{"rendered":"<p>G\u00f6rg\u00e9nykakucs, 1867. nov. 4., \u2020 G\u00f6rg\u00e9nykakucs, 1936. jan. 29.: g. kat. pap, k\u00e1ntortan\u00edt\u00f3. \u2013 Tan\u00edt\u00f3k\u00e9pz\u0151t \u00e9s g. kat. teol\u00f3gi\u00e1t Bal\u00e1zsfalv\u00e1n v\u00e9gzett. Papp\u00e1 szentel\u00e9se ut\u00e1n lelk\u00e9sz Solymoson, tan\u00edt\u00f3 G\u00f6rg\u00e9nyoroszfaluban, Szentmih\u00e1lyon, Soroph\u00e1z\u00e1n. Tan\u00edt\u00f3 \u00e9s pap G\u00f6rg\u00e9nykakucsban (1894\u20131928). A gr. kat iskol\u00e1k szen\u00e1tus\u00e1nak tagja, \u00e9s a r\u00e9geni esperesi k\u00f6r tan\u00edt\u00f3i egyes\u00fclet\u00e9nek eln\u00f6ke. Az Astra tagja, oktat\u00e1spolitikai, politikai \u00e9s k\u00f6zm\u0171vel\u0151d\u00e9si el\u0151ad\u00e1sokat tartott. T\u00e1mogatta a G\u00f6rg\u00e9nyi M\u0171vel\u0151d\u00e9si K\u00f6zpontot. G\u00f6rg\u00e9nykakucs hivatalos k\u00fcld\u00f6tte a gyulafeh\u00e9rv\u00e1ri nagygy\u0171l\u00e9sen (1918. dec. 1.). A rom\u00e1n nemzeti \u00f6ntudat \u00e9bren tart\u00f3ja. K\u0151templomokat \u00e9p\u00edttetett k\u00f6zadakoz\u00e1sb\u00f3l Solymoson, Kakucson, Soroph\u00e1z\u00e1n. Soroph\u00e1z\u00e1n, a f\u00e1b\u00f3l emelt, g. kat. egyh\u00e1zi iskol\u00e1ban (1926\u201333), 75 \u2013 115 gyermeket oktatott. L\u00e9tes\u00edtett k\u00e1ntorlak\u00e1st (1884\u2013), \u00e9s vezette az anyak\u00f6nyvet, amelyet 1823-ban nyitottak meg. A parochia gondnoka is volt (1932). Tev\u00e9kenys\u00e9g\u00e9\u00e9rt kit\u00fcntett\u00e9k az egyh\u00e1zi munka elismer\u00e9se \u00e9rem I. fokozat\u00e1val (1925), az iskolai munka elismer\u00e9se \u00e9rem .I. fokozata (1926), a Rom\u00e1n Koronarend lovagja lett (1930). <br \/><strong>Irod.:<\/strong> Bosoanc\u0103; 24 ore mure\u015fene (1997. \u00e1pr. 23); Netea: Astra; Reghin, Protopopiat; \u015eerbeni; Todea 2013.<\/br><\/p>\n","protected":false},"excerpt":{"rendered":"<p>G\u00f6rg\u00e9nykakucs, 1867. nov. 4., \u2020 G\u00f6rg\u00e9nykakucs, 1936. jan. 29.: g. kat. pap, k\u00e1ntortan\u00edt\u00f3. \u2013 Tan\u00edt\u00f3k\u00e9pz\u0151t \u00e9s g. kat. teol\u00f3gi\u00e1t Bal\u00e1zsfalv\u00e1n v\u00e9gzett. Papp\u00e1 szentel\u00e9se ut\u00e1n lelk\u00e9sz Solymoson, tan\u00edt\u00f3 G\u00f6rg\u00e9nyoroszfaluban, Szentmih\u00e1lyon, Soroph\u00e1z\u00e1n. Tan\u00edt\u00f3 \u00e9s pap G\u00f6rg\u00e9nykakucsban (1894\u20131928). A gr. kat iskol\u00e1k szen\u00e1tus\u00e1nak tagja, \u00e9s a r\u00e9geni esperesi k\u00f6r tan\u00edt\u00f3i egyes\u00fclet\u00e9nek eln\u00f6ke. Az Astra tagja, oktat\u00e1spolitikai, politikai \u00e9s [&hellip;]<\/p>\n","protected":false},"featured_media":0,"comment_status":"open","ping_status":"closed","template":"","meta":[],"product_brand":[],"product_cat":[137],"product_tag":[],"class_list":{"0":"post-20926","1":"product","2":"type-product","3":"status-publish","5":"product_cat-maros-megyei-eletrajzi-lexikon","7":"first","8":"instock","9":"shipping-taxable","10":"product-type-simple"},"_links":{"self":[{"href":"https:\/\/uj.adatbank.ro\/lexikon\/wp-json\/wp\/v2\/product\/20926","targetHints":{"allow":["GET"]}}],"collection":[{"href":"https:\/\/uj.adatbank.ro\/lexikon\/wp-json\/wp\/v2\/product"}],"about":[{"href":"https:\/\/uj.adatbank.ro\/lexikon\/wp-json\/wp\/v2\/types\/product"}],"replies":[{"embeddable":true,"href":"https:\/\/uj.adatbank.ro\/lexikon\/wp-json\/wp\/v2\/comments?post=20926"}],"wp:attachment":[{"href":"https:\/\/uj.adatbank.ro\/lexikon\/wp-json\/wp\/v2\/media?parent=20926"}],"wp:term":[{"taxonomy":"product_brand","embeddable":true,"href":"https:\/\/uj.adatbank.ro\/lexikon\/wp-json\/wp\/v2\/product_brand?post=20926"},{"taxonomy":"product_cat","embeddable":true,"href":"https:\/\/uj.adatbank.ro\/lexikon\/wp-json\/wp\/v2\/product_cat?post=20926"},{"taxonomy":"product_tag","embeddable":true,"href":"https:\/\/uj.adatbank.ro\/lexikon\/wp-json\/wp\/v2\/product_tag?post=20926"}],"curies":[{"name":"wp","href":"https:\/\/api.w.org\/{rel}","templated":true}]}}