{"id":20928,"date":"2025-07-22T19:06:56","date_gmt":"2025-07-22T17:06:56","guid":{"rendered":"https:\/\/uj.adatbank.ro\/lexikon\/termek\/suciu-ioan-4\/"},"modified":"2025-07-22T19:06:56","modified_gmt":"2025-07-22T17:06:56","slug":"suciu-ioan-4","status":"publish","type":"product","link":"https:\/\/uj.adatbank.ro\/lexikon\/termek\/suciu-ioan-4\/","title":{"rendered":"SUCIU, Ioan"},"content":{"rendered":"<p>S\u00e1rm\u00e1s, 1902., \u2020?: Mv. rend\u0151rprefektusa. \u2013 Bal\u00e1zsfalv\u00e1n \u00e9retts\u00e9gizett, Kv.-on jogot v\u00e9gzett. \u00dcgyv\u00e9d volt Buk.-ben, Sz\u00e1szr\u00e9genben \u00e9s Mv.-en, majd a mv.-i rend\u0151rs\u00e9g kvesztora lett (rend\u0151rprefektus) (1928\u2013). Kv.-ra helyezt\u00e9k (1931). Az Astra, az Agru \u00e9s t\u00f6bb egyes\u00fclet tagja volt. \u00c9rdemei\u00e9rt a rom\u00e1n koronarend tiszti keresztj\u00e9vel t\u00fcntett\u00e9k ki. Tartal\u00e9kos t\u00fcz\u00e9rhadnagy volt. <br \/><strong>Irod.:<\/strong> Id\u0151t\u00e1r 3; Ki kicsoda?<\/br><\/p>\n","protected":false},"excerpt":{"rendered":"<p>S\u00e1rm\u00e1s, 1902., \u2020?: Mv. rend\u0151rprefektusa. \u2013 Bal\u00e1zsfalv\u00e1n \u00e9retts\u00e9gizett, Kv.-on jogot v\u00e9gzett. \u00dcgyv\u00e9d volt Buk.-ben, Sz\u00e1szr\u00e9genben \u00e9s Mv.-en, majd a mv.-i rend\u0151rs\u00e9g kvesztora lett (rend\u0151rprefektus) (1928\u2013). Kv.-ra helyezt\u00e9k (1931). Az Astra, az Agru \u00e9s t\u00f6bb egyes\u00fclet tagja volt. \u00c9rdemei\u00e9rt a rom\u00e1n koronarend tiszti keresztj\u00e9vel t\u00fcntett\u00e9k ki. Tartal\u00e9kos t\u00fcz\u00e9rhadnagy volt. Irod.: Id\u0151t\u00e1r 3; Ki kicsoda?<\/p>\n","protected":false},"featured_media":0,"comment_status":"open","ping_status":"closed","template":"","meta":[],"product_brand":[],"product_cat":[137],"product_tag":[],"class_list":{"0":"post-20928","1":"product","2":"type-product","3":"status-publish","5":"product_cat-maros-megyei-eletrajzi-lexikon","7":"first","8":"instock","9":"shipping-taxable","10":"product-type-simple"},"_links":{"self":[{"href":"https:\/\/uj.adatbank.ro\/lexikon\/wp-json\/wp\/v2\/product\/20928","targetHints":{"allow":["GET"]}}],"collection":[{"href":"https:\/\/uj.adatbank.ro\/lexikon\/wp-json\/wp\/v2\/product"}],"about":[{"href":"https:\/\/uj.adatbank.ro\/lexikon\/wp-json\/wp\/v2\/types\/product"}],"replies":[{"embeddable":true,"href":"https:\/\/uj.adatbank.ro\/lexikon\/wp-json\/wp\/v2\/comments?post=20928"}],"wp:attachment":[{"href":"https:\/\/uj.adatbank.ro\/lexikon\/wp-json\/wp\/v2\/media?parent=20928"}],"wp:term":[{"taxonomy":"product_brand","embeddable":true,"href":"https:\/\/uj.adatbank.ro\/lexikon\/wp-json\/wp\/v2\/product_brand?post=20928"},{"taxonomy":"product_cat","embeddable":true,"href":"https:\/\/uj.adatbank.ro\/lexikon\/wp-json\/wp\/v2\/product_cat?post=20928"},{"taxonomy":"product_tag","embeddable":true,"href":"https:\/\/uj.adatbank.ro\/lexikon\/wp-json\/wp\/v2\/product_tag?post=20928"}],"curies":[{"name":"wp","href":"https:\/\/api.w.org\/{rel}","templated":true}]}}