{"id":20930,"date":"2025-07-22T19:07:00","date_gmt":"2025-07-22T17:07:00","guid":{"rendered":"https:\/\/uj.adatbank.ro\/lexikon\/termek\/suciu-ioan-6\/"},"modified":"2025-07-22T19:07:00","modified_gmt":"2025-07-22T17:07:00","slug":"suciu-ioan-6","status":"publish","type":"product","link":"https:\/\/uj.adatbank.ro\/lexikon\/termek\/suciu-ioan-6\/","title":{"rendered":"SUCIU, Ioan"},"content":{"rendered":"<p>Egerbegy, 1931. jan. 11., \u2020\u00a0Nagyszeben, 2005.: alezredes. \u2013 Hadnagy (1954), f\u0151hadnagy (1957), sz\u00e1zados (1965), \u0151rnagy (1974), alezredes (1977). V\u00e2lcea Tartom\u00e1nyi Securitate (1951\u201352), Arge\u015f \/ Pite\u015fti Tartom\u00e1nyi Securitate (1952\u201355), Brass\u00f3 \/ Szt\u00e1lin Tartom\u00e1nyi Securitate (1955\u201359), MAT \/ MMAT Securitate-n (1959\u201368), Dics\u0151szentm\u00e1rton Rajoni Securitate-n f\u0151hadnagy (1961), sz\u00e1zados (1965). Kov\u00e1szna Megyei Securitate (1968\u201370), Szeben Megyei Securitate illetve a Bel\u00fcgyminiszt\u00e9rium Szeben Megyei Fel\u00fcgyel\u0151s\u00e9ge munkat\u00e1rsa (1970\u201378). Tartal\u00e9kba helyezt\u00e9k (1978. okt. 31.). <br \/><strong>Irod.:<\/strong> Bartos 2012; Gagyi J\u00f3zsef: Egy munkaterv 1952-b\u0151l: A MAT sz\u00fclet\u00e9se (Sz\u00e9kelyf\u00f6ld, 9. sz., 2002. szept.). http: \/\/www.cnsas.ro\/documente\/cadrele_securitatii\/SUCIU%20A%20IOAN.pdf.<\/br><\/p>\n","protected":false},"excerpt":{"rendered":"<p>Egerbegy, 1931. jan. 11., \u2020\u00a0Nagyszeben, 2005.: alezredes. \u2013 Hadnagy (1954), f\u0151hadnagy (1957), sz\u00e1zados (1965), \u0151rnagy (1974), alezredes (1977). V\u00e2lcea Tartom\u00e1nyi Securitate (1951\u201352), Arge\u015f \/ Pite\u015fti Tartom\u00e1nyi Securitate (1952\u201355), Brass\u00f3 \/ Szt\u00e1lin Tartom\u00e1nyi Securitate (1955\u201359), MAT \/ MMAT Securitate-n (1959\u201368), Dics\u0151szentm\u00e1rton Rajoni Securitate-n f\u0151hadnagy (1961), sz\u00e1zados (1965). Kov\u00e1szna Megyei Securitate (1968\u201370), Szeben Megyei Securitate illetve a [&hellip;]<\/p>\n","protected":false},"featured_media":0,"comment_status":"open","ping_status":"closed","template":"","meta":[],"product_brand":[],"product_cat":[137],"product_tag":[],"class_list":{"0":"post-20930","1":"product","2":"type-product","3":"status-publish","5":"product_cat-maros-megyei-eletrajzi-lexikon","7":"first","8":"instock","9":"shipping-taxable","10":"product-type-simple"},"_links":{"self":[{"href":"https:\/\/uj.adatbank.ro\/lexikon\/wp-json\/wp\/v2\/product\/20930","targetHints":{"allow":["GET"]}}],"collection":[{"href":"https:\/\/uj.adatbank.ro\/lexikon\/wp-json\/wp\/v2\/product"}],"about":[{"href":"https:\/\/uj.adatbank.ro\/lexikon\/wp-json\/wp\/v2\/types\/product"}],"replies":[{"embeddable":true,"href":"https:\/\/uj.adatbank.ro\/lexikon\/wp-json\/wp\/v2\/comments?post=20930"}],"wp:attachment":[{"href":"https:\/\/uj.adatbank.ro\/lexikon\/wp-json\/wp\/v2\/media?parent=20930"}],"wp:term":[{"taxonomy":"product_brand","embeddable":true,"href":"https:\/\/uj.adatbank.ro\/lexikon\/wp-json\/wp\/v2\/product_brand?post=20930"},{"taxonomy":"product_cat","embeddable":true,"href":"https:\/\/uj.adatbank.ro\/lexikon\/wp-json\/wp\/v2\/product_cat?post=20930"},{"taxonomy":"product_tag","embeddable":true,"href":"https:\/\/uj.adatbank.ro\/lexikon\/wp-json\/wp\/v2\/product_tag?post=20930"}],"curies":[{"name":"wp","href":"https:\/\/api.w.org\/{rel}","templated":true}]}}