{"id":20931,"date":"2025-07-22T19:07:01","date_gmt":"2025-07-22T17:07:01","guid":{"rendered":"https:\/\/uj.adatbank.ro\/lexikon\/termek\/suciu-liviu\/"},"modified":"2025-07-22T19:07:01","modified_gmt":"2025-07-22T17:07:01","slug":"suciu-liviu","status":"publish","type":"product","link":"https:\/\/uj.adatbank.ro\/lexikon\/termek\/suciu-liviu\/","title":{"rendered":"SUCIU, Liviu"},"content":{"rendered":"<p>S\u00f6v\u00e9nyfalva, 1928. aug.2., \u2020 S\u00f6v\u00e9nyfalva, 1977. aug. 2.: agr\u00e1rm\u00e9rn\u00f6k, \u00edr\u00f3, k\u00f6lt\u0151. \u2013 Az egyetemet Kv.-on v\u00e9gezte a Mez\u0151gazdas\u00e1gi Akad\u00e9mi\u00e1n. Beb\u00f6rt\u00f6n\u00f6zt\u00e9k (1952\u201353). Dics\u0151szentm\u00e1rtonban agr\u00e1rm\u00e9rn\u00f6k volt. Els\u0151 \u00edr\u00e1sai a Lupta Ardealului c. \u00fajs\u00e1g mell\u00e9klet\u00e9ben jelentek meg, k\u00f6z\u00f6lt m\u00e9g elbesz\u00e9l\u00e9seket, rajzokat, reg\u00e9nyr\u00e9szleteket az Almanahul literarban. K\u00f6z\u00f6lt a: 24 ore mure\u015fene, T\u00e2rnava, Rom\u00e2nia liber\u0103, 22. Megirta sz\u00fcl\u0151faluja monogr\u00e1fi\u00e1j\u00e1t. \u2013 <strong><strong>F. m.<\/strong><\/strong>: Poezii (8. k\u00f6t); Fii t\u00e2mplarului (1955\u201356); Cuibul de ciori (1976\u201377); S\u0103 nu min\u0163i niciodat\u0103 (elkobozt\u00e1k letart\u00f3ztat\u00e1sakor); Boabe de gr\u00e2u; Poveste de pe Valea T\u00e2rnavei (szint\u00e9n elkobozva); Anii tineri, Valea care m-a durut; Maria Lepindea; T\u00e2rnava mic\u0103. <br \/><strong>Irod.:<\/strong> C.l. (1997. aug. 7.; 2000. okt. 3.), Damian, Ion: Monografia ora\u015fului T\u00e2rn\u0103veni; T\u00e2rn\u0103veni, cult.\u2013ist.<\/br><\/p>\n","protected":false},"excerpt":{"rendered":"<p>S\u00f6v\u00e9nyfalva, 1928. aug.2., \u2020 S\u00f6v\u00e9nyfalva, 1977. aug. 2.: agr\u00e1rm\u00e9rn\u00f6k, \u00edr\u00f3, k\u00f6lt\u0151. \u2013 Az egyetemet Kv.-on v\u00e9gezte a Mez\u0151gazdas\u00e1gi Akad\u00e9mi\u00e1n. Beb\u00f6rt\u00f6n\u00f6zt\u00e9k (1952\u201353). Dics\u0151szentm\u00e1rtonban agr\u00e1rm\u00e9rn\u00f6k volt. Els\u0151 \u00edr\u00e1sai a Lupta Ardealului c. \u00fajs\u00e1g mell\u00e9klet\u00e9ben jelentek meg, k\u00f6z\u00f6lt m\u00e9g elbesz\u00e9l\u00e9seket, rajzokat, reg\u00e9nyr\u00e9szleteket az Almanahul literarban. K\u00f6z\u00f6lt a: 24 ore mure\u015fene, T\u00e2rnava, Rom\u00e2nia liber\u0103, 22. Megirta sz\u00fcl\u0151faluja monogr\u00e1fi\u00e1j\u00e1t. \u2013 [&hellip;]<\/p>\n","protected":false},"featured_media":0,"comment_status":"open","ping_status":"closed","template":"","meta":[],"product_brand":[],"product_cat":[137],"product_tag":[],"class_list":{"0":"post-20931","1":"product","2":"type-product","3":"status-publish","5":"product_cat-maros-megyei-eletrajzi-lexikon","7":"first","8":"instock","9":"shipping-taxable","10":"product-type-simple"},"_links":{"self":[{"href":"https:\/\/uj.adatbank.ro\/lexikon\/wp-json\/wp\/v2\/product\/20931","targetHints":{"allow":["GET"]}}],"collection":[{"href":"https:\/\/uj.adatbank.ro\/lexikon\/wp-json\/wp\/v2\/product"}],"about":[{"href":"https:\/\/uj.adatbank.ro\/lexikon\/wp-json\/wp\/v2\/types\/product"}],"replies":[{"embeddable":true,"href":"https:\/\/uj.adatbank.ro\/lexikon\/wp-json\/wp\/v2\/comments?post=20931"}],"wp:attachment":[{"href":"https:\/\/uj.adatbank.ro\/lexikon\/wp-json\/wp\/v2\/media?parent=20931"}],"wp:term":[{"taxonomy":"product_brand","embeddable":true,"href":"https:\/\/uj.adatbank.ro\/lexikon\/wp-json\/wp\/v2\/product_brand?post=20931"},{"taxonomy":"product_cat","embeddable":true,"href":"https:\/\/uj.adatbank.ro\/lexikon\/wp-json\/wp\/v2\/product_cat?post=20931"},{"taxonomy":"product_tag","embeddable":true,"href":"https:\/\/uj.adatbank.ro\/lexikon\/wp-json\/wp\/v2\/product_tag?post=20931"}],"curies":[{"name":"wp","href":"https:\/\/api.w.org\/{rel}","templated":true}]}}