{"id":20935,"date":"2025-07-22T19:07:11","date_gmt":"2025-07-22T17:07:11","guid":{"rendered":"https:\/\/uj.adatbank.ro\/lexikon\/termek\/suciu-nicolae-s-%c2%a7-suciu-i-sandru-neculai\/"},"modified":"2025-07-22T19:07:11","modified_gmt":"2025-07-22T17:07:11","slug":"suciu-nicolae-s-%c2%a7-suciu-i-sandru-neculai","status":"publish","type":"product","link":"https:\/\/uj.adatbank.ro\/lexikon\/termek\/suciu-nicolae-s-%c2%a7-suciu-i-sandru-neculai\/","title":{"rendered":"SUCIU, Nicolae S., \u00a7 Suciu I. \u015eandru Neculai"},"content":{"rendered":"<p>Csufud, 1885. \u00e1pr. 7., \u2020 Marosszentgy\u00f6rgy, 1955. j\u00fal. 5.: tan\u00edt\u00f3. \u2013 Tan\u00edt\u00f3i oklevelet Bal\u00e1zsfalv\u00e1n szerzett. Marosszentgy\u00f6rgy\u00f6n tan\u00edtott (1901\u201314). Ir\u00e1ny\u00edt\u00e1s\u00e1val m\u0171k\u00f6d\u00f6tt a rom\u00e1n f\u00e9rfik\u00f3rus a rom\u00e1n felekezeti iskola keret\u00e9ben (1911). R\u00e9szt vett az I. vh.-ban. A h\u00e1bor\u00fa ut\u00e1n is Marosszentgy\u00f6rgyre t\u00e9rt vissza. \u00c9l\u00e9nk kult\u00farmunk\u00e1t v\u00e9gzett, k\u00f3rust, sz\u00ednj\u00e1tsz\u00f3csoportot vezetett. Nyugd\u00edjaz\u00e1s\u00e1ig Mv.-en tan\u00edtott (1919\u2013). A N\u00e9pp\u00e1rt sz\u00edneiben parlamenti k\u00e9pvisel\u0151 (1920\u201322), a N\u00e9pnevel\u0151 Oktat\u00e1si Bizotts\u00e1g tagja (1923\u201325), majd a Tan\u00edt\u00f3k Sz\u00f6vets\u00e9g\u00e9nek eln\u00f6ke Mv.-en (1925\u2013). Maros-Torda megye altanfel\u00fcgyel\u0151je (1924\u201327), eln\u00f6ke a Progresul Sz\u00f6vetkezet adminisztrat\u00edv bizotts\u00e1g\u00e1nak (1938\u2013). <br \/><strong>Irod.:<\/strong> Dasc\u0103li mure\u015feni, 1.; Id\u0151t\u00e1r 3.; Opri\u015f-Moldovan; S\u00e2ngeorgiu de Mure\u015f; S\u00e2ngeorgiu de Mure\u015f \u2013 \u015ecoala.<\/br><\/p>\n","protected":false},"excerpt":{"rendered":"<p>Csufud, 1885. \u00e1pr. 7., \u2020 Marosszentgy\u00f6rgy, 1955. j\u00fal. 5.: tan\u00edt\u00f3. \u2013 Tan\u00edt\u00f3i oklevelet Bal\u00e1zsfalv\u00e1n szerzett. Marosszentgy\u00f6rgy\u00f6n tan\u00edtott (1901\u201314). Ir\u00e1ny\u00edt\u00e1s\u00e1val m\u0171k\u00f6d\u00f6tt a rom\u00e1n f\u00e9rfik\u00f3rus a rom\u00e1n felekezeti iskola keret\u00e9ben (1911). R\u00e9szt vett az I. vh.-ban. A h\u00e1bor\u00fa ut\u00e1n is Marosszentgy\u00f6rgyre t\u00e9rt vissza. \u00c9l\u00e9nk kult\u00farmunk\u00e1t v\u00e9gzett, k\u00f3rust, sz\u00ednj\u00e1tsz\u00f3csoportot vezetett. Nyugd\u00edjaz\u00e1s\u00e1ig Mv.-en tan\u00edtott (1919\u2013). A N\u00e9pp\u00e1rt sz\u00edneiben parlamenti [&hellip;]<\/p>\n","protected":false},"featured_media":0,"comment_status":"open","ping_status":"closed","template":"","meta":[],"product_brand":[],"product_cat":[137],"product_tag":[],"class_list":{"0":"post-20935","1":"product","2":"type-product","3":"status-publish","5":"product_cat-maros-megyei-eletrajzi-lexikon","7":"first","8":"instock","9":"shipping-taxable","10":"product-type-simple"},"_links":{"self":[{"href":"https:\/\/uj.adatbank.ro\/lexikon\/wp-json\/wp\/v2\/product\/20935","targetHints":{"allow":["GET"]}}],"collection":[{"href":"https:\/\/uj.adatbank.ro\/lexikon\/wp-json\/wp\/v2\/product"}],"about":[{"href":"https:\/\/uj.adatbank.ro\/lexikon\/wp-json\/wp\/v2\/types\/product"}],"replies":[{"embeddable":true,"href":"https:\/\/uj.adatbank.ro\/lexikon\/wp-json\/wp\/v2\/comments?post=20935"}],"wp:attachment":[{"href":"https:\/\/uj.adatbank.ro\/lexikon\/wp-json\/wp\/v2\/media?parent=20935"}],"wp:term":[{"taxonomy":"product_brand","embeddable":true,"href":"https:\/\/uj.adatbank.ro\/lexikon\/wp-json\/wp\/v2\/product_brand?post=20935"},{"taxonomy":"product_cat","embeddable":true,"href":"https:\/\/uj.adatbank.ro\/lexikon\/wp-json\/wp\/v2\/product_cat?post=20935"},{"taxonomy":"product_tag","embeddable":true,"href":"https:\/\/uj.adatbank.ro\/lexikon\/wp-json\/wp\/v2\/product_tag?post=20935"}],"curies":[{"name":"wp","href":"https:\/\/api.w.org\/{rel}","templated":true}]}}