{"id":20936,"date":"2025-07-22T19:07:12","date_gmt":"2025-07-22T17:07:12","guid":{"rendered":"https:\/\/uj.adatbank.ro\/lexikon\/termek\/suciu-pavel\/"},"modified":"2025-07-22T19:07:12","modified_gmt":"2025-07-22T17:07:12","slug":"suciu-pavel","status":"publish","type":"product","link":"https:\/\/uj.adatbank.ro\/lexikon\/termek\/suciu-pavel\/","title":{"rendered":"SUCIU, Pavel"},"content":{"rendered":"<p>? \u2020?: ort. pap Gernyeszegen (1907\u201320 \u00e9s 1932\u201340). Szolg\u00e1lata idej\u00e9ben megszerezte a r\u00e9gi fatemplom lebont\u00e1si enged\u00e9ly\u00e9t, amelynek a hely\u00e9re \u00faj id\u0151t\u00e1ll\u00f3 templomot \u00e9p\u00edtettek (1910\u201312.). A templom terveit a r\u00e9geni Ferenczy B\u00e9la, m\u00e9rn\u00f6k, k\u00e9sz\u00edtette. A k\u00f6lts\u00e9geket a falu rom\u00e1n \u00e9s m. lakoss\u00e1ga \u00e9s a k\u00f6rnyez\u0151 falvak gy\u0171jt\u00e9s\u00e9b\u0151l \u00e1llt\u00e1k. Nicolae Ivan p\u00fcsp\u00f6k szentelte fel \u00e9s a Sfin\u0163ii Arhangheli Mihai \u015fi Gavrilnak aj\u00e1lott\u00e1k fel (1912. nov. 8.). Ugyanabban az \u00e9vben \u00e9p\u00edtettek par\u00f3kia\u00e9p\u00fcletet is. <br \/><strong>Irod.:<\/strong> \u015eincan 2006.<\/br><\/p>\n","protected":false},"excerpt":{"rendered":"<p>? \u2020?: ort. pap Gernyeszegen (1907\u201320 \u00e9s 1932\u201340). Szolg\u00e1lata idej\u00e9ben megszerezte a r\u00e9gi fatemplom lebont\u00e1si enged\u00e9ly\u00e9t, amelynek a hely\u00e9re \u00faj id\u0151t\u00e1ll\u00f3 templomot \u00e9p\u00edtettek (1910\u201312.). A templom terveit a r\u00e9geni Ferenczy B\u00e9la, m\u00e9rn\u00f6k, k\u00e9sz\u00edtette. A k\u00f6lts\u00e9geket a falu rom\u00e1n \u00e9s m. lakoss\u00e1ga \u00e9s a k\u00f6rnyez\u0151 falvak gy\u0171jt\u00e9s\u00e9b\u0151l \u00e1llt\u00e1k. Nicolae Ivan p\u00fcsp\u00f6k szentelte fel \u00e9s a Sfin\u0163ii [&hellip;]<\/p>\n","protected":false},"featured_media":0,"comment_status":"open","ping_status":"closed","template":"","meta":[],"product_brand":[],"product_cat":[137],"product_tag":[],"class_list":{"0":"post-20936","1":"product","2":"type-product","3":"status-publish","5":"product_cat-maros-megyei-eletrajzi-lexikon","7":"first","8":"instock","9":"shipping-taxable","10":"product-type-simple"},"_links":{"self":[{"href":"https:\/\/uj.adatbank.ro\/lexikon\/wp-json\/wp\/v2\/product\/20936","targetHints":{"allow":["GET"]}}],"collection":[{"href":"https:\/\/uj.adatbank.ro\/lexikon\/wp-json\/wp\/v2\/product"}],"about":[{"href":"https:\/\/uj.adatbank.ro\/lexikon\/wp-json\/wp\/v2\/types\/product"}],"replies":[{"embeddable":true,"href":"https:\/\/uj.adatbank.ro\/lexikon\/wp-json\/wp\/v2\/comments?post=20936"}],"wp:attachment":[{"href":"https:\/\/uj.adatbank.ro\/lexikon\/wp-json\/wp\/v2\/media?parent=20936"}],"wp:term":[{"taxonomy":"product_brand","embeddable":true,"href":"https:\/\/uj.adatbank.ro\/lexikon\/wp-json\/wp\/v2\/product_brand?post=20936"},{"taxonomy":"product_cat","embeddable":true,"href":"https:\/\/uj.adatbank.ro\/lexikon\/wp-json\/wp\/v2\/product_cat?post=20936"},{"taxonomy":"product_tag","embeddable":true,"href":"https:\/\/uj.adatbank.ro\/lexikon\/wp-json\/wp\/v2\/product_tag?post=20936"}],"curies":[{"name":"wp","href":"https:\/\/api.w.org\/{rel}","templated":true}]}}