{"id":20939,"date":"2025-07-22T19:07:19","date_gmt":"2025-07-22T17:07:19","guid":{"rendered":"https:\/\/uj.adatbank.ro\/lexikon\/termek\/suciu-sever-%c2%a7\/"},"modified":"2025-07-22T19:07:19","modified_gmt":"2025-07-22T17:07:19","slug":"suciu-sever-%c2%a7","status":"publish","type":"product","link":"https:\/\/uj.adatbank.ro\/lexikon\/termek\/suciu-sever-%c2%a7\/","title":{"rendered":"SUCIU, Sever, \u00a7"},"content":{"rendered":"<p>Gombostelke, 1924. febr. 17., \u2020 Dics\u0151szentm\u00e1rton, 1997. aug. 2.: szobr\u00e1sz, fafarag\u00f3. \u2013 7 elemit v\u00e9gzett, autodidaktak\u00e9nt filoz\u00f3fi\u00e1t, m\u0171v\u00e9szett\u00f6rt\u00e9netet \u00e9s eszt\u00e9tik\u00e1t tanult. \u00d6nszorgalomb\u00f3l kezdett szobr\u00e1szkodni, k\u0151- \u00e9s fa szobrai vannak. Monument\u00e1lis fafaragv\u00e1nyai hazai t\u00f6rt\u00e9nelmi \u00e9s filozofikus t\u00e9m\u00e1kat jelen\u00edtenek meg, a dics\u0151szentm\u00e1rtoni M\u0171vel\u0151d\u00e9si H\u00e1z t\u00f6bb m\u0171v\u00e9t megv\u00e1s\u00e1rolta. Faragv\u00e1nyaival \u00e9s olajfestm\u00e9nyekkel rendszeresen vett r\u00e9szt hazai ki\u00e1ll\u00edt\u00e1sokon (1971\u201385). Orsz\u00e1gos I. d\u00edjat nyert Buk.-ben (1983 \u00e9s 1985), Pite\u015fti-n a naiv m\u0171v\u00e9szeti ki\u00e1ll\u00edt\u00e1son (1983) \u00e9s Kv.-on az orsz\u00e1gos k\u00e9pz\u0151m\u0171v\u00e9szeti ki\u00e1ll\u00edt\u00e1son (1987). Tagja volt a KMMSZ-nek (1984\u2013). Mint szobr\u00e1szt, a K\u00fck\u00fcll\u0151k Br\u00e2ncu\u015fi-\u00e1nak nevezik. Alkot\u00e1sait hal\u00e1la ut\u00e1n R\u0103zvan Ducan, \u00edr\u00f3 \u00f6sszegy\u0171jt\u00f6tte, \u00e9s a dics\u0151i Mihai Eminescu Kult\u00farh\u00e1z el\u0151csarnok\u00e1ban l\u00e9trehozta Dics\u0151szentm\u00e1rton els\u0151 \u00e1lland\u00f3 jelenkori m\u0171v\u00e9szeti gal\u00e9ri\u00e1j\u00e1t (2001. m\u00e1j. 31.). Ugyanakkor post mortem, a v\u00e1ros d\u00edszpolg\u00e1ra c\u00edmet adom\u00e1nyozt\u00e1k neki. Sz\u00e1mos szimp\u00f3ziumot, megeml\u00e9kez\u00e9st \u00e9s \u00e9rt\u00e9kel\u00e9st tartottak a m\u0171v\u00e9szr\u0151l. Neve felt\u0171nik Ausztri\u00e1ban a Herbert Wiesner \u00e1ltal kiadott Rom\u00e1niai naiv m\u0171v\u00e9szek katal\u00f3gus\u00e1ban is (2002). \u2013 <strong>F. m.<\/strong>: fa szobrai: \u00c9let f\u00e1ja (1979), a K\u00e1rp\u00e1tok cs\u00e1sz\u00e1ra \u00e9s a Szeg\u00e9ny apostol (1981), Iov (1983), D\u00e1k alleg\u00f3ria (Alegorie dacica), A zene kir\u00e1lyn\u0151je (1984); k\u0151 szobrai: Az egyes\u00fcl\u00e9s \u00f6r\u00f6me, Antik egyens\u00faly, F\u00e1jdalom, A filoz\u00f3fusok sz\u00fclet\u00e9se (1984\u201396), stb. <br \/><strong>Irod.:<\/strong> AAPM; C.L. (2000. febr. 15.; 2001 febr. 14.; 2002. febr. 15.: 2004. febr. 17.); T\u00e2rnava (1992\/3); Moldovan, Iuliu: Art\u0103 plastic\u0103 t\u00e2rn\u0103vean\u0103: repere culturale (Tg. M., 2008); Opri\u015f 2018; T\u00e2rn\u0103veni, cult. \u2013 ist.; Todea 2013.<\/br><\/p>\n","protected":false},"excerpt":{"rendered":"<p>Gombostelke, 1924. febr. 17., \u2020 Dics\u0151szentm\u00e1rton, 1997. aug. 2.: szobr\u00e1sz, fafarag\u00f3. \u2013 7 elemit v\u00e9gzett, autodidaktak\u00e9nt filoz\u00f3fi\u00e1t, m\u0171v\u00e9szett\u00f6rt\u00e9netet \u00e9s eszt\u00e9tik\u00e1t tanult. \u00d6nszorgalomb\u00f3l kezdett szobr\u00e1szkodni, k\u0151- \u00e9s fa szobrai vannak. Monument\u00e1lis fafaragv\u00e1nyai hazai t\u00f6rt\u00e9nelmi \u00e9s filozofikus t\u00e9m\u00e1kat jelen\u00edtenek meg, a dics\u0151szentm\u00e1rtoni M\u0171vel\u0151d\u00e9si H\u00e1z t\u00f6bb m\u0171v\u00e9t megv\u00e1s\u00e1rolta. Faragv\u00e1nyaival \u00e9s olajfestm\u00e9nyekkel rendszeresen vett r\u00e9szt hazai ki\u00e1ll\u00edt\u00e1sokon (1971\u201385). Orsz\u00e1gos [&hellip;]<\/p>\n","protected":false},"featured_media":0,"comment_status":"open","ping_status":"closed","template":"","meta":[],"product_brand":[],"product_cat":[137],"product_tag":[],"class_list":{"0":"post-20939","1":"product","2":"type-product","3":"status-publish","5":"product_cat-maros-megyei-eletrajzi-lexikon","7":"first","8":"instock","9":"shipping-taxable","10":"product-type-simple"},"_links":{"self":[{"href":"https:\/\/uj.adatbank.ro\/lexikon\/wp-json\/wp\/v2\/product\/20939","targetHints":{"allow":["GET"]}}],"collection":[{"href":"https:\/\/uj.adatbank.ro\/lexikon\/wp-json\/wp\/v2\/product"}],"about":[{"href":"https:\/\/uj.adatbank.ro\/lexikon\/wp-json\/wp\/v2\/types\/product"}],"replies":[{"embeddable":true,"href":"https:\/\/uj.adatbank.ro\/lexikon\/wp-json\/wp\/v2\/comments?post=20939"}],"wp:attachment":[{"href":"https:\/\/uj.adatbank.ro\/lexikon\/wp-json\/wp\/v2\/media?parent=20939"}],"wp:term":[{"taxonomy":"product_brand","embeddable":true,"href":"https:\/\/uj.adatbank.ro\/lexikon\/wp-json\/wp\/v2\/product_brand?post=20939"},{"taxonomy":"product_cat","embeddable":true,"href":"https:\/\/uj.adatbank.ro\/lexikon\/wp-json\/wp\/v2\/product_cat?post=20939"},{"taxonomy":"product_tag","embeddable":true,"href":"https:\/\/uj.adatbank.ro\/lexikon\/wp-json\/wp\/v2\/product_tag?post=20939"}],"curies":[{"name":"wp","href":"https:\/\/api.w.org\/{rel}","templated":true}]}}