{"id":20947,"date":"2025-07-22T19:07:38","date_gmt":"2025-07-22T17:07:38","guid":{"rendered":"https:\/\/uj.adatbank.ro\/lexikon\/termek\/suciu-victor-2\/"},"modified":"2025-07-22T19:07:38","modified_gmt":"2025-07-22T17:07:38","slug":"suciu-victor-2","status":"publish","type":"product","link":"https:\/\/uj.adatbank.ro\/lexikon\/termek\/suciu-victor-2\/","title":{"rendered":"SUCIU, Victor"},"content":{"rendered":"<p>Sz\u00e1szr\u00e9gen, 1912. aug.18. \u2020?: katonatiszt. \u2013 Hegyivad\u00e1sz ezredes Piatra Neam\u0163on. A rom\u00e1n hadsereggel r\u00e9szt vett a II. vh.-ban a keleti fronton (1944. j\u00fal. 17.\u2013), \u00e9s a nyugati fronton Csehszlov\u00e1ki\u00e1ban (1945. m\u00e1j. 9.-ig). H\u00e9t alkalommal t\u00fcntett\u00e9k ki. <br \/><strong>Irod.:<\/strong> Reghin, militari.<\/br><\/p>\n","protected":false},"excerpt":{"rendered":"<p>Sz\u00e1szr\u00e9gen, 1912. aug.18. \u2020?: katonatiszt. \u2013 Hegyivad\u00e1sz ezredes Piatra Neam\u0163on. A rom\u00e1n hadsereggel r\u00e9szt vett a II. vh.-ban a keleti fronton (1944. j\u00fal. 17.\u2013), \u00e9s a nyugati fronton Csehszlov\u00e1ki\u00e1ban (1945. m\u00e1j. 9.-ig). H\u00e9t alkalommal t\u00fcntett\u00e9k ki. Irod.: Reghin, militari.<\/p>\n","protected":false},"featured_media":0,"comment_status":"open","ping_status":"closed","template":"","meta":[],"product_brand":[],"product_cat":[137],"product_tag":[],"class_list":{"0":"post-20947","1":"product","2":"type-product","3":"status-publish","5":"product_cat-maros-megyei-eletrajzi-lexikon","7":"first","8":"instock","9":"shipping-taxable","10":"product-type-simple"},"_links":{"self":[{"href":"https:\/\/uj.adatbank.ro\/lexikon\/wp-json\/wp\/v2\/product\/20947","targetHints":{"allow":["GET"]}}],"collection":[{"href":"https:\/\/uj.adatbank.ro\/lexikon\/wp-json\/wp\/v2\/product"}],"about":[{"href":"https:\/\/uj.adatbank.ro\/lexikon\/wp-json\/wp\/v2\/types\/product"}],"replies":[{"embeddable":true,"href":"https:\/\/uj.adatbank.ro\/lexikon\/wp-json\/wp\/v2\/comments?post=20947"}],"wp:attachment":[{"href":"https:\/\/uj.adatbank.ro\/lexikon\/wp-json\/wp\/v2\/media?parent=20947"}],"wp:term":[{"taxonomy":"product_brand","embeddable":true,"href":"https:\/\/uj.adatbank.ro\/lexikon\/wp-json\/wp\/v2\/product_brand?post=20947"},{"taxonomy":"product_cat","embeddable":true,"href":"https:\/\/uj.adatbank.ro\/lexikon\/wp-json\/wp\/v2\/product_cat?post=20947"},{"taxonomy":"product_tag","embeddable":true,"href":"https:\/\/uj.adatbank.ro\/lexikon\/wp-json\/wp\/v2\/product_tag?post=20947"}],"curies":[{"name":"wp","href":"https:\/\/api.w.org\/{rel}","templated":true}]}}