{"id":20948,"date":"2025-07-22T19:07:39","date_gmt":"2025-07-22T17:07:39","guid":{"rendered":"https:\/\/uj.adatbank.ro\/lexikon\/termek\/suciu-victor-3\/"},"modified":"2025-07-22T19:07:39","modified_gmt":"2025-07-22T17:07:39","slug":"suciu-victor-3","status":"publish","type":"product","link":"https:\/\/uj.adatbank.ro\/lexikon\/termek\/suciu-victor-3\/","title":{"rendered":"SUCIU, Victor"},"content":{"rendered":"<p>Mez\u0151szengyel, 1941. m\u00e1j. 8., \u2020\u00a0Mv., 2007. jan. 17.: k\u00f6zgazd\u00e1sz, polg\u00e1rmester. \u2013 A k\u00f6z\u00e9piskol\u00e1t Mv.-en a Papiu Ilarian L\u00edc.-ban (1957), a kv.-i \u00e9p\u00edt\u00e9szeti l\u00edceumban, majd a k\u00f6zgazdas\u00e1gi egyetemet Ia\u015fi-ban v\u00e9gezte (1962\u201367). Dolgozott Mv.-en az Autoexpedi\u0163ii v\u00e1llalatn\u00e1l, a Pedag\u00f3giai Int\u00e9zetben, az Imatexn\u00e9l, ahol a fejleszt\u00e9si oszt\u00e1ly vezet\u0151je is volt (1967\u201390). A forradalom ut\u00e1n Mv. polg\u00e1rmestere (1990\u201392), amely id\u0151 alatt br\u00e2ncoveanu st\u00edlusban restaur\u00e1ltatta a polg\u00e1rmesteri hivatal \u00e9p\u00fclet\u00e9t., majd kereskedelmi igazgat\u00f3 az Imatexn\u00e9l (1992\u201393). A PUNR sz\u00edneiben a v\u00e1rosi tan\u00e1cs tagja (1992\u201396), a megyei tan\u00e1cs tagja, aleln\u00f6ke (1996\u20132000). Mv.-en alap\u00edt\u00f3 tagja az Uniunea Vatra Rom\u00e2neasc\u0103 \u00e9s a Rom\u00e1n Nemzeti Egys\u00e9g P\u00e1rtnak PUNR-nek (1990). Eln\u00f6ke az Emil Dandea, egykori polg\u00e1rmester szobra fel\u00e1ll\u00edt\u00e1s\u00e1ra l\u00e9tre hozott bizotts\u00e1gnak (1994), \u00fcnneps\u00e9get szervezett a szobor felavat\u00e1sa alkalm\u00e1val.; a Konzervat\u00edv P\u00e1rt tagja \u00e9s aleln\u00f6ke (2006\u2013). Cikkei jelentek meg \u00fajs\u00e1gokban \u00e9s foly\u00f3iratokban. <br \/><strong>Irod.:<\/strong> C.l. (2007. jan. 20, 23), 24 ore muresene (2007. jan. 20\u201322); [Nekrol\u00f3g] (N\u00fa., 2007. jan. 20.); \u015eincan-B\u0103ciu\u0163 2006; Todea 2013.<\/br><\/p>\n","protected":false},"excerpt":{"rendered":"<p>Mez\u0151szengyel, 1941. m\u00e1j. 8., \u2020\u00a0Mv., 2007. jan. 17.: k\u00f6zgazd\u00e1sz, polg\u00e1rmester. \u2013 A k\u00f6z\u00e9piskol\u00e1t Mv.-en a Papiu Ilarian L\u00edc.-ban (1957), a kv.-i \u00e9p\u00edt\u00e9szeti l\u00edceumban, majd a k\u00f6zgazdas\u00e1gi egyetemet Ia\u015fi-ban v\u00e9gezte (1962\u201367). Dolgozott Mv.-en az Autoexpedi\u0163ii v\u00e1llalatn\u00e1l, a Pedag\u00f3giai Int\u00e9zetben, az Imatexn\u00e9l, ahol a fejleszt\u00e9si oszt\u00e1ly vezet\u0151je is volt (1967\u201390). A forradalom ut\u00e1n Mv. polg\u00e1rmestere (1990\u201392), amely [&hellip;]<\/p>\n","protected":false},"featured_media":0,"comment_status":"open","ping_status":"closed","template":"","meta":[],"product_brand":[],"product_cat":[137],"product_tag":[],"class_list":{"0":"post-20948","1":"product","2":"type-product","3":"status-publish","5":"product_cat-maros-megyei-eletrajzi-lexikon","7":"first","8":"instock","9":"shipping-taxable","10":"product-type-simple"},"_links":{"self":[{"href":"https:\/\/uj.adatbank.ro\/lexikon\/wp-json\/wp\/v2\/product\/20948","targetHints":{"allow":["GET"]}}],"collection":[{"href":"https:\/\/uj.adatbank.ro\/lexikon\/wp-json\/wp\/v2\/product"}],"about":[{"href":"https:\/\/uj.adatbank.ro\/lexikon\/wp-json\/wp\/v2\/types\/product"}],"replies":[{"embeddable":true,"href":"https:\/\/uj.adatbank.ro\/lexikon\/wp-json\/wp\/v2\/comments?post=20948"}],"wp:attachment":[{"href":"https:\/\/uj.adatbank.ro\/lexikon\/wp-json\/wp\/v2\/media?parent=20948"}],"wp:term":[{"taxonomy":"product_brand","embeddable":true,"href":"https:\/\/uj.adatbank.ro\/lexikon\/wp-json\/wp\/v2\/product_brand?post=20948"},{"taxonomy":"product_cat","embeddable":true,"href":"https:\/\/uj.adatbank.ro\/lexikon\/wp-json\/wp\/v2\/product_cat?post=20948"},{"taxonomy":"product_tag","embeddable":true,"href":"https:\/\/uj.adatbank.ro\/lexikon\/wp-json\/wp\/v2\/product_tag?post=20948"}],"curies":[{"name":"wp","href":"https:\/\/api.w.org\/{rel}","templated":true}]}}