{"id":20955,"date":"2025-07-22T19:07:55","date_gmt":"2025-07-22T17:07:55","guid":{"rendered":"https:\/\/uj.adatbank.ro\/lexikon\/termek\/sukei-ferenc\/"},"modified":"2025-07-22T19:07:55","modified_gmt":"2025-07-22T17:07:55","slug":"sukei-ferenc","status":"publish","type":"product","link":"https:\/\/uj.adatbank.ro\/lexikon\/termek\/sukei-ferenc\/","title":{"rendered":"S\u00dcKEI Ferenc"},"content":{"rendered":"<p>? \u2020?: ref. lelk\u00e9sz. \u2013 Tan\u00edt\u00f3 volt Kerel\u0151szentp\u00e1lon (1658\u201359). Lelk\u00e9szk\u00e9nt szolg\u00e1lt Mez\u0151bodonban (1669\u201378), Nagymedv\u00e9sen (1681\u201389), Harangl\u00e1b (1690). <br \/><strong>Irod.:<\/strong> K\u00fck\u00fcll\u0151i Ref. Egyh\u00e1zm. 2., 4.<\/br><\/p>\n","protected":false},"excerpt":{"rendered":"<p>? \u2020?: ref. lelk\u00e9sz. \u2013 Tan\u00edt\u00f3 volt Kerel\u0151szentp\u00e1lon (1658\u201359). Lelk\u00e9szk\u00e9nt szolg\u00e1lt Mez\u0151bodonban (1669\u201378), Nagymedv\u00e9sen (1681\u201389), Harangl\u00e1b (1690). Irod.: K\u00fck\u00fcll\u0151i Ref. Egyh\u00e1zm. 2., 4.<\/p>\n","protected":false},"featured_media":0,"comment_status":"open","ping_status":"closed","template":"","meta":[],"product_brand":[],"product_cat":[137],"product_tag":[],"class_list":{"0":"post-20955","1":"product","2":"type-product","3":"status-publish","5":"product_cat-maros-megyei-eletrajzi-lexikon","7":"first","8":"instock","9":"shipping-taxable","10":"product-type-simple"},"_links":{"self":[{"href":"https:\/\/uj.adatbank.ro\/lexikon\/wp-json\/wp\/v2\/product\/20955","targetHints":{"allow":["GET"]}}],"collection":[{"href":"https:\/\/uj.adatbank.ro\/lexikon\/wp-json\/wp\/v2\/product"}],"about":[{"href":"https:\/\/uj.adatbank.ro\/lexikon\/wp-json\/wp\/v2\/types\/product"}],"replies":[{"embeddable":true,"href":"https:\/\/uj.adatbank.ro\/lexikon\/wp-json\/wp\/v2\/comments?post=20955"}],"wp:attachment":[{"href":"https:\/\/uj.adatbank.ro\/lexikon\/wp-json\/wp\/v2\/media?parent=20955"}],"wp:term":[{"taxonomy":"product_brand","embeddable":true,"href":"https:\/\/uj.adatbank.ro\/lexikon\/wp-json\/wp\/v2\/product_brand?post=20955"},{"taxonomy":"product_cat","embeddable":true,"href":"https:\/\/uj.adatbank.ro\/lexikon\/wp-json\/wp\/v2\/product_cat?post=20955"},{"taxonomy":"product_tag","embeddable":true,"href":"https:\/\/uj.adatbank.ro\/lexikon\/wp-json\/wp\/v2\/product_tag?post=20955"}],"curies":[{"name":"wp","href":"https:\/\/api.w.org\/{rel}","templated":true}]}}