{"id":20976,"date":"2025-07-22T19:08:40","date_gmt":"2025-07-22T17:08:40","guid":{"rendered":"https:\/\/uj.adatbank.ro\/lexikon\/termek\/sukosd-miklos-nagyteremi-2\/"},"modified":"2025-07-22T19:08:40","modified_gmt":"2025-07-22T17:08:40","slug":"sukosd-miklos-nagyteremi-2","status":"publish","type":"product","link":"https:\/\/uj.adatbank.ro\/lexikon\/termek\/sukosd-miklos-nagyteremi-2\/","title":{"rendered":"S\u00dcK\u00d6SD Mikl\u00f3s, nagyteremi"},"content":{"rendered":"<p>1589 k. \u2020\u00a01631 e.: f\u00f6ldbirtokos. \u2013 G\u00e1sp\u00e1r (\u2020 1589\u201392 k) \u00e9s gyermekei Wessel\u00e9nyi Kata fia. Feles\u00e9ge G\u00e1vai Kata. L\u00e1nya Erzs\u00e9bet, kir\u00e1lyhalmi Petky Istv\u00e1nn\u00e9. Jelent\u0151s szerepe volt a B\u00e1thori G\u00e1bor elleni k\u00fczdelemben, a fejedelem a szebeni ogy.-en n\u00f3t\u00e1ztatta (1602), ezt csak B\u00e1thori G\u00e1bor hal\u00e1la ut\u00e1n a meggyesi ogy. oldotta fel (1614) \u00e9s \u00edgy visszakapta h\u00e9v\u00edzi, als\u00f3r\u00e1kosi \u00e9s \u00fcrm\u00f6si birtokait, de teremit nem. A marossz\u00e9ki Szab\u00e9d, K\u00f6lp\u00e9ny, Galambod \u00e9s Harc\u00f3 hat\u00e1r\u00e1ban fekv\u0151 r\u00e9szj\u00f3sz\u00e1gait \u00e1tengedte P\u00e9chy Simonnak. <br \/><strong>Irod.:<\/strong> Kelemen Lajos 2006.<\/br><\/p>\n","protected":false},"excerpt":{"rendered":"<p>1589 k. \u2020\u00a01631 e.: f\u00f6ldbirtokos. \u2013 G\u00e1sp\u00e1r (\u2020 1589\u201392 k) \u00e9s gyermekei Wessel\u00e9nyi Kata fia. Feles\u00e9ge G\u00e1vai Kata. L\u00e1nya Erzs\u00e9bet, kir\u00e1lyhalmi Petky Istv\u00e1nn\u00e9. Jelent\u0151s szerepe volt a B\u00e1thori G\u00e1bor elleni k\u00fczdelemben, a fejedelem a szebeni ogy.-en n\u00f3t\u00e1ztatta (1602), ezt csak B\u00e1thori G\u00e1bor hal\u00e1la ut\u00e1n a meggyesi ogy. oldotta fel (1614) \u00e9s \u00edgy visszakapta h\u00e9v\u00edzi, als\u00f3r\u00e1kosi [&hellip;]<\/p>\n","protected":false},"featured_media":0,"comment_status":"open","ping_status":"closed","template":"","meta":[],"product_brand":[],"product_cat":[137],"product_tag":[],"class_list":{"0":"post-20976","1":"product","2":"type-product","3":"status-publish","5":"product_cat-maros-megyei-eletrajzi-lexikon","7":"first","8":"instock","9":"shipping-taxable","10":"product-type-simple"},"_links":{"self":[{"href":"https:\/\/uj.adatbank.ro\/lexikon\/wp-json\/wp\/v2\/product\/20976","targetHints":{"allow":["GET"]}}],"collection":[{"href":"https:\/\/uj.adatbank.ro\/lexikon\/wp-json\/wp\/v2\/product"}],"about":[{"href":"https:\/\/uj.adatbank.ro\/lexikon\/wp-json\/wp\/v2\/types\/product"}],"replies":[{"embeddable":true,"href":"https:\/\/uj.adatbank.ro\/lexikon\/wp-json\/wp\/v2\/comments?post=20976"}],"wp:attachment":[{"href":"https:\/\/uj.adatbank.ro\/lexikon\/wp-json\/wp\/v2\/media?parent=20976"}],"wp:term":[{"taxonomy":"product_brand","embeddable":true,"href":"https:\/\/uj.adatbank.ro\/lexikon\/wp-json\/wp\/v2\/product_brand?post=20976"},{"taxonomy":"product_cat","embeddable":true,"href":"https:\/\/uj.adatbank.ro\/lexikon\/wp-json\/wp\/v2\/product_cat?post=20976"},{"taxonomy":"product_tag","embeddable":true,"href":"https:\/\/uj.adatbank.ro\/lexikon\/wp-json\/wp\/v2\/product_tag?post=20976"}],"curies":[{"name":"wp","href":"https:\/\/api.w.org\/{rel}","templated":true}]}}