{"id":2098,"date":"2025-06-28T12:03:46","date_gmt":"2025-06-28T10:03:46","guid":{"rendered":"https:\/\/uj.adatbank.ro\/lexikon\/termek\/balogh-odon-futasfalvi-jobbagytelki\/"},"modified":"2025-06-28T12:03:46","modified_gmt":"2025-06-28T10:03:46","slug":"balogh-odon-futasfalvi-jobbagytelki","status":"publish","type":"product","link":"https:\/\/uj.adatbank.ro\/lexikon\/termek\/balogh-odon-futasfalvi-jobbagytelki\/","title":{"rendered":"BALOGH \u00d6d\u00f6n, fut\u00e1sfalvi, jobb\u00e1gytelki"},"content":{"rendered":"<p>Sz\u00e1szr\u00e9gen, 1895. j\u00fan. 5., \u2020\u00a0Mv., 1972. dec. 31.: tan\u00e1r, nyelv\u00e9sz, n\u00e9prajzkutat\u00f3. \u2013 A k\u00f6z\u00e9piskol\u00e1t Mv.-en, az egyetemet Kv.-on az I. Ferdin\u00e1nd TE-en v\u00e9gezte \u00e9s m.-, n\u00e9met- \u00e9s rom\u00e1n- nyelvtan\u00e1ri k\u00e9pes\u00edt\u00e9st szerzett (1920); A gyimesi cs\u00e1ng\u00f3 nyelvj\u00e1r\u00e1s iget\u00f6veir\u0151l \u00edrt dolgozat\u00e1val nyert b\u00f6lcs\u00e9szdoktori oklevelet (1944). K\u00f6z\u00e9piskolai tan\u00e1r: Mv.-en \u00f3raad\u00f3 a Ref. Koll.-ban (1922\u201323), Sz\u00e1szr\u00e9genben (1923\u201329); Szamos\u00fajv\u00e1ron (1929\u201351). A MOGYE-n volt n\u00e9met lektor \u00e9s k\u00f6nyvt\u00e1ros (1951\u201362), k\u00e9s\u0151bb lektork\u00e9nt dolgozott a mv.-i Pedag\u00f3giai F\u0151iskol\u00e1ban. Sz\u00e1mos \u00f6n\u00e1ll\u00f3 m\u0171ve jelent meg, t\u00f6bb tudom\u00e1nyos cikket \u00edrt. Az I. vh.-ban a 62 gy. e.-ben harcolt. A M. Nyelvtudom\u00e1nyi T\u00e1rsas\u00e1g rendes tagja, levelez\u0151 tagja a m\u00fcncheni Goethe Int\u00e9zetnek, r\u00e9szt vett a KZST munk\u00e1j\u00e1ban. Nyelvt\u00f6rt\u00e9neti munk\u00e1kat, ford\u00edt\u00e1sokat \u00edrt, n\u00e9prajzi, filol\u00f3giai munk\u00e1i k\u00f6zismertek. Tanulm\u00e1nyai jelentek meg a n\u00e9met nyelvoktat\u00e1s, a gyimesi cs\u00e1ng\u00f3 folkl\u00f3r \u00e9s a mv.-i fazekass\u00e1g sz\u00f3kincse t\u00e1rgyk\u00f6r\u00e9b\u0151l: a bp.-i Magyar Nyelv, az Erd\u00e9lyi M\u00fazeum \u00e9s a kv.-i NyIK ben. \u2013 <strong>F. m.:<\/strong> N\u00e9prajzi jegyzetek a gyimesfels\u0151loki \u00e9s a gyimesk\u00f6z\u00e9ploki cs\u00e1ng\u00f3kr\u00f3l (Kv., 1932); Sz\u00e1szr\u00e9gen helyn\u00e9v eredete (1936\u201339?); N\u00e9prajzi jegyzetek a cs\u00fcg\u00e9si magyarokr\u00f3l (Kv., 1942); A gyimesi cs\u00e1ng\u00f3 nyelvj\u00e1r\u00e1s iget\u00f6vei. Egy doktori \u00e9rtekez\u00e9s (Kv., 1944). <br \/><strong>Irod.:<\/strong> Dubovitz; M\u00c9L; Mv. t\u00f6rt. 2.; Profiluri reghinene; RMIL; R\u00daL; Sz\u00e9kelyf\u00f6ld \u00ed. k.<\/br><\/p>\n","protected":false},"excerpt":{"rendered":"<p>Sz\u00e1szr\u00e9gen, 1895. j\u00fan. 5., \u2020\u00a0Mv., 1972. dec. 31.: tan\u00e1r, nyelv\u00e9sz, n\u00e9prajzkutat\u00f3. \u2013 A k\u00f6z\u00e9piskol\u00e1t Mv.-en, az egyetemet Kv.-on az I. Ferdin\u00e1nd TE-en v\u00e9gezte \u00e9s m.-, n\u00e9met- \u00e9s rom\u00e1n- nyelvtan\u00e1ri k\u00e9pes\u00edt\u00e9st szerzett (1920); A gyimesi cs\u00e1ng\u00f3 nyelvj\u00e1r\u00e1s iget\u00f6veir\u0151l \u00edrt dolgozat\u00e1val nyert b\u00f6lcs\u00e9szdoktori oklevelet (1944). K\u00f6z\u00e9piskolai tan\u00e1r: Mv.-en \u00f3raad\u00f3 a Ref. Koll.-ban (1922\u201323), Sz\u00e1szr\u00e9genben (1923\u201329); Szamos\u00fajv\u00e1ron (1929\u201351). [&hellip;]<\/p>\n","protected":false},"featured_media":0,"comment_status":"open","ping_status":"closed","template":"","meta":[],"product_brand":[],"product_cat":[137],"product_tag":[],"class_list":{"0":"post-2098","1":"product","2":"type-product","3":"status-publish","5":"product_cat-maros-megyei-eletrajzi-lexikon","7":"first","8":"instock","9":"shipping-taxable","10":"product-type-simple"},"_links":{"self":[{"href":"https:\/\/uj.adatbank.ro\/lexikon\/wp-json\/wp\/v2\/product\/2098","targetHints":{"allow":["GET"]}}],"collection":[{"href":"https:\/\/uj.adatbank.ro\/lexikon\/wp-json\/wp\/v2\/product"}],"about":[{"href":"https:\/\/uj.adatbank.ro\/lexikon\/wp-json\/wp\/v2\/types\/product"}],"replies":[{"embeddable":true,"href":"https:\/\/uj.adatbank.ro\/lexikon\/wp-json\/wp\/v2\/comments?post=2098"}],"wp:attachment":[{"href":"https:\/\/uj.adatbank.ro\/lexikon\/wp-json\/wp\/v2\/media?parent=2098"}],"wp:term":[{"taxonomy":"product_brand","embeddable":true,"href":"https:\/\/uj.adatbank.ro\/lexikon\/wp-json\/wp\/v2\/product_brand?post=2098"},{"taxonomy":"product_cat","embeddable":true,"href":"https:\/\/uj.adatbank.ro\/lexikon\/wp-json\/wp\/v2\/product_cat?post=2098"},{"taxonomy":"product_tag","embeddable":true,"href":"https:\/\/uj.adatbank.ro\/lexikon\/wp-json\/wp\/v2\/product_tag?post=2098"}],"curies":[{"name":"wp","href":"https:\/\/api.w.org\/{rel}","templated":true}]}}

BALOGH Ödön, futásfalvi, jobbágytelki

<p>Szászrégen, 1895. jún. 5., † Mv., 1972. dec. 31.: tanár, nyelvész, néprajzkutató. – A középiskolát Mv.-en, az egyetemet Kv.-on az I. Ferdinánd TE-en végezte és m.-, német- és román- nyelvtanári képesítést szerzett (1920); A gyimesi csángó nyelvjárás igetöveiről írt dolgozatával nyert bölcsészdoktori oklevelet (1944). Középiskolai tanár: Mv.-en óraadó a Ref. Koll.-ban (1922–23), Szászrégenben (1923–29); Szamosújváron (1929–51). A MOGYE-n volt német lektor és könyvtáros (1951–62), később lektorként dolgozott a mv.-i Pedagógiai Főiskolában. Számos önálló műve jelent meg, több tudományos cikket írt. Az I. vh.-ban a 62 gy. e.-ben harcolt. A M. Nyelvtudományi Társaság rendes tagja, levelező tagja a müncheni Goethe Intézetnek, részt vett a KZST munkájában. Nyelvtörténeti munkákat, fordításokat írt, néprajzi, filológiai munkái közismertek. Tanulmányai jelentek meg a német nyelvoktatás, a gyimesi csángó folklór és a mv.-i fazekasság szókincse tárgyköréből: a bp.-i Magyar Nyelv, az Erdélyi Múzeum és a kv.-i NyIK ben. – <strong>F. m.:</strong> Néprajzi jegyzetek a gyimesfelsőloki és a gyimesközéploki csángókról (Kv., 1932); Szászrégen helynév eredete (1936–39?); Néprajzi jegyzetek a csügési magyarokról (Kv., 1942); A gyimesi csángó nyelvjárás igetövei. Egy doktori értekezés (Kv., 1944). <br /><strong>Irod.:</strong> Dubovitz; MÉL; Mv. tört. 2.; Profiluri reghinene; RMIL; RÚL; Székelyföld í. k.</br></p>

<p>Szászrégen, 1895. jún. 5., † Mv., 1972. dec. 31.: tanár, nyelvész, néprajzkutató. – A középiskolát Mv.-en, az egyetemet Kv.-on az I. Ferdinánd TE-en végezte és m.-, német- és román- nyelvtanári képesítést szerzett (1920); A gyimesi csángó nyelvjárás igetöveiről írt dolgozatával nyert bölcsészdoktori oklevelet (1944). Középiskolai tanár: Mv.-en óraadó a Ref. Koll.-ban (1922–23), Szászrégenben (1923–29); Szamosújváron (1929–51). [&hellip;]</p>
