{"id":20992,"date":"2025-07-22T19:09:14","date_gmt":"2025-07-22T17:09:14","guid":{"rendered":"https:\/\/uj.adatbank.ro\/lexikon\/termek\/surdu-stefan\/"},"modified":"2025-07-22T19:09:14","modified_gmt":"2025-07-22T17:09:14","slug":"surdu-stefan","status":"publish","type":"product","link":"https:\/\/uj.adatbank.ro\/lexikon\/termek\/surdu-stefan\/","title":{"rendered":"SURDU, \u015etefan"},"content":{"rendered":"<p>Romanu, 1911., \u2020 Mv.?: tornatan\u00e1r. \u2013 Sz\u00fcl\u0151v\u00e1ros\u00e1ban tanult. Buk.-ben Testnevel\u0151 f\u0151iskola v\u00e9gzettje (1936). Tan\u00edtott Curtea de Argesen, Tulcean, Buk.-ben, azut\u00e1n v\u00e9gleg Mv.-en telepedett le. Tan\u00e1r a mv.-i Fels\u0151bb Kereskedelmi Isk.-ban (1938\u201341 \u00e9s 1946\u201348), az Al. Papiu Ilarian L\u00edc.-ban, a Sportiskol\u00e1ban \u00e9s az 5-\u00f6s sz. k\u00f6z\u00e9piskol\u00e1ban tan\u00edtott testnevel\u00e9st, vezetett sportk\u00f6r\u00f6ket, sok tr\u00f3fe\u00e1t szerezve. Pedag\u00f3giai k\u00f6ri vezet\u0151, katedraf\u0151n\u00f6k, a Maros Megyei Tanfel\u00fcgyel\u0151 Oszt\u00e1ly \u00f6nk\u00e9ntes metodist\u00e1ja tiszts\u00e9geket t\u00f6lt\u00f6tte be. <strong>Kit\u00fcntet\u00e9sei:<\/strong> Vetran din r\u0103zboiul antifascist; Merite sportive; Merite \u00een activitatea sportiv\u0103; Medalia Muncii; Semicentenarul U. T.C. <br \/><strong>Irod.:<\/strong> Dasc\u0103li mure\u015feni, 4.; Dasc\u0103lii Papiului; \u00cenv. comercial econ.; Omagiu.<\/br><\/p>\n","protected":false},"excerpt":{"rendered":"<p>Romanu, 1911., \u2020 Mv.?: tornatan\u00e1r. \u2013 Sz\u00fcl\u0151v\u00e1ros\u00e1ban tanult. Buk.-ben Testnevel\u0151 f\u0151iskola v\u00e9gzettje (1936). Tan\u00edtott Curtea de Argesen, Tulcean, Buk.-ben, azut\u00e1n v\u00e9gleg Mv.-en telepedett le. Tan\u00e1r a mv.-i Fels\u0151bb Kereskedelmi Isk.-ban (1938\u201341 \u00e9s 1946\u201348), az Al. Papiu Ilarian L\u00edc.-ban, a Sportiskol\u00e1ban \u00e9s az 5-\u00f6s sz. k\u00f6z\u00e9piskol\u00e1ban tan\u00edtott testnevel\u00e9st, vezetett sportk\u00f6r\u00f6ket, sok tr\u00f3fe\u00e1t szerezve. Pedag\u00f3giai k\u00f6ri vezet\u0151, [&hellip;]<\/p>\n","protected":false},"featured_media":0,"comment_status":"open","ping_status":"closed","template":"","meta":[],"product_brand":[],"product_cat":[137],"product_tag":[],"class_list":{"0":"post-20992","1":"product","2":"type-product","3":"status-publish","5":"product_cat-maros-megyei-eletrajzi-lexikon","7":"first","8":"instock","9":"shipping-taxable","10":"product-type-simple"},"_links":{"self":[{"href":"https:\/\/uj.adatbank.ro\/lexikon\/wp-json\/wp\/v2\/product\/20992","targetHints":{"allow":["GET"]}}],"collection":[{"href":"https:\/\/uj.adatbank.ro\/lexikon\/wp-json\/wp\/v2\/product"}],"about":[{"href":"https:\/\/uj.adatbank.ro\/lexikon\/wp-json\/wp\/v2\/types\/product"}],"replies":[{"embeddable":true,"href":"https:\/\/uj.adatbank.ro\/lexikon\/wp-json\/wp\/v2\/comments?post=20992"}],"wp:attachment":[{"href":"https:\/\/uj.adatbank.ro\/lexikon\/wp-json\/wp\/v2\/media?parent=20992"}],"wp:term":[{"taxonomy":"product_brand","embeddable":true,"href":"https:\/\/uj.adatbank.ro\/lexikon\/wp-json\/wp\/v2\/product_brand?post=20992"},{"taxonomy":"product_cat","embeddable":true,"href":"https:\/\/uj.adatbank.ro\/lexikon\/wp-json\/wp\/v2\/product_cat?post=20992"},{"taxonomy":"product_tag","embeddable":true,"href":"https:\/\/uj.adatbank.ro\/lexikon\/wp-json\/wp\/v2\/product_tag?post=20992"}],"curies":[{"name":"wp","href":"https:\/\/api.w.org\/{rel}","templated":true}]}}