{"id":20999,"date":"2025-07-22T19:09:30","date_gmt":"2025-07-22T17:09:30","guid":{"rendered":"https:\/\/uj.adatbank.ro\/lexikon\/termek\/suto-ferenc\/"},"modified":"2025-07-22T19:09:30","modified_gmt":"2025-07-22T17:09:30","slug":"suto-ferenc","status":"publish","type":"product","link":"https:\/\/uj.adatbank.ro\/lexikon\/termek\/suto-ferenc\/","title":{"rendered":"S\u00dcT\u0150 Ferenc"},"content":{"rendered":"<p>Vajdaszentiv\u00e1ny, 1880.,\u00a0\u2020?: gazd\u00e1lkod\u00f3. \u2013 Iskol\u00e1i elv\u00e9gz\u00e9se ut\u00e1n gazd\u00e1lkod\u00e1ssal \u00e9s haszon\u00e1llatteny\u00e9szt\u00e9ssel, majd b\u00e9rcs\u00e9pl\u00e9ssel (1900\u2013) is foglalkozott. A Hangya Sz\u00f6v. \u00e9s a Tejsz\u00f6vetkezet ellen\u0151re, a helyi ref. egyh\u00e1z presbitere volt. <br \/><strong>Irod.:<\/strong> Sz\u00e9kelyf\u00f6ld \u00ed. k.<\/br><\/p>\n","protected":false},"excerpt":{"rendered":"<p>Vajdaszentiv\u00e1ny, 1880.,\u00a0\u2020?: gazd\u00e1lkod\u00f3. \u2013 Iskol\u00e1i elv\u00e9gz\u00e9se ut\u00e1n gazd\u00e1lkod\u00e1ssal \u00e9s haszon\u00e1llatteny\u00e9szt\u00e9ssel, majd b\u00e9rcs\u00e9pl\u00e9ssel (1900\u2013) is foglalkozott. A Hangya Sz\u00f6v. \u00e9s a Tejsz\u00f6vetkezet ellen\u0151re, a helyi ref. egyh\u00e1z presbitere volt. Irod.: Sz\u00e9kelyf\u00f6ld \u00ed. k.<\/p>\n","protected":false},"featured_media":0,"comment_status":"open","ping_status":"closed","template":"","meta":[],"product_brand":[],"product_cat":[137],"product_tag":[],"class_list":{"0":"post-20999","1":"product","2":"type-product","3":"status-publish","5":"product_cat-maros-megyei-eletrajzi-lexikon","7":"first","8":"instock","9":"shipping-taxable","10":"product-type-simple"},"_links":{"self":[{"href":"https:\/\/uj.adatbank.ro\/lexikon\/wp-json\/wp\/v2\/product\/20999","targetHints":{"allow":["GET"]}}],"collection":[{"href":"https:\/\/uj.adatbank.ro\/lexikon\/wp-json\/wp\/v2\/product"}],"about":[{"href":"https:\/\/uj.adatbank.ro\/lexikon\/wp-json\/wp\/v2\/types\/product"}],"replies":[{"embeddable":true,"href":"https:\/\/uj.adatbank.ro\/lexikon\/wp-json\/wp\/v2\/comments?post=20999"}],"wp:attachment":[{"href":"https:\/\/uj.adatbank.ro\/lexikon\/wp-json\/wp\/v2\/media?parent=20999"}],"wp:term":[{"taxonomy":"product_brand","embeddable":true,"href":"https:\/\/uj.adatbank.ro\/lexikon\/wp-json\/wp\/v2\/product_brand?post=20999"},{"taxonomy":"product_cat","embeddable":true,"href":"https:\/\/uj.adatbank.ro\/lexikon\/wp-json\/wp\/v2\/product_cat?post=20999"},{"taxonomy":"product_tag","embeddable":true,"href":"https:\/\/uj.adatbank.ro\/lexikon\/wp-json\/wp\/v2\/product_tag?post=20999"}],"curies":[{"name":"wp","href":"https:\/\/api.w.org\/{rel}","templated":true}]}}