{"id":21022,"date":"2025-07-22T19:10:20","date_gmt":"2025-07-22T17:10:20","guid":{"rendered":"https:\/\/uj.adatbank.ro\/lexikon\/termek\/szabadi-finta-tibor\/"},"modified":"2025-07-22T19:10:20","modified_gmt":"2025-07-22T17:10:20","slug":"szabadi-finta-tibor","status":"publish","type":"product","link":"https:\/\/uj.adatbank.ro\/lexikon\/termek\/szabadi-finta-tibor\/","title":{"rendered":"SZABADI FINTA Tibor"},"content":{"rendered":"<p>Mv., 1928. \u00e1pr. 24., \u2020?: m\u00e9rn\u00f6k, tudom\u00e1nyos kutat\u00f3. \u2013 Mv.-en a Polg\u00e1ri Fi\u00faiskola (1940\u201344), a F\u00e9mipari K\u00f6z\u00e9piskola (1944\u201348) tanul\u00f3ja volt. Kv.-on a M\u0171szaki Egyetemen szerzett g\u00e9p\u00e9szm\u00e9rn\u00f6ki oklevelet (1952). Buk.-ben tov\u00e1bbk\u00e9pz\u0151 tanfolyamon vett r\u00e9szt (1976\u201377). Dolgozott a Sadu-Gorj.-i \u00fczermben (1952\u201354); Mv.-en az Encsel M\u00f3r (1954\u2013), majd Metalotechnika (1966\u2013). Varr\u00f3g\u00e9pgy\u00e1r m\u00e9rn\u00f6ke, gy\u00e1rt\u00e1svezet\u0151, m\u0171szaki oszt\u00e1ly vezet\u0151je, kisg\u00e9ptervez\u0151 oszt\u00e1ly vezet\u0151je. Nyugd\u00edjazt\u00e1k (1988). A g\u00e9pgy\u00e1rt\u00e1s ter\u00fclet\u00e9n 32 \u00faj\u00edt\u00e1sa volt \u00e9s 6 tal\u00e1lm\u00e1ny\u00e1t jegyezt\u00e9k be. <br \/><strong>Irod.:<\/strong> KKACs; Pers. mure\u015fene.<\/br><\/p>\n","protected":false},"excerpt":{"rendered":"<p>Mv., 1928. \u00e1pr. 24., \u2020?: m\u00e9rn\u00f6k, tudom\u00e1nyos kutat\u00f3. \u2013 Mv.-en a Polg\u00e1ri Fi\u00faiskola (1940\u201344), a F\u00e9mipari K\u00f6z\u00e9piskola (1944\u201348) tanul\u00f3ja volt. Kv.-on a M\u0171szaki Egyetemen szerzett g\u00e9p\u00e9szm\u00e9rn\u00f6ki oklevelet (1952). Buk.-ben tov\u00e1bbk\u00e9pz\u0151 tanfolyamon vett r\u00e9szt (1976\u201377). Dolgozott a Sadu-Gorj.-i \u00fczermben (1952\u201354); Mv.-en az Encsel M\u00f3r (1954\u2013), majd Metalotechnika (1966\u2013). Varr\u00f3g\u00e9pgy\u00e1r m\u00e9rn\u00f6ke, gy\u00e1rt\u00e1svezet\u0151, m\u0171szaki oszt\u00e1ly vezet\u0151je, kisg\u00e9ptervez\u0151 oszt\u00e1ly [&hellip;]<\/p>\n","protected":false},"featured_media":0,"comment_status":"open","ping_status":"closed","template":"","meta":[],"product_brand":[],"product_cat":[137],"product_tag":[],"class_list":{"0":"post-21022","1":"product","2":"type-product","3":"status-publish","5":"product_cat-maros-megyei-eletrajzi-lexikon","7":"first","8":"instock","9":"shipping-taxable","10":"product-type-simple"},"_links":{"self":[{"href":"https:\/\/uj.adatbank.ro\/lexikon\/wp-json\/wp\/v2\/product\/21022","targetHints":{"allow":["GET"]}}],"collection":[{"href":"https:\/\/uj.adatbank.ro\/lexikon\/wp-json\/wp\/v2\/product"}],"about":[{"href":"https:\/\/uj.adatbank.ro\/lexikon\/wp-json\/wp\/v2\/types\/product"}],"replies":[{"embeddable":true,"href":"https:\/\/uj.adatbank.ro\/lexikon\/wp-json\/wp\/v2\/comments?post=21022"}],"wp:attachment":[{"href":"https:\/\/uj.adatbank.ro\/lexikon\/wp-json\/wp\/v2\/media?parent=21022"}],"wp:term":[{"taxonomy":"product_brand","embeddable":true,"href":"https:\/\/uj.adatbank.ro\/lexikon\/wp-json\/wp\/v2\/product_brand?post=21022"},{"taxonomy":"product_cat","embeddable":true,"href":"https:\/\/uj.adatbank.ro\/lexikon\/wp-json\/wp\/v2\/product_cat?post=21022"},{"taxonomy":"product_tag","embeddable":true,"href":"https:\/\/uj.adatbank.ro\/lexikon\/wp-json\/wp\/v2\/product_tag?post=21022"}],"curies":[{"name":"wp","href":"https:\/\/api.w.org\/{rel}","templated":true}]}}

<p>Mv., 1928. ápr. 24., †?: mérnök, tudományos kutató. – Mv.-en a Polgári Fiúiskola (1940–44), a Fémipari Középiskola (1944–48) tanulója volt. Kv.-on a Műszaki Egyetemen szerzett gépészmérnöki oklevelet (1952). Buk.-ben továbbképző tanfolyamon vett részt (1976–77). Dolgozott a Sadu-Gorj.-i üzermben (1952–54); Mv.-en az Encsel Mór (1954–), majd Metalotechnika (1966–). Varrógépgyár mérnöke, gyártásvezető, műszaki osztály vezetője, kisgéptervező osztály vezetője. Nyugdíjazták (1988). A gépgyártás területén 32 újítása volt és 6 találmányát jegyezték be. <br /><strong>Irod.:</strong> KKACs; Pers. mureşene.</br></p>

<p>Mv., 1928. ápr. 24., †?: mérnök, tudományos kutató. – Mv.-en a Polgári Fiúiskola (1940–44), a Fémipari Középiskola (1944–48) tanulója volt. Kv.-on a Műszaki Egyetemen szerzett gépészmérnöki oklevelet (1952). Buk.-ben továbbképző tanfolyamon vett részt (1976–77). Dolgozott a Sadu-Gorj.-i üzermben (1952–54); Mv.-en az Encsel Mór (1954–), majd Metalotechnika (1966–). Varrógépgyár mérnöke, gyártásvezető, műszaki osztály vezetője, kisgéptervező osztály [&hellip;]</p>
