{"id":21024,"date":"2025-07-22T19:10:26","date_gmt":"2025-07-22T17:10:26","guid":{"rendered":"https:\/\/uj.adatbank.ro\/lexikon\/termek\/szabadi-imre\/"},"modified":"2025-07-22T19:10:26","modified_gmt":"2025-07-22T17:10:26","slug":"szabadi-imre","status":"publish","type":"product","link":"https:\/\/uj.adatbank.ro\/lexikon\/termek\/szabadi-imre\/","title":{"rendered":"SZABADI Imre"},"content":{"rendered":"<p>? \u2020?: ? \u2013 Feles\u00e9ge: Nagy M\u00e1ria (1841 \u2013 Mv., 1914. j\u00fal. 6.). Gyermekeik: Imre, Feles\u00e9ge M\u00f3zes Roz\u00e1lia; Sz. Mari M\u00f3zes Gy\u00f6rgyn\u00e9; R\u00f3za id. M\u00f3zes K\u00e1rolyn\u00e9; Gizella Juh\u00e1sz Antaln\u00e9. <br \/><strong>Irod.:<\/strong> Gy\u00e1szjelent\u0151.<\/br><\/p>\n","protected":false},"excerpt":{"rendered":"<p>? \u2020?: ? \u2013 Feles\u00e9ge: Nagy M\u00e1ria (1841 \u2013 Mv., 1914. j\u00fal. 6.). Gyermekeik: Imre, Feles\u00e9ge M\u00f3zes Roz\u00e1lia; Sz. Mari M\u00f3zes Gy\u00f6rgyn\u00e9; R\u00f3za id. M\u00f3zes K\u00e1rolyn\u00e9; Gizella Juh\u00e1sz Antaln\u00e9. Irod.: Gy\u00e1szjelent\u0151.<\/p>\n","protected":false},"featured_media":0,"comment_status":"open","ping_status":"closed","template":"","meta":[],"product_brand":[],"product_cat":[137],"product_tag":[],"class_list":{"0":"post-21024","1":"product","2":"type-product","3":"status-publish","5":"product_cat-maros-megyei-eletrajzi-lexikon","7":"first","8":"instock","9":"shipping-taxable","10":"product-type-simple"},"_links":{"self":[{"href":"https:\/\/uj.adatbank.ro\/lexikon\/wp-json\/wp\/v2\/product\/21024","targetHints":{"allow":["GET"]}}],"collection":[{"href":"https:\/\/uj.adatbank.ro\/lexikon\/wp-json\/wp\/v2\/product"}],"about":[{"href":"https:\/\/uj.adatbank.ro\/lexikon\/wp-json\/wp\/v2\/types\/product"}],"replies":[{"embeddable":true,"href":"https:\/\/uj.adatbank.ro\/lexikon\/wp-json\/wp\/v2\/comments?post=21024"}],"wp:attachment":[{"href":"https:\/\/uj.adatbank.ro\/lexikon\/wp-json\/wp\/v2\/media?parent=21024"}],"wp:term":[{"taxonomy":"product_brand","embeddable":true,"href":"https:\/\/uj.adatbank.ro\/lexikon\/wp-json\/wp\/v2\/product_brand?post=21024"},{"taxonomy":"product_cat","embeddable":true,"href":"https:\/\/uj.adatbank.ro\/lexikon\/wp-json\/wp\/v2\/product_cat?post=21024"},{"taxonomy":"product_tag","embeddable":true,"href":"https:\/\/uj.adatbank.ro\/lexikon\/wp-json\/wp\/v2\/product_tag?post=21024"}],"curies":[{"name":"wp","href":"https:\/\/api.w.org\/{rel}","templated":true}]}}