{"id":21028,"date":"2025-07-22T19:10:34","date_gmt":"2025-07-22T17:10:34","guid":{"rendered":"https:\/\/uj.adatbank.ro\/lexikon\/termek\/szabedi-nagy-laszlo-%c2%a7\/"},"modified":"2025-07-22T19:10:34","modified_gmt":"2025-07-22T17:10:34","slug":"szabedi-nagy-laszlo-%c2%a7","status":"publish","type":"product","link":"https:\/\/uj.adatbank.ro\/lexikon\/termek\/szabedi-nagy-laszlo-%c2%a7\/","title":{"rendered":"SZAB\u00c9DI-NAGY L\u00e1szl\u00f3, \u00a7"},"content":{"rendered":"<p>Szab\u00e9d, 1921. nov. 9. \u2020\u00a0Szab\u00e9d, 2007. m\u00e1rc. 6.: tan\u00edt\u00f3, tartal\u00e9kos z\u00e1szl\u00f3s. \u2013 Szab\u00e9di-Nagy \u00c1ron \u00e9s K\u00e1li Nagy Zsuzs\u00e1nna fia. \u2013 A mv.-i M. Kir. \u00c1llami Tan\u00edt\u00f3k\u00e9pz\u0151ben v\u00e9gzett (1941). Ny\u00e1r\u00e1dg\u00e1lfalv\u00e1n volt tan\u00edt\u00f3. Beh\u00edvt\u00e1k katonai szolg\u00e1latra a mv.-i 27\/III. gyalogz\u00e1szl\u00f3aljhoz (1942. okt. 5.). Tartal\u00e9kos tiszti iskol\u00e1t v\u00e9gzett Sepsiszentgy\u00f6rgy\u00f6n, Debrecenben (1943), majd nyilv\u00e1ntart\u00f3 tisztjel\u00f6lt Mv.-en (1944. aug. 23-ig). Zalaegerszegre telep\u00edtett\u00e9k, szakszolg\u00e1latos z\u00e1szl\u00f3s (1944. okt. 1.). Szovjet hadifogs\u00e1gba esett, hazat\u00e9rt (1946. szept. 17.). <br \/><strong>Irod.:<\/strong> Berekm\u00e9ri.<\/br><\/p>\n","protected":false},"excerpt":{"rendered":"<p>Szab\u00e9d, 1921. nov. 9. \u2020\u00a0Szab\u00e9d, 2007. m\u00e1rc. 6.: tan\u00edt\u00f3, tartal\u00e9kos z\u00e1szl\u00f3s. \u2013 Szab\u00e9di-Nagy \u00c1ron \u00e9s K\u00e1li Nagy Zsuzs\u00e1nna fia. \u2013 A mv.-i M. Kir. \u00c1llami Tan\u00edt\u00f3k\u00e9pz\u0151ben v\u00e9gzett (1941). Ny\u00e1r\u00e1dg\u00e1lfalv\u00e1n volt tan\u00edt\u00f3. Beh\u00edvt\u00e1k katonai szolg\u00e1latra a mv.-i 27\/III. gyalogz\u00e1szl\u00f3aljhoz (1942. okt. 5.). Tartal\u00e9kos tiszti iskol\u00e1t v\u00e9gzett Sepsiszentgy\u00f6rgy\u00f6n, Debrecenben (1943), majd nyilv\u00e1ntart\u00f3 tisztjel\u00f6lt Mv.-en (1944. aug. 23-ig). [&hellip;]<\/p>\n","protected":false},"featured_media":0,"comment_status":"open","ping_status":"closed","template":"","meta":[],"product_brand":[],"product_cat":[137],"product_tag":[],"class_list":{"0":"post-21028","1":"product","2":"type-product","3":"status-publish","5":"product_cat-maros-megyei-eletrajzi-lexikon","7":"first","8":"instock","9":"shipping-taxable","10":"product-type-simple"},"_links":{"self":[{"href":"https:\/\/uj.adatbank.ro\/lexikon\/wp-json\/wp\/v2\/product\/21028","targetHints":{"allow":["GET"]}}],"collection":[{"href":"https:\/\/uj.adatbank.ro\/lexikon\/wp-json\/wp\/v2\/product"}],"about":[{"href":"https:\/\/uj.adatbank.ro\/lexikon\/wp-json\/wp\/v2\/types\/product"}],"replies":[{"embeddable":true,"href":"https:\/\/uj.adatbank.ro\/lexikon\/wp-json\/wp\/v2\/comments?post=21028"}],"wp:attachment":[{"href":"https:\/\/uj.adatbank.ro\/lexikon\/wp-json\/wp\/v2\/media?parent=21028"}],"wp:term":[{"taxonomy":"product_brand","embeddable":true,"href":"https:\/\/uj.adatbank.ro\/lexikon\/wp-json\/wp\/v2\/product_brand?post=21028"},{"taxonomy":"product_cat","embeddable":true,"href":"https:\/\/uj.adatbank.ro\/lexikon\/wp-json\/wp\/v2\/product_cat?post=21028"},{"taxonomy":"product_tag","embeddable":true,"href":"https:\/\/uj.adatbank.ro\/lexikon\/wp-json\/wp\/v2\/product_tag?post=21028"}],"curies":[{"name":"wp","href":"https:\/\/api.w.org\/{rel}","templated":true}]}}

SZABÉDI-NAGY László, §

<p>Szabéd, 1921. nov. 9. † Szabéd, 2007. márc. 6.: tanító, tartalékos zászlós. – Szabédi-Nagy Áron és Káli Nagy Zsuzsánna fia. – A mv.-i M. Kir. Állami Tanítóképzőben végzett (1941). Nyárádgálfalván volt tanító. Behívták katonai szolgálatra a mv.-i 27/III. gyalogzászlóaljhoz (1942. okt. 5.). Tartalékos tiszti iskolát végzett Sepsiszentgyörgyön, Debrecenben (1943), majd nyilvántartó tisztjelölt Mv.-en (1944. aug. 23-ig). Zalaegerszegre telepítették, szakszolgálatos zászlós (1944. okt. 1.). Szovjet hadifogságba esett, hazatért (1946. szept. 17.). <br /><strong>Irod.:</strong> Berekméri.</br></p>

<p>Szabéd, 1921. nov. 9. † Szabéd, 2007. márc. 6.: tanító, tartalékos zászlós. – Szabédi-Nagy Áron és Káli Nagy Zsuzsánna fia. – A mv.-i M. Kir. Állami Tanítóképzőben végzett (1941). Nyárádgálfalván volt tanító. Behívták katonai szolgálatra a mv.-i 27/III. gyalogzászlóaljhoz (1942. okt. 5.). Tartalékos tiszti iskolát végzett Sepsiszentgyörgyön, Debrecenben (1943), majd nyilvántartó tisztjelölt Mv.-en (1944. aug. 23-ig). [&hellip;]</p>
