{"id":2105,"date":"2025-06-28T12:03:55","date_gmt":"2025-06-28T10:03:55","guid":{"rendered":"https:\/\/uj.adatbank.ro\/lexikon\/termek\/balogh-zsigmond\/"},"modified":"2025-06-28T12:03:55","modified_gmt":"2025-06-28T10:03:55","slug":"balogh-zsigmond","status":"publish","type":"product","link":"https:\/\/uj.adatbank.ro\/lexikon\/termek\/balogh-zsigmond\/","title":{"rendered":"BALOGH Zsigmond"},"content":{"rendered":"<p>? \u2020\u00a0?: \u00fcln\u00f6k. \u2013 Dics\u0151szentm\u00e1rtoni. (1708). Mv.-en a kir. t\u00e1bla \u00fcln\u00f6ke (1731). <br \/><strong>Irod.:<\/strong> P\u00e1l-Antal 2006; Szaniszl\u00f3<\/br><\/p>\n","protected":false},"excerpt":{"rendered":"<p>? \u2020\u00a0?: \u00fcln\u00f6k. \u2013 Dics\u0151szentm\u00e1rtoni. (1708). Mv.-en a kir. t\u00e1bla \u00fcln\u00f6ke (1731). Irod.: P\u00e1l-Antal 2006; Szaniszl\u00f3<\/p>\n","protected":false},"featured_media":0,"comment_status":"open","ping_status":"closed","template":"","meta":[],"product_brand":[],"product_cat":[137],"product_tag":[],"class_list":{"0":"post-2105","1":"product","2":"type-product","3":"status-publish","5":"product_cat-maros-megyei-eletrajzi-lexikon","7":"first","8":"instock","9":"shipping-taxable","10":"product-type-simple"},"_links":{"self":[{"href":"https:\/\/uj.adatbank.ro\/lexikon\/wp-json\/wp\/v2\/product\/2105","targetHints":{"allow":["GET"]}}],"collection":[{"href":"https:\/\/uj.adatbank.ro\/lexikon\/wp-json\/wp\/v2\/product"}],"about":[{"href":"https:\/\/uj.adatbank.ro\/lexikon\/wp-json\/wp\/v2\/types\/product"}],"replies":[{"embeddable":true,"href":"https:\/\/uj.adatbank.ro\/lexikon\/wp-json\/wp\/v2\/comments?post=2105"}],"wp:attachment":[{"href":"https:\/\/uj.adatbank.ro\/lexikon\/wp-json\/wp\/v2\/media?parent=2105"}],"wp:term":[{"taxonomy":"product_brand","embeddable":true,"href":"https:\/\/uj.adatbank.ro\/lexikon\/wp-json\/wp\/v2\/product_brand?post=2105"},{"taxonomy":"product_cat","embeddable":true,"href":"https:\/\/uj.adatbank.ro\/lexikon\/wp-json\/wp\/v2\/product_cat?post=2105"},{"taxonomy":"product_tag","embeddable":true,"href":"https:\/\/uj.adatbank.ro\/lexikon\/wp-json\/wp\/v2\/product_tag?post=2105"}],"curies":[{"name":"wp","href":"https:\/\/api.w.org\/{rel}","templated":true}]}}