{"id":21053,"date":"2025-07-22T19:11:25","date_gmt":"2025-07-22T17:11:25","guid":{"rendered":"https:\/\/uj.adatbank.ro\/lexikon\/termek\/szabo-albert-4\/"},"modified":"2025-07-22T19:11:25","modified_gmt":"2025-07-22T17:11:25","slug":"szabo-albert-4","status":"publish","type":"product","link":"https:\/\/uj.adatbank.ro\/lexikon\/termek\/szabo-albert-4\/","title":{"rendered":"SZAB\u00d3 Albert"},"content":{"rendered":"<p>Sz\u00e1szr\u00e9gen, 1907. m\u00e1rc. 31. \u2020?: csizmadiamester, b\u0151ripari munk\u00e1s, igazgat\u00f3. \u2013 A mv.-i Unitatea Kisipari Sz\u00f6vetkezetben csizmadiak\u00e9nt dolgozott (1945\u2013), majd az akkor alakult, 42 munk\u00e1st foglalkoztat\u00f3, korl\u00e1tolt felel\u0151ss\u00e9g\u0171 Dermagant B\u0151r- \u00e9s Keszty\u0171gy\u00e1r igazgat\u00f3j\u00e1v\u00e1 nevezt\u00e9k ki (1945. m\u00e1rc. 5.). Szimpatiz\u00e1nsa volt az illegalit\u00e1sban tev\u00e9kenyked\u0151 RKP-nak, majd tagja lett a RMP-nak (1945\u2013). Az \u00e1llamos\u00edt\u00e1s id\u0151pontj\u00e1ban a gy\u00e1r nyersanyag hi\u00e1ny miatt, nem tudott termelni, csak karbantart\u00e1si munk\u00e1kat v\u00e9geztek. Miut\u00e1n egyes\u00edtett\u00e9k a t\u00f6bbi mv.-i hasonl\u00f3 profil\u00fa gy\u00e1rral (Mendel S\u00e1mson, Coh\u00e1n Gy\u00f6rgy, M\u00e1rton J\u00f3zsef \u00e9s a Kov\u00e1cs \u00e9s Kolozsv\u00e1ri gy\u00e1rakkal), a munkaer\u0151k sz\u00e1ma 75-re n\u0151tt, b\u0151v\u00fclt a g\u00e9ppark, \u00e9s az \u00faj gy\u00e1r felvette a Dermagant-\u00c1llami Iparv\u00e1llalat nevet, igazgat\u00f3ja szint\u00e9n Sz A. lett (1948 dec. 13). <br \/><strong>Irod.:<\/strong> Bartos Zolt\u00e1n; Berkovits Rudolf: A mv.-i \u00e1llamos\u00edtott Dermagant b\u0151rgy\u00e1r&#8230; N\u00e9p\u00fajs\u00e1g, 1948. okt. 1).<\/br><\/p>\n","protected":false},"excerpt":{"rendered":"<p>Sz\u00e1szr\u00e9gen, 1907. m\u00e1rc. 31. \u2020?: csizmadiamester, b\u0151ripari munk\u00e1s, igazgat\u00f3. \u2013 A mv.-i Unitatea Kisipari Sz\u00f6vetkezetben csizmadiak\u00e9nt dolgozott (1945\u2013), majd az akkor alakult, 42 munk\u00e1st foglalkoztat\u00f3, korl\u00e1tolt felel\u0151ss\u00e9g\u0171 Dermagant B\u0151r- \u00e9s Keszty\u0171gy\u00e1r igazgat\u00f3j\u00e1v\u00e1 nevezt\u00e9k ki (1945. m\u00e1rc. 5.). Szimpatiz\u00e1nsa volt az illegalit\u00e1sban tev\u00e9kenyked\u0151 RKP-nak, majd tagja lett a RMP-nak (1945\u2013). Az \u00e1llamos\u00edt\u00e1s id\u0151pontj\u00e1ban a gy\u00e1r nyersanyag [&hellip;]<\/p>\n","protected":false},"featured_media":0,"comment_status":"open","ping_status":"closed","template":"","meta":[],"product_brand":[],"product_cat":[137],"product_tag":[],"class_list":{"0":"post-21053","1":"product","2":"type-product","3":"status-publish","5":"product_cat-maros-megyei-eletrajzi-lexikon","7":"first","8":"instock","9":"shipping-taxable","10":"product-type-simple"},"_links":{"self":[{"href":"https:\/\/uj.adatbank.ro\/lexikon\/wp-json\/wp\/v2\/product\/21053","targetHints":{"allow":["GET"]}}],"collection":[{"href":"https:\/\/uj.adatbank.ro\/lexikon\/wp-json\/wp\/v2\/product"}],"about":[{"href":"https:\/\/uj.adatbank.ro\/lexikon\/wp-json\/wp\/v2\/types\/product"}],"replies":[{"embeddable":true,"href":"https:\/\/uj.adatbank.ro\/lexikon\/wp-json\/wp\/v2\/comments?post=21053"}],"wp:attachment":[{"href":"https:\/\/uj.adatbank.ro\/lexikon\/wp-json\/wp\/v2\/media?parent=21053"}],"wp:term":[{"taxonomy":"product_brand","embeddable":true,"href":"https:\/\/uj.adatbank.ro\/lexikon\/wp-json\/wp\/v2\/product_brand?post=21053"},{"taxonomy":"product_cat","embeddable":true,"href":"https:\/\/uj.adatbank.ro\/lexikon\/wp-json\/wp\/v2\/product_cat?post=21053"},{"taxonomy":"product_tag","embeddable":true,"href":"https:\/\/uj.adatbank.ro\/lexikon\/wp-json\/wp\/v2\/product_tag?post=21053"}],"curies":[{"name":"wp","href":"https:\/\/api.w.org\/{rel}","templated":true}]}}

SZABÓ Albert

<p>Szászrégen, 1907. márc. 31. †?: csizmadiamester, bőripari munkás, igazgató. – A mv.-i Unitatea Kisipari Szövetkezetben csizmadiaként dolgozott (1945–), majd az akkor alakult, 42 munkást foglalkoztató, korlátolt felelősségű Dermagant Bőr- és Kesztyűgyár igazgatójává nevezték ki (1945. márc. 5.). Szimpatizánsa volt az illegalitásban tevékenykedő RKP-nak, majd tagja lett a RMP-nak (1945–). Az államosítás időpontjában a gyár nyersanyag hiány miatt, nem tudott termelni, csak karbantartási munkákat végeztek. Miután egyesítették a többi mv.-i hasonló profilú gyárral (Mendel Sámson, Cohán György, Márton József és a Kovács és Kolozsvári gyárakkal), a munkaerők száma 75-re nőtt, bővült a géppark, és az új gyár felvette a Dermagant-Állami Iparvállalat nevet, igazgatója szintén Sz A. lett (1948 dec. 13). <br /><strong>Irod.:</strong> Bartos Zoltán; Berkovits Rudolf: A mv.-i államosított Dermagant bőrgyár&#8230; Népújság, 1948. okt. 1).</br></p>

<p>Szászrégen, 1907. márc. 31. †?: csizmadiamester, bőripari munkás, igazgató. – A mv.-i Unitatea Kisipari Szövetkezetben csizmadiaként dolgozott (1945–), majd az akkor alakult, 42 munkást foglalkoztató, korlátolt felelősségű Dermagant Bőr- és Kesztyűgyár igazgatójává nevezték ki (1945. márc. 5.). Szimpatizánsa volt az illegalitásban tevékenykedő RKP-nak, majd tagja lett a RMP-nak (1945–). Az államosítás időpontjában a gyár nyersanyag [&hellip;]</p>
