{"id":21057,"date":"2025-07-22T19:11:35","date_gmt":"2025-07-22T17:11:35","guid":{"rendered":"https:\/\/uj.adatbank.ro\/lexikon\/termek\/szabo-andras-3\/"},"modified":"2025-07-22T19:11:35","modified_gmt":"2025-07-22T17:11:35","slug":"szabo-andras-3","status":"publish","type":"product","link":"https:\/\/uj.adatbank.ro\/lexikon\/termek\/szabo-andras-3\/","title":{"rendered":"SZAB\u00d3 Andr\u00e1s"},"content":{"rendered":"<p>Sz\u00e1szr\u00e9gen, 1905. m\u00e1rc. 4., \u2020?: borb\u00e9ly. \u2013 G\u00f6rg\u00e9nyszentimr\u00e9n volt borb\u00e9ly. Letart\u00f3ztatt\u00e1k (1961. j\u00fan. 2.) \u00e9s a MAT Katonai \u00dcgy\u00e9szs\u00e9ge a t\u00e1rsadalmi rend elleni t\u00e9nyked\u00e9s v\u00e1dj\u00e1val \u00e1ll\u00edtotta b\u00edr\u00f3s\u00e1g el\u00e9. A v\u00e1d szerint rendszeresen hallgatta a Szabad Eur\u00f3pa R\u00e1di\u00f3t, a m. forradalom idej\u00e9n gyal\u00e1zta a Szovjetuni\u00f3t \u00e9s rendszerellenes szellemben komment\u00e1lta a szocialista orsz\u00e1gok \u00e1ll\u00e1spontj\u00e1t az esem\u00e9nyekkel kapcsolatban. \u2013 Irod: 1956 Erd\u00e9lyben.<\/br><\/p>\n","protected":false},"excerpt":{"rendered":"<p>Sz\u00e1szr\u00e9gen, 1905. m\u00e1rc. 4., \u2020?: borb\u00e9ly. \u2013 G\u00f6rg\u00e9nyszentimr\u00e9n volt borb\u00e9ly. Letart\u00f3ztatt\u00e1k (1961. j\u00fan. 2.) \u00e9s a MAT Katonai \u00dcgy\u00e9szs\u00e9ge a t\u00e1rsadalmi rend elleni t\u00e9nyked\u00e9s v\u00e1dj\u00e1val \u00e1ll\u00edtotta b\u00edr\u00f3s\u00e1g el\u00e9. A v\u00e1d szerint rendszeresen hallgatta a Szabad Eur\u00f3pa R\u00e1di\u00f3t, a m. forradalom idej\u00e9n gyal\u00e1zta a Szovjetuni\u00f3t \u00e9s rendszerellenes szellemben komment\u00e1lta a szocialista orsz\u00e1gok \u00e1ll\u00e1spontj\u00e1t az esem\u00e9nyekkel kapcsolatban. [&hellip;]<\/p>\n","protected":false},"featured_media":0,"comment_status":"open","ping_status":"closed","template":"","meta":[],"product_brand":[],"product_cat":[137],"product_tag":[],"class_list":{"0":"post-21057","1":"product","2":"type-product","3":"status-publish","5":"product_cat-maros-megyei-eletrajzi-lexikon","7":"first","8":"instock","9":"shipping-taxable","10":"product-type-simple"},"_links":{"self":[{"href":"https:\/\/uj.adatbank.ro\/lexikon\/wp-json\/wp\/v2\/product\/21057","targetHints":{"allow":["GET"]}}],"collection":[{"href":"https:\/\/uj.adatbank.ro\/lexikon\/wp-json\/wp\/v2\/product"}],"about":[{"href":"https:\/\/uj.adatbank.ro\/lexikon\/wp-json\/wp\/v2\/types\/product"}],"replies":[{"embeddable":true,"href":"https:\/\/uj.adatbank.ro\/lexikon\/wp-json\/wp\/v2\/comments?post=21057"}],"wp:attachment":[{"href":"https:\/\/uj.adatbank.ro\/lexikon\/wp-json\/wp\/v2\/media?parent=21057"}],"wp:term":[{"taxonomy":"product_brand","embeddable":true,"href":"https:\/\/uj.adatbank.ro\/lexikon\/wp-json\/wp\/v2\/product_brand?post=21057"},{"taxonomy":"product_cat","embeddable":true,"href":"https:\/\/uj.adatbank.ro\/lexikon\/wp-json\/wp\/v2\/product_cat?post=21057"},{"taxonomy":"product_tag","embeddable":true,"href":"https:\/\/uj.adatbank.ro\/lexikon\/wp-json\/wp\/v2\/product_tag?post=21057"}],"curies":[{"name":"wp","href":"https:\/\/api.w.org\/{rel}","templated":true}]}}

SZABÓ András

<p>Szászrégen, 1905. márc. 4., †?: borbély. – Görgényszentimrén volt borbély. Letartóztatták (1961. jún. 2.) és a MAT Katonai Ügyészsége a társadalmi rend elleni ténykedés vádjával állította bíróság elé. A vád szerint rendszeresen hallgatta a Szabad Európa Rádiót, a m. forradalom idején gyalázta a Szovjetuniót és rendszerellenes szellemben kommentálta a szocialista országok álláspontját az eseményekkel kapcsolatban. – Irod: 1956 Erdélyben.</br></p>

<p>Szászrégen, 1905. márc. 4., †?: borbély. – Görgényszentimrén volt borbély. Letartóztatták (1961. jún. 2.) és a MAT Katonai Ügyészsége a társadalmi rend elleni ténykedés vádjával állította bíróság elé. A vád szerint rendszeresen hallgatta a Szabad Európa Rádiót, a m. forradalom idején gyalázta a Szovjetuniót és rendszerellenes szellemben kommentálta a szocialista országok álláspontját az eseményekkel kapcsolatban. [&hellip;]</p>
