{"id":21059,"date":"2025-07-22T19:11:39","date_gmt":"2025-07-22T17:11:39","guid":{"rendered":"https:\/\/uj.adatbank.ro\/lexikon\/termek\/szabo-andras-5\/"},"modified":"2025-07-22T19:11:39","modified_gmt":"2025-07-22T17:11:39","slug":"szabo-andras-5","status":"publish","type":"product","link":"https:\/\/uj.adatbank.ro\/lexikon\/termek\/szabo-andras-5\/","title":{"rendered":"SZAB\u00d3 Andr\u00e1s"},"content":{"rendered":"<p>Radn\u00f3t, 1928. febr. 19., \u2020?: jog\u00e1sz. \u2013 Tanult Kv.-on a BTE-n (1946\u201347) \u00e9s az ELTE jogi kar\u00e1n (1950\u201353). A MTA \u00c1llam- \u00e9s Jogtudom\u00e1nyi Int\u00e9zet munkat\u00e1rsa (1953\u201390), a b\u00fcntet\u0151jogi \u00e9s kriminol\u00f3giai f\u0151oszt\u00e1ly vezet\u0151je; az Alkotm\u00e1nyb\u00edr\u00f3s\u00e1g tagja (1990\u2013); egyetemi tan\u00e1r (1992\u2013). Az \u00c1llam \u00e9s jogtudom\u00e1ny kandid\u00e1tusa (1968), doktor\u00e1lt (1983). D\u00edjak: Akad\u00e9miai Nagyd\u00edj (1983); V\u00e1mb\u00e9ry Rusztem eml\u00e9k\u00e9rem (1985). A Magyar Kriminol\u00f3giai T\u00e1rsas\u00e1g alap\u00edt\u00f3 tagja, eln\u00f6ke (1988\u2013), a montreali \u00d6sszehasonl\u00edt\u00f3 Kriminol\u00f3giai Int\u00e9zet tud. tan\u00e1cs. tagja; a MTA \u00c1ll. \u2013\u00e9s Jogtudom\u00e1nyi Bizotts\u00e1g eln\u00f6ke (1990\u2013). Kutat\u00e1si ter\u00fclete: fiatalkor\u00faak b\u0171ntet\u0151joga \u00e9s b\u0171n\u00f6z\u00e9se, kriminol\u00f3gia, a b\u0171n\u00f6z\u00e9s telep\u00fcl\u00e9sh\u00e1l\u00f3zati megoszl\u00e1sa \u00e9s annak t\u00e1rsadalmi \u2013 gazdas\u00e1gi vet\u00fclete, a t\u00e1rs. \u2013gazd. fejl\u0151d\u00e9s \u00e9s a b\u0171n\u00f6z\u00e9s \u00f6sszef\u00fcgg\u00e9sei. \u2013 <strong>F. m.<\/strong>: A fiatalkor\u00faak \u00e9s a b\u00fcntet\u0151jog (Bp., 1961); A b\u00fcntetett \u00e9s b\u00fcntet\u00e9se (Bp., 1972); B\u0171n\u00f6z\u00e9s \u2013 ember \u2013 t\u00e1rsadalom (1980); T\u00e1rsadalmi-gazdas\u00e1gi fejl\u0151d\u00e9s \u00e9s a fiatal koroszt\u00e1lyok b\u0171n\u00f6z\u00e9se (1973); A visszaes\u0151 b\u0171n\u00f6z\u00e9s progn\u00f3zisa 1980 \u2013 85-\u00f6s \u00e9vekre (1980); Igazs\u00e1gosan vagy okosan?: Jogtudom\u00e1nyi \u00e9rtekez\u00e9sek (1993); Jog\u00e1llami forradalom \u00e9s a b\u00fcntet\u0151jog alkotm\u00e1nyos legitimit\u00e1sa (2000). <br \/><strong>Irod.:<\/strong> MNL; MNKK.<\/br><\/p>\n","protected":false},"excerpt":{"rendered":"<p>Radn\u00f3t, 1928. febr. 19., \u2020?: jog\u00e1sz. \u2013 Tanult Kv.-on a BTE-n (1946\u201347) \u00e9s az ELTE jogi kar\u00e1n (1950\u201353). A MTA \u00c1llam- \u00e9s Jogtudom\u00e1nyi Int\u00e9zet munkat\u00e1rsa (1953\u201390), a b\u00fcntet\u0151jogi \u00e9s kriminol\u00f3giai f\u0151oszt\u00e1ly vezet\u0151je; az Alkotm\u00e1nyb\u00edr\u00f3s\u00e1g tagja (1990\u2013); egyetemi tan\u00e1r (1992\u2013). Az \u00c1llam \u00e9s jogtudom\u00e1ny kandid\u00e1tusa (1968), doktor\u00e1lt (1983). D\u00edjak: Akad\u00e9miai Nagyd\u00edj (1983); V\u00e1mb\u00e9ry Rusztem eml\u00e9k\u00e9rem (1985). [&hellip;]<\/p>\n","protected":false},"featured_media":0,"comment_status":"open","ping_status":"closed","template":"","meta":[],"product_brand":[],"product_cat":[137],"product_tag":[],"class_list":{"0":"post-21059","1":"product","2":"type-product","3":"status-publish","5":"product_cat-maros-megyei-eletrajzi-lexikon","7":"first","8":"instock","9":"shipping-taxable","10":"product-type-simple"},"_links":{"self":[{"href":"https:\/\/uj.adatbank.ro\/lexikon\/wp-json\/wp\/v2\/product\/21059","targetHints":{"allow":["GET"]}}],"collection":[{"href":"https:\/\/uj.adatbank.ro\/lexikon\/wp-json\/wp\/v2\/product"}],"about":[{"href":"https:\/\/uj.adatbank.ro\/lexikon\/wp-json\/wp\/v2\/types\/product"}],"replies":[{"embeddable":true,"href":"https:\/\/uj.adatbank.ro\/lexikon\/wp-json\/wp\/v2\/comments?post=21059"}],"wp:attachment":[{"href":"https:\/\/uj.adatbank.ro\/lexikon\/wp-json\/wp\/v2\/media?parent=21059"}],"wp:term":[{"taxonomy":"product_brand","embeddable":true,"href":"https:\/\/uj.adatbank.ro\/lexikon\/wp-json\/wp\/v2\/product_brand?post=21059"},{"taxonomy":"product_cat","embeddable":true,"href":"https:\/\/uj.adatbank.ro\/lexikon\/wp-json\/wp\/v2\/product_cat?post=21059"},{"taxonomy":"product_tag","embeddable":true,"href":"https:\/\/uj.adatbank.ro\/lexikon\/wp-json\/wp\/v2\/product_tag?post=21059"}],"curies":[{"name":"wp","href":"https:\/\/api.w.org\/{rel}","templated":true}]}}

SZABÓ András

<p>Radnót, 1928. febr. 19., †?: jogász. – Tanult Kv.-on a BTE-n (1946–47) és az ELTE jogi karán (1950–53). A MTA Állam- és Jogtudományi Intézet munkatársa (1953–90), a büntetőjogi és kriminológiai főosztály vezetője; az Alkotmánybíróság tagja (1990–); egyetemi tanár (1992–). Az Állam és jogtudomány kandidátusa (1968), doktorált (1983). Díjak: Akadémiai Nagydíj (1983); Vámbéry Rusztem emlékérem (1985). A Magyar Kriminológiai Társaság alapító tagja, elnöke (1988–), a montreali Összehasonlító Kriminológiai Intézet tud. tanács. tagja; a MTA Áll. –és Jogtudományi Bizottság elnöke (1990–). Kutatási területe: fiatalkorúak bűntetőjoga és bűnözése, kriminológia, a bűnözés településhálózati megoszlása és annak társadalmi – gazdasági vetülete, a társ. –gazd. fejlődés és a bűnözés összefüggései. – <strong>F. m.</strong>: A fiatalkorúak és a büntetőjog (Bp., 1961); A büntetett és büntetése (Bp., 1972); Bűnözés – ember – társadalom (1980); Társadalmi-gazdasági fejlődés és a fiatal korosztályok bűnözése (1973); A visszaeső bűnözés prognózisa 1980 – 85-ös évekre (1980); Igazságosan vagy okosan?: Jogtudományi értekezések (1993); Jogállami forradalom és a büntetőjog alkotmányos legitimitása (2000). <br /><strong>Irod.:</strong> MNL; MNKK.</br></p>

<p>Radnót, 1928. febr. 19., †?: jogász. – Tanult Kv.-on a BTE-n (1946–47) és az ELTE jogi karán (1950–53). A MTA Állam- és Jogtudományi Intézet munkatársa (1953–90), a büntetőjogi és kriminológiai főosztály vezetője; az Alkotmánybíróság tagja (1990–); egyetemi tanár (1992–). Az Állam és jogtudomány kandidátusa (1968), doktorált (1983). Díjak: Akadémiai Nagydíj (1983); Vámbéry Rusztem emlékérem (1985). [&hellip;]</p>
