{"id":2106,"date":"2025-06-28T12:03:56","date_gmt":"2025-06-28T10:03:56","guid":{"rendered":"https:\/\/uj.adatbank.ro\/lexikon\/termek\/baltatu-olivia-livia\/"},"modified":"2025-06-28T12:03:56","modified_gmt":"2025-06-28T10:03:56","slug":"baltatu-olivia-livia","status":"publish","type":"product","link":"https:\/\/uj.adatbank.ro\/lexikon\/termek\/baltatu-olivia-livia\/","title":{"rendered":"B\u0102L\u0162ATU Olivia Livia"},"content":{"rendered":"<p>Dics\u0151szentm\u00e1rton, 1914, \u2020 Dics\u0151szentm\u00e1rton, 1996 : m\u0171szaki rajzol\u00f3, fest\u0151m\u0171v\u00e9sz. \u2013 K\u00f6z\u00e9piskola elv\u00e9gz\u00e9se ut\u00e1n m\u0171szaki rajzol\u00f3 volt a mv.-i Ocolul Sivic erd\u00e9szeti hivatalban. R\u00e9szt vett a helyi, megyei \u00e9s orzs\u00e1gos ki\u00e1ll\u00edt\u00e1sokon (1969\u201382). Grafik\u00e1it, festm\u00e9nyeit ki\u00e1ll\u00edtotta a sz\u00fcl\u0151v\u00e1rosa kulturotthon\u00e1ban, a mv.-i Kult\u00farpalot\u00e1ban \u00e9s a buk.-i Dalles teremben. <br \/><strong>Irod.:<\/strong> Moldovan, Iuliu: Art\u0103 plastic\u0103 t\u00e2rn\u0103vean\u0103: repere culturale (Tg. M., 2008)<\/br><\/p>\n","protected":false},"excerpt":{"rendered":"<p>Dics\u0151szentm\u00e1rton, 1914, \u2020 Dics\u0151szentm\u00e1rton, 1996 : m\u0171szaki rajzol\u00f3, fest\u0151m\u0171v\u00e9sz. \u2013 K\u00f6z\u00e9piskola elv\u00e9gz\u00e9se ut\u00e1n m\u0171szaki rajzol\u00f3 volt a mv.-i Ocolul Sivic erd\u00e9szeti hivatalban. R\u00e9szt vett a helyi, megyei \u00e9s orzs\u00e1gos ki\u00e1ll\u00edt\u00e1sokon (1969\u201382). Grafik\u00e1it, festm\u00e9nyeit ki\u00e1ll\u00edtotta a sz\u00fcl\u0151v\u00e1rosa kulturotthon\u00e1ban, a mv.-i Kult\u00farpalot\u00e1ban \u00e9s a buk.-i Dalles teremben. Irod.: Moldovan, Iuliu: Art\u0103 plastic\u0103 t\u00e2rn\u0103vean\u0103: repere culturale (Tg. M., [&hellip;]<\/p>\n","protected":false},"featured_media":0,"comment_status":"open","ping_status":"closed","template":"","meta":[],"product_brand":[],"product_cat":[137],"product_tag":[],"class_list":{"0":"post-2106","1":"product","2":"type-product","3":"status-publish","5":"product_cat-maros-megyei-eletrajzi-lexikon","7":"first","8":"instock","9":"shipping-taxable","10":"product-type-simple"},"_links":{"self":[{"href":"https:\/\/uj.adatbank.ro\/lexikon\/wp-json\/wp\/v2\/product\/2106","targetHints":{"allow":["GET"]}}],"collection":[{"href":"https:\/\/uj.adatbank.ro\/lexikon\/wp-json\/wp\/v2\/product"}],"about":[{"href":"https:\/\/uj.adatbank.ro\/lexikon\/wp-json\/wp\/v2\/types\/product"}],"replies":[{"embeddable":true,"href":"https:\/\/uj.adatbank.ro\/lexikon\/wp-json\/wp\/v2\/comments?post=2106"}],"wp:attachment":[{"href":"https:\/\/uj.adatbank.ro\/lexikon\/wp-json\/wp\/v2\/media?parent=2106"}],"wp:term":[{"taxonomy":"product_brand","embeddable":true,"href":"https:\/\/uj.adatbank.ro\/lexikon\/wp-json\/wp\/v2\/product_brand?post=2106"},{"taxonomy":"product_cat","embeddable":true,"href":"https:\/\/uj.adatbank.ro\/lexikon\/wp-json\/wp\/v2\/product_cat?post=2106"},{"taxonomy":"product_tag","embeddable":true,"href":"https:\/\/uj.adatbank.ro\/lexikon\/wp-json\/wp\/v2\/product_tag?post=2106"}],"curies":[{"name":"wp","href":"https:\/\/api.w.org\/{rel}","templated":true}]}}

BĂLŢATU Olivia Livia

<p>Dicsőszentmárton, 1914, † Dicsőszentmárton, 1996 : műszaki rajzoló, festőművész. – Középiskola elvégzése után műszaki rajzoló volt a mv.-i Ocolul Sivic erdészeti hivatalban. Részt vett a helyi, megyei és orzságos kiállításokon (1969–82). Grafikáit, festményeit kiállította a szülővárosa kulturotthonában, a mv.-i Kultúrpalotában és a buk.-i Dalles teremben. <br /><strong>Irod.:</strong> Moldovan, Iuliu: Artă plastică târnăveană: repere culturale (Tg. M., 2008)</br></p>

<p>Dicsőszentmárton, 1914, † Dicsőszentmárton, 1996 : műszaki rajzoló, festőművész. – Középiskola elvégzése után műszaki rajzoló volt a mv.-i Ocolul Sivic erdészeti hivatalban. Részt vett a helyi, megyei és orzságos kiállításokon (1969–82). Grafikáit, festményeit kiállította a szülővárosa kulturotthonában, a mv.-i Kultúrpalotában és a buk.-i Dalles teremben. Irod.: Moldovan, Iuliu: Artă plastică târnăveană: repere culturale (Tg. M., [&hellip;]</p>
