{"id":21069,"date":"2025-07-22T19:12:01","date_gmt":"2025-07-22T17:12:01","guid":{"rendered":"https:\/\/uj.adatbank.ro\/lexikon\/termek\/szabo-balint-segesvari\/"},"modified":"2025-07-22T19:12:01","modified_gmt":"2025-07-22T17:12:01","slug":"szabo-balint-segesvari","status":"publish","type":"product","link":"https:\/\/uj.adatbank.ro\/lexikon\/termek\/szabo-balint-segesvari\/","title":{"rendered":"SZAB\u00d3 B\u00e1lint (segesv\u00e1ri)"},"content":{"rendered":"<p>Kv., 1600\u20131654 ut\u00e1n. \u2013 Kr\u00f3nika \u00edr\u00f3. \u2013 <strong>F. m.<\/strong>: Napl\u00f3, 1606\u20131654. <br \/><strong>Irod.:<\/strong> Kelemen.<\/br><\/p>\n","protected":false},"excerpt":{"rendered":"<p>Kv., 1600\u20131654 ut\u00e1n. \u2013 Kr\u00f3nika \u00edr\u00f3. \u2013 F. m.: Napl\u00f3, 1606\u20131654. Irod.: Kelemen.<\/p>\n","protected":false},"featured_media":0,"comment_status":"open","ping_status":"closed","template":"","meta":[],"product_brand":[],"product_cat":[137],"product_tag":[],"class_list":{"0":"post-21069","1":"product","2":"type-product","3":"status-publish","5":"product_cat-maros-megyei-eletrajzi-lexikon","7":"first","8":"instock","9":"shipping-taxable","10":"product-type-simple"},"_links":{"self":[{"href":"https:\/\/uj.adatbank.ro\/lexikon\/wp-json\/wp\/v2\/product\/21069","targetHints":{"allow":["GET"]}}],"collection":[{"href":"https:\/\/uj.adatbank.ro\/lexikon\/wp-json\/wp\/v2\/product"}],"about":[{"href":"https:\/\/uj.adatbank.ro\/lexikon\/wp-json\/wp\/v2\/types\/product"}],"replies":[{"embeddable":true,"href":"https:\/\/uj.adatbank.ro\/lexikon\/wp-json\/wp\/v2\/comments?post=21069"}],"wp:attachment":[{"href":"https:\/\/uj.adatbank.ro\/lexikon\/wp-json\/wp\/v2\/media?parent=21069"}],"wp:term":[{"taxonomy":"product_brand","embeddable":true,"href":"https:\/\/uj.adatbank.ro\/lexikon\/wp-json\/wp\/v2\/product_brand?post=21069"},{"taxonomy":"product_cat","embeddable":true,"href":"https:\/\/uj.adatbank.ro\/lexikon\/wp-json\/wp\/v2\/product_cat?post=21069"},{"taxonomy":"product_tag","embeddable":true,"href":"https:\/\/uj.adatbank.ro\/lexikon\/wp-json\/wp\/v2\/product_tag?post=21069"}],"curies":[{"name":"wp","href":"https:\/\/api.w.org\/{rel}","templated":true}]}}