{"id":21072,"date":"2025-07-22T19:12:08","date_gmt":"2025-07-22T17:12:08","guid":{"rendered":"https:\/\/uj.adatbank.ro\/lexikon\/termek\/szabo-balint-3\/"},"modified":"2025-07-22T19:12:08","modified_gmt":"2025-07-22T17:12:08","slug":"szabo-balint-3","status":"publish","type":"product","link":"https:\/\/uj.adatbank.ro\/lexikon\/termek\/szabo-balint-3\/","title":{"rendered":"SZAB\u00d3 B\u00e1lint"},"content":{"rendered":"<p>Ny\u00e1r\u00e1dszentimre, 1915. j\u00fal. 10., \u2020\u00a01983. nov. 12.: ref. lelk\u00e9sz, tan\u00e1r, helyt\u00f6rt\u00e9neti \u00e9s n\u00e9prajzi szak\u00edr\u00f3. \u2013 Tanult Ny\u00e1r\u00e1dszentimr\u00e9n a ref. elemi iskol\u00e1ban (1922\u201325), Havadt\u0151n a ref. \u00e1ltal\u00e1nos iskol\u00e1ban (1925\u201328), Mv.-en a Ref. Koll.-ban (1928\u201336), Kv.-on a Ref. Teol.-\u00e1n, ahol lelk\u00e9szi k\u00e9pes\u00edt\u00e9st nyert (1937\u201342), majd a BTE magyar-etnogr\u00e1fia kar\u00e1n tan\u00e1ri oklevelet szerzett (1942). Erd\u0151szentgy\u00f6rgy\u00f6n seg\u00e9dlelk\u00e9sz (1942\u201344), Atosfalv\u00e1n lelk\u00e9sz (1944\u201347). Tan\u00e1r, iskolaigazgat\u00f3 Makfalv\u00e1n a vegyes gimn.-ban (1947\u201348, 1949\u20131955. m\u00e1rc.), tanfel\u00fcgyel\u0151 Erd\u0151szentgy\u00f6rgy\u00f6n (1955\u201361), Mv-en m. szakos rajoni tanfel\u00fcgyel\u0151 (1961\u201368), tan\u00e1r a 13. sz. (1968\u201369) \u00e9s a 9. sz. \u00c1ltal\u00e1nos iskol\u00e1ban nyugd\u00edjaz\u00e1s\u00e1ig (1969\u201375). Els\u0151 n\u00e9prajzi \u00edr\u00e1s\u00e1t a ny\u00e1r\u00e1dszentimrei h\u00fasv\u00e9ti szok\u00e1sokr\u00f3l az: Erd\u00e9ly k\u00f6z\u00f6lte (1938), pedag\u00f3giai \u00e9s n\u00e9prajzi t\u00e1rgy\u00fa cikkei tanulm\u00e1nyai a Tan\u00fcgyi \u00dajs\u00e1g, A H\u00e9t, M\u0171vel\u0151d\u00e9s, V.Z.., N\u00e9pismereti Dolgozatok (Az \u00e9tkez\u00e9s rendje Ny\u00e1r\u00e1dszentimr\u00e9n, (1981), TETT-ben jelentek meg. \u2013 <strong>F. m.<\/strong>: H\u00fasv\u00e9ti n\u00e9pszok\u00e1sok Ny\u00e1r\u00e1dszentimr\u00e9n = Erd\u00e9ly (1938); Adal\u00e9kok t\u00e9li hagyom\u00e1nyaink ismertet\u00e9s\u00e9hez (1939); <strong>t\u00e1rssz.:<\/strong> T\u00e9li n\u00e9phagyom\u00e1nyok (Makkai Endr\u00e9vel \u00e9s Nagy \u00d6d\u00f6nnel, Kv., 1938); N\u00e9pismereti dolgozatok 1981. (Buk., 1981), k\u00e9zirat: Kal\u00e1ka \u00e9s k\u00f6lcs\u00f6nmunka a t\u00e1rsas munk\u00e1k rendszer\u00e9ben Ny\u00e1r\u00e1dszentimr\u00e9n (Mv., 1980); Hagyom\u00e1nyos munkaszervez\u00e9s Ny\u00e1r\u00e1dszentimr\u00e9n sz\u00e1zadunk els\u0151 fel\u00e9ben (Mv., 1980); T\u00e9li \u00e9s tavaszi n\u00e9pszok\u00e1sok Ny\u00e1r\u00e1dszentimr\u00e9n (Mv., 1981); Ny\u00e1r\u00e1dszentimre monogr\u00e1fi\u00e1ja (Mv., 1982). <br \/><strong>Irod.:<\/strong> Kusz\u00e1lik; Makfalvi okt. t\u00f6rt.; Nagy \u00d6d\u00f6n; RMIL; Sz\u00e9kelyf\u00f6ld \u00ed. k.; Tett (1981, 1982).<\/br><\/p>\n","protected":false},"excerpt":{"rendered":"<p>Ny\u00e1r\u00e1dszentimre, 1915. j\u00fal. 10., \u2020\u00a01983. nov. 12.: ref. lelk\u00e9sz, tan\u00e1r, helyt\u00f6rt\u00e9neti \u00e9s n\u00e9prajzi szak\u00edr\u00f3. \u2013 Tanult Ny\u00e1r\u00e1dszentimr\u00e9n a ref. elemi iskol\u00e1ban (1922\u201325), Havadt\u0151n a ref. \u00e1ltal\u00e1nos iskol\u00e1ban (1925\u201328), Mv.-en a Ref. Koll.-ban (1928\u201336), Kv.-on a Ref. Teol.-\u00e1n, ahol lelk\u00e9szi k\u00e9pes\u00edt\u00e9st nyert (1937\u201342), majd a BTE magyar-etnogr\u00e1fia kar\u00e1n tan\u00e1ri oklevelet szerzett (1942). Erd\u0151szentgy\u00f6rgy\u00f6n seg\u00e9dlelk\u00e9sz (1942\u201344), Atosfalv\u00e1n [&hellip;]<\/p>\n","protected":false},"featured_media":0,"comment_status":"open","ping_status":"closed","template":"","meta":[],"product_brand":[],"product_cat":[137],"product_tag":[],"class_list":{"0":"post-21072","1":"product","2":"type-product","3":"status-publish","5":"product_cat-maros-megyei-eletrajzi-lexikon","7":"first","8":"instock","9":"shipping-taxable","10":"product-type-simple"},"_links":{"self":[{"href":"https:\/\/uj.adatbank.ro\/lexikon\/wp-json\/wp\/v2\/product\/21072","targetHints":{"allow":["GET"]}}],"collection":[{"href":"https:\/\/uj.adatbank.ro\/lexikon\/wp-json\/wp\/v2\/product"}],"about":[{"href":"https:\/\/uj.adatbank.ro\/lexikon\/wp-json\/wp\/v2\/types\/product"}],"replies":[{"embeddable":true,"href":"https:\/\/uj.adatbank.ro\/lexikon\/wp-json\/wp\/v2\/comments?post=21072"}],"wp:attachment":[{"href":"https:\/\/uj.adatbank.ro\/lexikon\/wp-json\/wp\/v2\/media?parent=21072"}],"wp:term":[{"taxonomy":"product_brand","embeddable":true,"href":"https:\/\/uj.adatbank.ro\/lexikon\/wp-json\/wp\/v2\/product_brand?post=21072"},{"taxonomy":"product_cat","embeddable":true,"href":"https:\/\/uj.adatbank.ro\/lexikon\/wp-json\/wp\/v2\/product_cat?post=21072"},{"taxonomy":"product_tag","embeddable":true,"href":"https:\/\/uj.adatbank.ro\/lexikon\/wp-json\/wp\/v2\/product_tag?post=21072"}],"curies":[{"name":"wp","href":"https:\/\/api.w.org\/{rel}","templated":true}]}}

SZABÓ Bálint

<p>Nyárádszentimre, 1915. júl. 10., † 1983. nov. 12.: ref. lelkész, tanár, helytörténeti és néprajzi szakíró. – Tanult Nyárádszentimrén a ref. elemi iskolában (1922–25), Havadtőn a ref. általános iskolában (1925–28), Mv.-en a Ref. Koll.-ban (1928–36), Kv.-on a Ref. Teol.-án, ahol lelkészi képesítést nyert (1937–42), majd a BTE magyar-etnográfia karán tanári oklevelet szerzett (1942). Erdőszentgyörgyön segédlelkész (1942–44), Atosfalván lelkész (1944–47). Tanár, iskolaigazgató Makfalván a vegyes gimn.-ban (1947–48, 1949–1955. márc.), tanfelügyelő Erdőszentgyörgyön (1955–61), Mv-en m. szakos rajoni tanfelügyelő (1961–68), tanár a 13. sz. (1968–69) és a 9. sz. Általános iskolában nyugdíjazásáig (1969–75). Első néprajzi írását a nyárádszentimrei húsvéti szokásokról az: Erdély közölte (1938), pedagógiai és néprajzi tárgyú cikkei tanulmányai a Tanügyi Újság, A Hét, Művelődés, V.Z.., Népismereti Dolgozatok (Az étkezés rendje Nyárádszentimrén, (1981), TETT-ben jelentek meg. – <strong>F. m.</strong>: Húsvéti népszokások Nyárádszentimrén = Erdély (1938); Adalékok téli hagyományaink ismertetéséhez (1939); <strong>társsz.:</strong> Téli néphagyományok (Makkai Endrével és Nagy Ödönnel, Kv., 1938); Népismereti dolgozatok 1981. (Buk., 1981), kézirat: Kaláka és kölcsönmunka a társas munkák rendszerében Nyárádszentimrén (Mv., 1980); Hagyományos munkaszervezés Nyárádszentimrén századunk első felében (Mv., 1980); Téli és tavaszi népszokások Nyárádszentimrén (Mv., 1981); Nyárádszentimre monográfiája (Mv., 1982). <br /><strong>Irod.:</strong> Kuszálik; Makfalvi okt. tört.; Nagy Ödön; RMIL; Székelyföld í. k.; Tett (1981, 1982).</br></p>

<p>Nyárádszentimre, 1915. júl. 10., † 1983. nov. 12.: ref. lelkész, tanár, helytörténeti és néprajzi szakíró. – Tanult Nyárádszentimrén a ref. elemi iskolában (1922–25), Havadtőn a ref. általános iskolában (1925–28), Mv.-en a Ref. Koll.-ban (1928–36), Kv.-on a Ref. Teol.-án, ahol lelkészi képesítést nyert (1937–42), majd a BTE magyar-etnográfia karán tanári oklevelet szerzett (1942). Erdőszentgyörgyön segédlelkész (1942–44), Atosfalván [&hellip;]</p>
