{"id":21073,"date":"2025-07-22T19:12:10","date_gmt":"2025-07-22T17:12:10","guid":{"rendered":"https:\/\/uj.adatbank.ro\/lexikon\/termek\/szabo-barna-v-barnabas\/"},"modified":"2025-07-22T19:12:10","modified_gmt":"2025-07-22T17:12:10","slug":"szabo-barna-v-barnabas","status":"publish","type":"product","link":"https:\/\/uj.adatbank.ro\/lexikon\/termek\/szabo-barna-v-barnabas\/","title":{"rendered":"SZAB\u00d3 Barna v. Barnab\u00e1s"},"content":{"rendered":"<p>Mv., 1935: grafikus. Nagyv\u00e1radon \u00e9l. \u2013 A mv.-i K\u00e9pz\u0151m\u0171v\u00e9szeti L\u00edceumban v\u00e9gzett. A kv.-i Ion Andreescu k\u00e9pz\u0151m\u0171v. f\u0151isk. grafika szak\u00e1n v\u00e9gzett (1960). Ki\u00e1ll\u00edtott a megyei t\u00e1rlatokon. Koponyas\u00e9r\u00fcl\u00e9st szenvedett (1965). T\u00f6bb grafikai bien\u00e1l\u00e9n szerepelt (1970\u20131971). Dolgozott a nagyv\u00e1radi b\u00e1bsz\u00ednh\u00e1zban, majd a megyei m\u00fazeumban grafikus. A grafik\u00e1i \u00e1ltal ismert\u00e9 lett Eur\u00f3pa sz\u00e1mos orsz\u00e1g\u00e1ban, Amerik\u00e1ban. A nagyv\u00e1radi egyh\u00e1zmegye kegyszereir\u0151l k\u00e9sz\u00fclt \u00f6n\u00e1ll\u00f3 albuma. \u00dajabb baleset ut\u00e1n teljesen le\u00e9p\u00fclt. (1991). <br \/><strong>Irod.:<\/strong> Arck\u00e9pcsarnok (Igaz Sz\u00f3, 1972. sz.); Katona Szab\u00f3 Istv\u00e1n: Az \u00daj \u00c9let lexikona, 148. (\u00daj \u00c9let, 17. sz. 1976.); RMIL; Szab\u00f3\u2013K\u00e1llai.<\/br><\/p>\n","protected":false},"excerpt":{"rendered":"<p>Mv., 1935: grafikus. Nagyv\u00e1radon \u00e9l. \u2013 A mv.-i K\u00e9pz\u0151m\u0171v\u00e9szeti L\u00edceumban v\u00e9gzett. A kv.-i Ion Andreescu k\u00e9pz\u0151m\u0171v. f\u0151isk. grafika szak\u00e1n v\u00e9gzett (1960). Ki\u00e1ll\u00edtott a megyei t\u00e1rlatokon. Koponyas\u00e9r\u00fcl\u00e9st szenvedett (1965). T\u00f6bb grafikai bien\u00e1l\u00e9n szerepelt (1970\u20131971). Dolgozott a nagyv\u00e1radi b\u00e1bsz\u00ednh\u00e1zban, majd a megyei m\u00fazeumban grafikus. A grafik\u00e1i \u00e1ltal ismert\u00e9 lett Eur\u00f3pa sz\u00e1mos orsz\u00e1g\u00e1ban, Amerik\u00e1ban. A nagyv\u00e1radi egyh\u00e1zmegye kegyszereir\u0151l [&hellip;]<\/p>\n","protected":false},"featured_media":0,"comment_status":"open","ping_status":"closed","template":"","meta":[],"product_brand":[],"product_cat":[137],"product_tag":[],"class_list":{"0":"post-21073","1":"product","2":"type-product","3":"status-publish","5":"product_cat-maros-megyei-eletrajzi-lexikon","7":"first","8":"instock","9":"shipping-taxable","10":"product-type-simple"},"_links":{"self":[{"href":"https:\/\/uj.adatbank.ro\/lexikon\/wp-json\/wp\/v2\/product\/21073","targetHints":{"allow":["GET"]}}],"collection":[{"href":"https:\/\/uj.adatbank.ro\/lexikon\/wp-json\/wp\/v2\/product"}],"about":[{"href":"https:\/\/uj.adatbank.ro\/lexikon\/wp-json\/wp\/v2\/types\/product"}],"replies":[{"embeddable":true,"href":"https:\/\/uj.adatbank.ro\/lexikon\/wp-json\/wp\/v2\/comments?post=21073"}],"wp:attachment":[{"href":"https:\/\/uj.adatbank.ro\/lexikon\/wp-json\/wp\/v2\/media?parent=21073"}],"wp:term":[{"taxonomy":"product_brand","embeddable":true,"href":"https:\/\/uj.adatbank.ro\/lexikon\/wp-json\/wp\/v2\/product_brand?post=21073"},{"taxonomy":"product_cat","embeddable":true,"href":"https:\/\/uj.adatbank.ro\/lexikon\/wp-json\/wp\/v2\/product_cat?post=21073"},{"taxonomy":"product_tag","embeddable":true,"href":"https:\/\/uj.adatbank.ro\/lexikon\/wp-json\/wp\/v2\/product_tag?post=21073"}],"curies":[{"name":"wp","href":"https:\/\/api.w.org\/{rel}","templated":true}]}}

SZABÓ Barna v. Barnabás

<p>Mv., 1935: grafikus. Nagyváradon él. – A mv.-i Képzőművészeti Líceumban végzett. A kv.-i Ion Andreescu képzőműv. főisk. grafika szakán végzett (1960). Kiállított a megyei tárlatokon. Koponyasérülést szenvedett (1965). Több grafikai bienálén szerepelt (1970–1971). Dolgozott a nagyváradi bábszínházban, majd a megyei múzeumban grafikus. A grafikái által ismerté lett Európa számos országában, Amerikában. A nagyváradi egyházmegye kegyszereiről készült önálló albuma. Újabb baleset után teljesen leépült. (1991). <br /><strong>Irod.:</strong> Arcképcsarnok (Igaz Szó, 1972. sz.); Katona Szabó István: Az Új Élet lexikona, 148. (Új Élet, 17. sz. 1976.); RMIL; Szabó–Kállai.</br></p>

<p>Mv., 1935: grafikus. Nagyváradon él. – A mv.-i Képzőművészeti Líceumban végzett. A kv.-i Ion Andreescu képzőműv. főisk. grafika szakán végzett (1960). Kiállított a megyei tárlatokon. Koponyasérülést szenvedett (1965). Több grafikai bienálén szerepelt (1970–1971). Dolgozott a nagyváradi bábszínházban, majd a megyei múzeumban grafikus. A grafikái által ismerté lett Európa számos országában, Amerikában. A nagyváradi egyházmegye kegyszereiről [&hellip;]</p>
