{"id":21075,"date":"2025-07-22T19:12:15","date_gmt":"2025-07-22T17:12:15","guid":{"rendered":"https:\/\/uj.adatbank.ro\/lexikon\/termek\/szabo-bela-2\/"},"modified":"2025-07-22T19:12:15","modified_gmt":"2025-07-22T17:12:15","slug":"szabo-bela-2","status":"publish","type":"product","link":"https:\/\/uj.adatbank.ro\/lexikon\/termek\/szabo-bela-2\/","title":{"rendered":"SZAB\u00d3 B\u00e9la"},"content":{"rendered":"<p>Kv., 1877. m\u00e1rc. 25., \u2020?: jog\u00e1sz, kir. k\u00f6zjegyz\u0151. \u2013 Tanulm\u00e1nyait Kv.-on Bp.-en v\u00e9gezte. \u00dcgyv\u00e9di doktor\u00e1tust szerzett. \u00dcgyv\u00e9di gyakorlat\u00e1t Sz\u00e1szr\u00e9genben kezdte (1903). A t\u00e1rsadalmi \u00e9let kiemelked\u0151 alakja a MP Maros megyei int. Biz. Tagja, a helyi tagozat eln\u00f6ke, a N\u00e9pk\u00f6z\u00f6ss\u00e9g eln\u00f6ke, a sz\u00e1szr\u00e9geni M. Kaszin\u00f3 eln\u00f6ke, minden kult\u00farint\u00e9zm\u00e9ny \u00e9s egyes\u00fclet vezet\u0151s\u00e9gi tagja. Huzamosabb ideig volt alpolg\u00e1rmester (1935\u2013), polg\u00e1rmester. A katonai k\u00f6zigazgat\u00e1s jogtan\u00e1csosa volt (1940-es \u00e9vekben), perbefogt\u00e1k a rom\u00e1n nemzetis\u00e9g\u0171 m. \u00e1llampolg\u00e1rok kiutas\u00edt\u00e1s\u00e1val kapcsolatban. <br \/><strong>Irod.:<\/strong> B\u00edr\u00f3 Don\u00e1t; EM; Letart\u00f3ztatta a n\u00e9p\u00fcgy\u00e9sz Schmidt volt r\u00e9geni polg\u00e1rmestert \u00e9s dr. Szab\u00f3 \u00fcgyv\u00e9det (Szabad Sz\u00f3, 1946. febr. 7.); Pan\u0103; Sz\u00e9kelyf\u00f6ld \u00ed. k.<\/br><\/p>\n","protected":false},"excerpt":{"rendered":"<p>Kv., 1877. m\u00e1rc. 25., \u2020?: jog\u00e1sz, kir. k\u00f6zjegyz\u0151. \u2013 Tanulm\u00e1nyait Kv.-on Bp.-en v\u00e9gezte. \u00dcgyv\u00e9di doktor\u00e1tust szerzett. \u00dcgyv\u00e9di gyakorlat\u00e1t Sz\u00e1szr\u00e9genben kezdte (1903). A t\u00e1rsadalmi \u00e9let kiemelked\u0151 alakja a MP Maros megyei int. Biz. Tagja, a helyi tagozat eln\u00f6ke, a N\u00e9pk\u00f6z\u00f6ss\u00e9g eln\u00f6ke, a sz\u00e1szr\u00e9geni M. Kaszin\u00f3 eln\u00f6ke, minden kult\u00farint\u00e9zm\u00e9ny \u00e9s egyes\u00fclet vezet\u0151s\u00e9gi tagja. Huzamosabb ideig volt alpolg\u00e1rmester [&hellip;]<\/p>\n","protected":false},"featured_media":0,"comment_status":"open","ping_status":"closed","template":"","meta":[],"product_brand":[],"product_cat":[137],"product_tag":[],"class_list":{"0":"post-21075","1":"product","2":"type-product","3":"status-publish","5":"product_cat-maros-megyei-eletrajzi-lexikon","7":"first","8":"instock","9":"shipping-taxable","10":"product-type-simple"},"_links":{"self":[{"href":"https:\/\/uj.adatbank.ro\/lexikon\/wp-json\/wp\/v2\/product\/21075","targetHints":{"allow":["GET"]}}],"collection":[{"href":"https:\/\/uj.adatbank.ro\/lexikon\/wp-json\/wp\/v2\/product"}],"about":[{"href":"https:\/\/uj.adatbank.ro\/lexikon\/wp-json\/wp\/v2\/types\/product"}],"replies":[{"embeddable":true,"href":"https:\/\/uj.adatbank.ro\/lexikon\/wp-json\/wp\/v2\/comments?post=21075"}],"wp:attachment":[{"href":"https:\/\/uj.adatbank.ro\/lexikon\/wp-json\/wp\/v2\/media?parent=21075"}],"wp:term":[{"taxonomy":"product_brand","embeddable":true,"href":"https:\/\/uj.adatbank.ro\/lexikon\/wp-json\/wp\/v2\/product_brand?post=21075"},{"taxonomy":"product_cat","embeddable":true,"href":"https:\/\/uj.adatbank.ro\/lexikon\/wp-json\/wp\/v2\/product_cat?post=21075"},{"taxonomy":"product_tag","embeddable":true,"href":"https:\/\/uj.adatbank.ro\/lexikon\/wp-json\/wp\/v2\/product_tag?post=21075"}],"curies":[{"name":"wp","href":"https:\/\/api.w.org\/{rel}","templated":true}]}}

SZABÓ Béla

<p>Kv., 1877. márc. 25., †?: jogász, kir. közjegyző. – Tanulmányait Kv.-on Bp.-en végezte. Ügyvédi doktorátust szerzett. Ügyvédi gyakorlatát Szászrégenben kezdte (1903). A társadalmi élet kiemelkedő alakja a MP Maros megyei int. Biz. Tagja, a helyi tagozat elnöke, a Népközösség elnöke, a szászrégeni M. Kaszinó elnöke, minden kultúrintézmény és egyesület vezetőségi tagja. Huzamosabb ideig volt alpolgármester (1935–), polgármester. A katonai közigazgatás jogtanácsosa volt (1940-es években), perbefogták a román nemzetiségű m. állampolgárok kiutasításával kapcsolatban. <br /><strong>Irod.:</strong> Bíró Donát; EM; Letartóztatta a népügyész Schmidt volt régeni polgármestert és dr. Szabó ügyvédet (Szabad Szó, 1946. febr. 7.); Pană; Székelyföld í. k.</br></p>

<p>Kv., 1877. márc. 25., †?: jogász, kir. közjegyző. – Tanulmányait Kv.-on Bp.-en végezte. Ügyvédi doktorátust szerzett. Ügyvédi gyakorlatát Szászrégenben kezdte (1903). A társadalmi élet kiemelkedő alakja a MP Maros megyei int. Biz. Tagja, a helyi tagozat elnöke, a Népközösség elnöke, a szászrégeni M. Kaszinó elnöke, minden kultúrintézmény és egyesület vezetőségi tagja. Huzamosabb ideig volt alpolgármester [&hellip;]</p>
