{"id":21077,"date":"2025-07-22T19:12:18","date_gmt":"2025-07-22T17:12:18","guid":{"rendered":"https:\/\/uj.adatbank.ro\/lexikon\/termek\/szabo-bela-4\/"},"modified":"2025-07-22T19:12:18","modified_gmt":"2025-07-22T17:12:18","slug":"szabo-bela-4","status":"publish","type":"product","link":"https:\/\/uj.adatbank.ro\/lexikon\/termek\/szabo-bela-4\/","title":{"rendered":"SZAB\u00d3 B\u00e9la"},"content":{"rendered":"<p>Eger, 1915. \u00e1pr. 8., \u2020?: sz\u00e1zados. \u2013 A mv.-i 27\/ III. z\u00e1szl\u00f3aljn\u00e1l pusk\u00e1s- \u00e9s g\u00e9ppusk\u00e1s sz\u00e1zadparancsnok, majd alantos \u2013 ill. z\u00e1szl\u00f3alj seg\u00e9dtiszt (1940. nov. 18.\u2013). A hat\u00e1rvad\u00e1sz-z\u00e1szl\u00f3aljn\u00e1l (1942. okt. 15-dec. 15.), majd a hat\u00e1rvad\u00e1szdand\u00e1rn\u00e1l tev\u00e9kenykedett. Visszaker\u00fclt a mv.-i 27\/ III. z\u00e1szl\u00f3aljn\u00e1l pusk\u00e1ssz\u00e1zad-parancsnok (1942. dec. \u20131943. okt. 15.), \u00e1llom\u00e1s tisztjek\u00e9nt teljes\u00edtett szolg\u00e1latot (1943. okt.\u20131944. \u00e1pr. 7.). A keleti hadsz\u00ednt\u00e9ren az 57\/III. z\u00e1szl\u00f3alj 9. l\u00f6v\u00e9szsz\u00e1zad parancsnoka, a kutyi \u00fctk\u00f6zetben jelent\u0151s fegyvert\u00e9nyt vitt v\u00e9ghez (1944. \u00e1pr. 28.), ez\u00e9rt kit\u00fcntet\u00e9se: M. \u00c9rdemrend Lovagkeresztje hadiszalagon a kardokkal. Az 57\/ II. z\u00e1szl\u00f3alj 5. l\u00f6v\u00e9szsz\u00e1zad\u00e1nak, majd a 27. gyaloghadoszt\u00e1ly k\u00fcl\u00f6nleges anyagi t\u00f6rzs\u00e9nek parancsnoka. Sz\u00e1zados (1944. j\u00fal. 1.\u2013). Ausztria ter\u00fclet\u00e9n amerikai fogs\u00e1gba ker\u00fclt (1945. m\u00e1j. 11.\u20131946. febr. 10.). <br \/><strong>Irod.:<\/strong> Berekm\u00e9ri: A mv.-i 27. hadoszt\u00e1ly.<\/br><\/p>\n","protected":false},"excerpt":{"rendered":"<p>Eger, 1915. \u00e1pr. 8., \u2020?: sz\u00e1zados. \u2013 A mv.-i 27\/ III. z\u00e1szl\u00f3aljn\u00e1l pusk\u00e1s- \u00e9s g\u00e9ppusk\u00e1s sz\u00e1zadparancsnok, majd alantos \u2013 ill. z\u00e1szl\u00f3alj seg\u00e9dtiszt (1940. nov. 18.\u2013). A hat\u00e1rvad\u00e1sz-z\u00e1szl\u00f3aljn\u00e1l (1942. okt. 15-dec. 15.), majd a hat\u00e1rvad\u00e1szdand\u00e1rn\u00e1l tev\u00e9kenykedett. Visszaker\u00fclt a mv.-i 27\/ III. z\u00e1szl\u00f3aljn\u00e1l pusk\u00e1ssz\u00e1zad-parancsnok (1942. dec. \u20131943. okt. 15.), \u00e1llom\u00e1s tisztjek\u00e9nt teljes\u00edtett szolg\u00e1latot (1943. okt.\u20131944. \u00e1pr. 7.). [&hellip;]<\/p>\n","protected":false},"featured_media":0,"comment_status":"open","ping_status":"closed","template":"","meta":[],"product_brand":[],"product_cat":[137],"product_tag":[],"class_list":{"0":"post-21077","1":"product","2":"type-product","3":"status-publish","5":"product_cat-maros-megyei-eletrajzi-lexikon","7":"first","8":"instock","9":"shipping-taxable","10":"product-type-simple"},"_links":{"self":[{"href":"https:\/\/uj.adatbank.ro\/lexikon\/wp-json\/wp\/v2\/product\/21077","targetHints":{"allow":["GET"]}}],"collection":[{"href":"https:\/\/uj.adatbank.ro\/lexikon\/wp-json\/wp\/v2\/product"}],"about":[{"href":"https:\/\/uj.adatbank.ro\/lexikon\/wp-json\/wp\/v2\/types\/product"}],"replies":[{"embeddable":true,"href":"https:\/\/uj.adatbank.ro\/lexikon\/wp-json\/wp\/v2\/comments?post=21077"}],"wp:attachment":[{"href":"https:\/\/uj.adatbank.ro\/lexikon\/wp-json\/wp\/v2\/media?parent=21077"}],"wp:term":[{"taxonomy":"product_brand","embeddable":true,"href":"https:\/\/uj.adatbank.ro\/lexikon\/wp-json\/wp\/v2\/product_brand?post=21077"},{"taxonomy":"product_cat","embeddable":true,"href":"https:\/\/uj.adatbank.ro\/lexikon\/wp-json\/wp\/v2\/product_cat?post=21077"},{"taxonomy":"product_tag","embeddable":true,"href":"https:\/\/uj.adatbank.ro\/lexikon\/wp-json\/wp\/v2\/product_tag?post=21077"}],"curies":[{"name":"wp","href":"https:\/\/api.w.org\/{rel}","templated":true}]}}

SZABÓ Béla

<p>Eger, 1915. ápr. 8., †?: százados. – A mv.-i 27/ III. zászlóaljnál puskás- és géppuskás századparancsnok, majd alantos – ill. zászlóalj segédtiszt (1940. nov. 18.–). A határvadász-zászlóaljnál (1942. okt. 15-dec. 15.), majd a határvadászdandárnál tevékenykedett. Visszakerült a mv.-i 27/ III. zászlóaljnál puskásszázad-parancsnok (1942. dec. –1943. okt. 15.), állomás tisztjeként teljesített szolgálatot (1943. okt.–1944. ápr. 7.). A keleti hadszíntéren az 57/III. zászlóalj 9. lövészszázad parancsnoka, a kutyi ütközetben jelentős fegyvertényt vitt véghez (1944. ápr. 28.), ezért kitüntetése: M. Érdemrend Lovagkeresztje hadiszalagon a kardokkal. Az 57/ II. zászlóalj 5. lövészszázadának, majd a 27. gyaloghadosztály különleges anyagi törzsének parancsnoka. Százados (1944. júl. 1.–). Ausztria területén amerikai fogságba került (1945. máj. 11.–1946. febr. 10.). <br /><strong>Irod.:</strong> Berekméri: A mv.-i 27. hadosztály.</br></p>

<p>Eger, 1915. ápr. 8., †?: százados. – A mv.-i 27/ III. zászlóaljnál puskás- és géppuskás századparancsnok, majd alantos – ill. zászlóalj segédtiszt (1940. nov. 18.–). A határvadász-zászlóaljnál (1942. okt. 15-dec. 15.), majd a határvadászdandárnál tevékenykedett. Visszakerült a mv.-i 27/ III. zászlóaljnál puskásszázad-parancsnok (1942. dec. –1943. okt. 15.), állomás tisztjeként teljesített szolgálatot (1943. okt.–1944. ápr. 7.). [&hellip;]</p>
