{"id":21079,"date":"2025-07-22T19:12:21","date_gmt":"2025-07-22T17:12:21","guid":{"rendered":"https:\/\/uj.adatbank.ro\/lexikon\/termek\/szabo-bela-gy-gy-szabo-bela-gyulafehervari-szabo-bela\/"},"modified":"2025-07-22T19:12:21","modified_gmt":"2025-07-22T17:12:21","slug":"szabo-bela-gy-gy-szabo-bela-gyulafehervari-szabo-bela","status":"publish","type":"product","link":"https:\/\/uj.adatbank.ro\/lexikon\/termek\/szabo-bela-gy-gy-szabo-bela-gyulafehervari-szabo-bela\/","title":{"rendered":"SZAB\u00d3 B\u00e9la Gy. \/ GY. SZAB\u00d3 B\u00e9la, Gyulafeh\u00e9rv\u00e1ri Szab\u00f3 B\u00e9la"},"content":{"rendered":"<p>? \u2020?: k\u00e9pz\u0151m\u0171v\u00e9sz. \u2013 Dolgozott t\u00f6bb orsz\u00e1gban; K\u00edna, Belgium, G\u00f6r\u00f6gorsz\u00e1g, Olaszorsz\u00e9g, Mexik\u00f3, de itthon is sokhelyen pl. Kv., Gyulafeh\u00e9rv\u00e1r. Jelent\u0151s alkot\u00e1sai a fametszetek, t\u00f6bb mint 1200, valamivel t\u00f6bb pasztell, t\u00edzannyi sz\u00e9nnel vagy ceruz\u00e1val k\u00e9sz\u00edtett v\u00e1zlat. A sz\u00f3j\u00e1t\u00e9kok mestere, humora, saj\u00e1t neve: mint sz\u00f3j\u00e1t\u00e9k: \u201eGy. Szab\u00f3 B\u00e9la, a k\u00e9pmutat\u00f3\u201d. Adakoz\u00f3 m\u0171v\u00e9sznek tartotta mag\u00e1t, j\u00f3n\u00e9h\u00e1ny m\u00fazeumban \u0151rzik metszetsorozatait. A mv.-i Teleki\u2013Bolyai k\u00f6nyvt\u00e1rban van hagyat\u00e9k\u00e1nak egy r\u00e9sze <br \/><strong>Irod.:<\/strong> Erd\u00e9lyi L. 2009.<\/br><\/p>\n","protected":false},"excerpt":{"rendered":"<p>? \u2020?: k\u00e9pz\u0151m\u0171v\u00e9sz. \u2013 Dolgozott t\u00f6bb orsz\u00e1gban; K\u00edna, Belgium, G\u00f6r\u00f6gorsz\u00e1g, Olaszorsz\u00e9g, Mexik\u00f3, de itthon is sokhelyen pl. Kv., Gyulafeh\u00e9rv\u00e1r. Jelent\u0151s alkot\u00e1sai a fametszetek, t\u00f6bb mint 1200, valamivel t\u00f6bb pasztell, t\u00edzannyi sz\u00e9nnel vagy ceruz\u00e1val k\u00e9sz\u00edtett v\u00e1zlat. A sz\u00f3j\u00e1t\u00e9kok mestere, humora, saj\u00e1t neve: mint sz\u00f3j\u00e1t\u00e9k: \u201eGy. Szab\u00f3 B\u00e9la, a k\u00e9pmutat\u00f3\u201d. Adakoz\u00f3 m\u0171v\u00e9sznek tartotta mag\u00e1t, j\u00f3n\u00e9h\u00e1ny m\u00fazeumban \u0151rzik [&hellip;]<\/p>\n","protected":false},"featured_media":0,"comment_status":"open","ping_status":"closed","template":"","meta":[],"product_brand":[],"product_cat":[137],"product_tag":[],"class_list":{"0":"post-21079","1":"product","2":"type-product","3":"status-publish","5":"product_cat-maros-megyei-eletrajzi-lexikon","7":"first","8":"instock","9":"shipping-taxable","10":"product-type-simple"},"_links":{"self":[{"href":"https:\/\/uj.adatbank.ro\/lexikon\/wp-json\/wp\/v2\/product\/21079","targetHints":{"allow":["GET"]}}],"collection":[{"href":"https:\/\/uj.adatbank.ro\/lexikon\/wp-json\/wp\/v2\/product"}],"about":[{"href":"https:\/\/uj.adatbank.ro\/lexikon\/wp-json\/wp\/v2\/types\/product"}],"replies":[{"embeddable":true,"href":"https:\/\/uj.adatbank.ro\/lexikon\/wp-json\/wp\/v2\/comments?post=21079"}],"wp:attachment":[{"href":"https:\/\/uj.adatbank.ro\/lexikon\/wp-json\/wp\/v2\/media?parent=21079"}],"wp:term":[{"taxonomy":"product_brand","embeddable":true,"href":"https:\/\/uj.adatbank.ro\/lexikon\/wp-json\/wp\/v2\/product_brand?post=21079"},{"taxonomy":"product_cat","embeddable":true,"href":"https:\/\/uj.adatbank.ro\/lexikon\/wp-json\/wp\/v2\/product_cat?post=21079"},{"taxonomy":"product_tag","embeddable":true,"href":"https:\/\/uj.adatbank.ro\/lexikon\/wp-json\/wp\/v2\/product_tag?post=21079"}],"curies":[{"name":"wp","href":"https:\/\/api.w.org\/{rel}","templated":true}]}}

SZABÓ Béla Gy. / GY. SZABÓ Béla, Gyulafehérvári Szabó Béla

<p>? †?: képzőművész. – Dolgozott több országban; Kína, Belgium, Görögország, Olaszorszég, Mexikó, de itthon is sokhelyen pl. Kv., Gyulafehérvár. Jelentős alkotásai a fametszetek, több mint 1200, valamivel több pasztell, tízannyi szénnel vagy ceruzával készített vázlat. A szójátékok mestere, humora, saját neve: mint szójáték: „Gy. Szabó Béla, a képmutató”. Adakozó művésznek tartotta magát, jónéhány múzeumban őrzik metszetsorozatait. A mv.-i Teleki–Bolyai könyvtárban van hagyatékának egy része <br /><strong>Irod.:</strong> Erdélyi L. 2009.</br></p>

<p>? †?: képzőművész. – Dolgozott több országban; Kína, Belgium, Görögország, Olaszorszég, Mexikó, de itthon is sokhelyen pl. Kv., Gyulafehérvár. Jelentős alkotásai a fametszetek, több mint 1200, valamivel több pasztell, tízannyi szénnel vagy ceruzával készített vázlat. A szójátékok mestere, humora, saját neve: mint szójáték: „Gy. Szabó Béla, a képmutató”. Adakozó művésznek tartotta magát, jónéhány múzeumban őrzik [&hellip;]</p>
