{"id":2108,"date":"2025-06-28T12:03:59","date_gmt":"2025-06-28T10:03:59","guid":{"rendered":"https:\/\/uj.adatbank.ro\/lexikon\/termek\/balthes-friedrich-balthes-frigyes\/"},"modified":"2025-06-28T12:03:59","modified_gmt":"2025-06-28T10:03:59","slug":"balthes-friedrich-balthes-frigyes","status":"publish","type":"product","link":"https:\/\/uj.adatbank.ro\/lexikon\/termek\/balthes-friedrich-balthes-frigyes\/","title":{"rendered":"BALTHES Friedrich, Balthes Frigyes"},"content":{"rendered":"<p>Segesv\u00e1r, 1882. j\u00fan. 20., \u2020 1914. dec. 14.: m\u0171\u00e9p\u00edt\u00e9sz. \u2013 Apja takar\u00e9kp\u00e9nzt\u00e1ri igazgat\u00f3. \u2013 A gimn.-ot sz\u00fcl\u0151v\u00e1ros\u00e1ban v\u00e9gezte, a M\u0171egy. \u00c9p\u00edt\u00e9szeti Kar.-\u00e1n Berlinben (1900. okt. 18.- 1902. nov. 3.), M\u00fcnchenben (1902-03), majd Karlsruh\u00e9ban (1903-05) \u00e9s Bp.-en tanult. Berlinben \u00e9s Bp.-en mag\u00e1n\u00e9p\u00edt\u00e9szeti ird\u00e1kban dolgozott majd Segesv\u00e1ron telepedett le \u00e9s \u00e9p\u00edt\u00e9szeti irod\u00e1t nyitott. R\u00e9szt vett az els\u0151 vh.-ban, elt\u0171ntnek nyilv\u00e1n\u00edtott\u00e1k. <strong>Cikkei:<\/strong> Die Karpathen, A Medgyesi Ev. Gimn. Progr (1913, Beschreibung des Neubaues \u00e9s vid\u00e9ki h\u00edrlapokban. <br \/><strong>Irod.:<\/strong> Guly\u00e1s; Szab\u00f3\u2013Simon\u2013Sz\u00f6gi<\/br><\/p>\n","protected":false},"excerpt":{"rendered":"<p>Segesv\u00e1r, 1882. j\u00fan. 20., \u2020 1914. dec. 14.: m\u0171\u00e9p\u00edt\u00e9sz. \u2013 Apja takar\u00e9kp\u00e9nzt\u00e1ri igazgat\u00f3. \u2013 A gimn.-ot sz\u00fcl\u0151v\u00e1ros\u00e1ban v\u00e9gezte, a M\u0171egy. \u00c9p\u00edt\u00e9szeti Kar.-\u00e1n Berlinben (1900. okt. 18.- 1902. nov. 3.), M\u00fcnchenben (1902-03), majd Karlsruh\u00e9ban (1903-05) \u00e9s Bp.-en tanult. Berlinben \u00e9s Bp.-en mag\u00e1n\u00e9p\u00edt\u00e9szeti ird\u00e1kban dolgozott majd Segesv\u00e1ron telepedett le \u00e9s \u00e9p\u00edt\u00e9szeti irod\u00e1t nyitott. R\u00e9szt vett az els\u0151 [&hellip;]<\/p>\n","protected":false},"featured_media":0,"comment_status":"open","ping_status":"closed","template":"","meta":[],"product_brand":[],"product_cat":[137],"product_tag":[],"class_list":{"0":"post-2108","1":"product","2":"type-product","3":"status-publish","5":"product_cat-maros-megyei-eletrajzi-lexikon","7":"first","8":"instock","9":"shipping-taxable","10":"product-type-simple"},"_links":{"self":[{"href":"https:\/\/uj.adatbank.ro\/lexikon\/wp-json\/wp\/v2\/product\/2108","targetHints":{"allow":["GET"]}}],"collection":[{"href":"https:\/\/uj.adatbank.ro\/lexikon\/wp-json\/wp\/v2\/product"}],"about":[{"href":"https:\/\/uj.adatbank.ro\/lexikon\/wp-json\/wp\/v2\/types\/product"}],"replies":[{"embeddable":true,"href":"https:\/\/uj.adatbank.ro\/lexikon\/wp-json\/wp\/v2\/comments?post=2108"}],"wp:attachment":[{"href":"https:\/\/uj.adatbank.ro\/lexikon\/wp-json\/wp\/v2\/media?parent=2108"}],"wp:term":[{"taxonomy":"product_brand","embeddable":true,"href":"https:\/\/uj.adatbank.ro\/lexikon\/wp-json\/wp\/v2\/product_brand?post=2108"},{"taxonomy":"product_cat","embeddable":true,"href":"https:\/\/uj.adatbank.ro\/lexikon\/wp-json\/wp\/v2\/product_cat?post=2108"},{"taxonomy":"product_tag","embeddable":true,"href":"https:\/\/uj.adatbank.ro\/lexikon\/wp-json\/wp\/v2\/product_tag?post=2108"}],"curies":[{"name":"wp","href":"https:\/\/api.w.org\/{rel}","templated":true}]}}

<p>Segesvár, 1882. jún. 20., † 1914. dec. 14.: műépítész. – Apja takarékpénztári igazgató. – A gimn.-ot szülővárosában végezte, a Műegy. Építészeti Kar.-án Berlinben (1900. okt. 18.- 1902. nov. 3.), Münchenben (1902-03), majd Karlsruhéban (1903-05) és Bp.-en tanult. Berlinben és Bp.-en magánépítészeti irdákban dolgozott majd Segesváron telepedett le és építészeti irodát nyitott. Részt vett az első vh.-ban, eltűntnek nyilvánították. <strong>Cikkei:</strong> Die Karpathen, A Medgyesi Ev. Gimn. Progr (1913, Beschreibung des Neubaues és vidéki hírlapokban. <br /><strong>Irod.:</strong> Gulyás; Szabó–Simon–Szögi</br></p>

<p>Segesvár, 1882. jún. 20., † 1914. dec. 14.: műépítész. – Apja takarékpénztári igazgató. – A gimn.-ot szülővárosában végezte, a Műegy. Építészeti Kar.-án Berlinben (1900. okt. 18.- 1902. nov. 3.), Münchenben (1902-03), majd Karlsruhéban (1903-05) és Bp.-en tanult. Berlinben és Bp.-en magánépítészeti irdákban dolgozott majd Segesváron telepedett le és építészeti irodát nyitott. Részt vett az első [&hellip;]</p>
