{"id":21080,"date":"2025-07-22T19:12:23","date_gmt":"2025-07-22T17:12:23","guid":{"rendered":"https:\/\/uj.adatbank.ro\/lexikon\/termek\/szabo-belane-sz-erdei-iren\/"},"modified":"2025-07-22T19:12:23","modified_gmt":"2025-07-22T17:12:23","slug":"szabo-belane-sz-erdei-iren","status":"publish","type":"product","link":"https:\/\/uj.adatbank.ro\/lexikon\/termek\/szabo-belane-sz-erdei-iren\/","title":{"rendered":"SZAB\u00d3 B\u00e9l\u00e1n\u00e9, sz. ERDEI Ir\u00e9n"},"content":{"rendered":"<p>1926 + Mv., 2002 nov.23, k\u00f6zgazd\u00e1sz.<\/br><\/p>\n","protected":false},"excerpt":{"rendered":"<p>1926 + Mv., 2002 nov.23, k\u00f6zgazd\u00e1sz.<\/p>\n","protected":false},"featured_media":0,"comment_status":"open","ping_status":"closed","template":"","meta":[],"product_brand":[],"product_cat":[137],"product_tag":[],"class_list":{"0":"post-21080","1":"product","2":"type-product","3":"status-publish","5":"product_cat-maros-megyei-eletrajzi-lexikon","7":"first","8":"instock","9":"shipping-taxable","10":"product-type-simple"},"_links":{"self":[{"href":"https:\/\/uj.adatbank.ro\/lexikon\/wp-json\/wp\/v2\/product\/21080","targetHints":{"allow":["GET"]}}],"collection":[{"href":"https:\/\/uj.adatbank.ro\/lexikon\/wp-json\/wp\/v2\/product"}],"about":[{"href":"https:\/\/uj.adatbank.ro\/lexikon\/wp-json\/wp\/v2\/types\/product"}],"replies":[{"embeddable":true,"href":"https:\/\/uj.adatbank.ro\/lexikon\/wp-json\/wp\/v2\/comments?post=21080"}],"wp:attachment":[{"href":"https:\/\/uj.adatbank.ro\/lexikon\/wp-json\/wp\/v2\/media?parent=21080"}],"wp:term":[{"taxonomy":"product_brand","embeddable":true,"href":"https:\/\/uj.adatbank.ro\/lexikon\/wp-json\/wp\/v2\/product_brand?post=21080"},{"taxonomy":"product_cat","embeddable":true,"href":"https:\/\/uj.adatbank.ro\/lexikon\/wp-json\/wp\/v2\/product_cat?post=21080"},{"taxonomy":"product_tag","embeddable":true,"href":"https:\/\/uj.adatbank.ro\/lexikon\/wp-json\/wp\/v2\/product_tag?post=21080"}],"curies":[{"name":"wp","href":"https:\/\/api.w.org\/{rel}","templated":true}]}}

SZABÓ Béláné, sz. ERDEI Irén

<p>1926 + Mv., 2002 nov.23, közgazdász.</br></p>

<p>1926 + Mv., 2002 nov.23, közgazdász.</p>
