{"id":21087,"date":"2025-07-22T19:12:39","date_gmt":"2025-07-22T17:12:39","guid":{"rendered":"https:\/\/uj.adatbank.ro\/lexikon\/termek\/szabo-david-zabo\/"},"modified":"2025-07-22T19:12:39","modified_gmt":"2025-07-22T17:12:39","slug":"szabo-david-zabo","status":"publish","type":"product","link":"https:\/\/uj.adatbank.ro\/lexikon\/termek\/szabo-david-zabo\/","title":{"rendered":"SZAB\u00d3 D\u00e1vid, Zab\u00f3"},"content":{"rendered":"<p>? \u2020\u00a0Mv., 1627.: mv.-i nemes, esk\u00fcdt, f\u0151b\u00edr\u00f3 \u2013 V\u00e1s\u00e1rhelyi B\u00e1lint de\u00e1k maga, gyermekei \u00e9s rokonai nev\u00e9ben Sz\u00e9kely-V\u00e1s\u00e1rhely mez\u0151v\u00e1ros tan\u00e1csa el\u0151tt szomsz\u00e9ds\u00e1g \u00e9s rokons\u00e1g jog\u00e1n ellene mond annak, hogy Sz\u0151cs Katalin a v\u00e1rosban l\u00e9v\u0151 h\u00e1z\u00e1t Szab\u00f3 D\u00e1vidnak (1606); Bocskai Mikl\u00f3s Torda v\u00e1rmegy\u00e9ben fekv\u0151 Kakucs nev\u0171 ol\u00e1h falucsk\u00e1j\u00e1t Szab\u00f3 Mikl\u00f3s \u00e9s Szab\u00f3 D\u00e1vid Maros-V\u00e1s\u00e1rhelyt lak\u00f3 nemesek gondvisel\u00e9se al\u00e1 adja ideiglen, bizonyos felt\u00e9telek mellett. Mv.-en en f\u0151b\u00edr\u00f3 (1625), a mv.-i esk\u00fcdt k\u00f6z\u00f6ns\u00e9g tagja (1627) <br \/><strong>Irod.:<\/strong> Marossz\u00e9ki kr\u00f3nik\u00e1k 1.; P\u00e1l-Antal 2006; Szentgy\u00f6rgyi; SzOkl, 4.<\/br><\/p>\n","protected":false},"excerpt":{"rendered":"<p>? \u2020\u00a0Mv., 1627.: mv.-i nemes, esk\u00fcdt, f\u0151b\u00edr\u00f3 \u2013 V\u00e1s\u00e1rhelyi B\u00e1lint de\u00e1k maga, gyermekei \u00e9s rokonai nev\u00e9ben Sz\u00e9kely-V\u00e1s\u00e1rhely mez\u0151v\u00e1ros tan\u00e1csa el\u0151tt szomsz\u00e9ds\u00e1g \u00e9s rokons\u00e1g jog\u00e1n ellene mond annak, hogy Sz\u0151cs Katalin a v\u00e1rosban l\u00e9v\u0151 h\u00e1z\u00e1t Szab\u00f3 D\u00e1vidnak (1606); Bocskai Mikl\u00f3s Torda v\u00e1rmegy\u00e9ben fekv\u0151 Kakucs nev\u0171 ol\u00e1h falucsk\u00e1j\u00e1t Szab\u00f3 Mikl\u00f3s \u00e9s Szab\u00f3 D\u00e1vid Maros-V\u00e1s\u00e1rhelyt lak\u00f3 nemesek gondvisel\u00e9se [&hellip;]<\/p>\n","protected":false},"featured_media":0,"comment_status":"open","ping_status":"closed","template":"","meta":[],"product_brand":[],"product_cat":[137],"product_tag":[],"class_list":{"0":"post-21087","1":"product","2":"type-product","3":"status-publish","5":"product_cat-maros-megyei-eletrajzi-lexikon","7":"first","8":"instock","9":"shipping-taxable","10":"product-type-simple"},"_links":{"self":[{"href":"https:\/\/uj.adatbank.ro\/lexikon\/wp-json\/wp\/v2\/product\/21087","targetHints":{"allow":["GET"]}}],"collection":[{"href":"https:\/\/uj.adatbank.ro\/lexikon\/wp-json\/wp\/v2\/product"}],"about":[{"href":"https:\/\/uj.adatbank.ro\/lexikon\/wp-json\/wp\/v2\/types\/product"}],"replies":[{"embeddable":true,"href":"https:\/\/uj.adatbank.ro\/lexikon\/wp-json\/wp\/v2\/comments?post=21087"}],"wp:attachment":[{"href":"https:\/\/uj.adatbank.ro\/lexikon\/wp-json\/wp\/v2\/media?parent=21087"}],"wp:term":[{"taxonomy":"product_brand","embeddable":true,"href":"https:\/\/uj.adatbank.ro\/lexikon\/wp-json\/wp\/v2\/product_brand?post=21087"},{"taxonomy":"product_cat","embeddable":true,"href":"https:\/\/uj.adatbank.ro\/lexikon\/wp-json\/wp\/v2\/product_cat?post=21087"},{"taxonomy":"product_tag","embeddable":true,"href":"https:\/\/uj.adatbank.ro\/lexikon\/wp-json\/wp\/v2\/product_tag?post=21087"}],"curies":[{"name":"wp","href":"https:\/\/api.w.org\/{rel}","templated":true}]}}

SZABÓ Dávid, Zabó

<p>? † Mv., 1627.: mv.-i nemes, esküdt, főbíró – Vásárhelyi Bálint deák maga, gyermekei és rokonai nevében Székely-Vásárhely mezőváros tanácsa előtt szomszédság és rokonság jogán ellene mond annak, hogy Szőcs Katalin a városban lévő házát Szabó Dávidnak (1606); Bocskai Miklós Torda vármegyében fekvő Kakucs nevű oláh falucskáját Szabó Miklós és Szabó Dávid Maros-Vásárhelyt lakó nemesek gondviselése alá adja ideiglen, bizonyos feltételek mellett. Mv.-en en főbíró (1625), a mv.-i esküdt közönség tagja (1627) <br /><strong>Irod.:</strong> Marosszéki krónikák 1.; Pál-Antal 2006; Szentgyörgyi; SzOkl, 4.</br></p>

<p>? † Mv., 1627.: mv.-i nemes, esküdt, főbíró – Vásárhelyi Bálint deák maga, gyermekei és rokonai nevében Székely-Vásárhely mezőváros tanácsa előtt szomszédság és rokonság jogán ellene mond annak, hogy Szőcs Katalin a városban lévő házát Szabó Dávidnak (1606); Bocskai Miklós Torda vármegyében fekvő Kakucs nevű oláh falucskáját Szabó Miklós és Szabó Dávid Maros-Vásárhelyt lakó nemesek gondviselése [&hellip;]</p>
