{"id":21089,"date":"2025-07-22T19:12:43","date_gmt":"2025-07-22T17:12:43","guid":{"rendered":"https:\/\/uj.adatbank.ro\/lexikon\/termek\/szabo-denes-2\/"},"modified":"2025-07-22T19:12:43","modified_gmt":"2025-07-22T17:12:43","slug":"szabo-denes-2","status":"publish","type":"product","link":"https:\/\/uj.adatbank.ro\/lexikon\/termek\/szabo-denes-2\/","title":{"rendered":"SZAB\u00d3 D\u00e9nes"},"content":{"rendered":"<p>Magyarherm\u00e1ny (Kov.), 1905., \u2020?: igazgat\u00f3-tan\u00edt\u00f3. \u2013 Sz\u00e9kelykereszt\u00faron v\u00e9gezte a k\u00f6z\u00e9piskol\u00e1t \u00e9s mint tan\u00edt\u00f3 Kozmatelk\u00e9n kezdte meg m\u0171k\u00f6d\u00e9s\u00e9t azut\u00e1n Dedr\u00e1dsz\u00e9plakon tan\u00edtott (1940\u2013). A Hitel Sz\u00f6vekezet p\u00e9nzt\u00e1rosa, a Hangya \u00e9s a Transsylv\u00e1nia Tejsz\u00f6v. k\u00f6nyvel\u0151je volt. Tev\u00e9kenyen r\u00e9szt vett a kultur\u00e1lis \u00e9s hazafias egyes\u00fcletek munk\u00e1j\u00e1ban. <br \/><strong>Irod.:<\/strong> Maros-k\u00fck\u00fcll\u0151i f\u0151esp; Sz\u00e9kelyf\u00f6ld \u00ed. k.<\/br><\/p>\n","protected":false},"excerpt":{"rendered":"<p>Magyarherm\u00e1ny (Kov.), 1905., \u2020?: igazgat\u00f3-tan\u00edt\u00f3. \u2013 Sz\u00e9kelykereszt\u00faron v\u00e9gezte a k\u00f6z\u00e9piskol\u00e1t \u00e9s mint tan\u00edt\u00f3 Kozmatelk\u00e9n kezdte meg m\u0171k\u00f6d\u00e9s\u00e9t azut\u00e1n Dedr\u00e1dsz\u00e9plakon tan\u00edtott (1940\u2013). A Hitel Sz\u00f6vekezet p\u00e9nzt\u00e1rosa, a Hangya \u00e9s a Transsylv\u00e1nia Tejsz\u00f6v. k\u00f6nyvel\u0151je volt. Tev\u00e9kenyen r\u00e9szt vett a kultur\u00e1lis \u00e9s hazafias egyes\u00fcletek munk\u00e1j\u00e1ban. Irod.: Maros-k\u00fck\u00fcll\u0151i f\u0151esp; Sz\u00e9kelyf\u00f6ld \u00ed. k.<\/p>\n","protected":false},"featured_media":0,"comment_status":"open","ping_status":"closed","template":"","meta":[],"product_brand":[],"product_cat":[137],"product_tag":[],"class_list":{"0":"post-21089","1":"product","2":"type-product","3":"status-publish","5":"product_cat-maros-megyei-eletrajzi-lexikon","7":"first","8":"instock","9":"shipping-taxable","10":"product-type-simple"},"_links":{"self":[{"href":"https:\/\/uj.adatbank.ro\/lexikon\/wp-json\/wp\/v2\/product\/21089","targetHints":{"allow":["GET"]}}],"collection":[{"href":"https:\/\/uj.adatbank.ro\/lexikon\/wp-json\/wp\/v2\/product"}],"about":[{"href":"https:\/\/uj.adatbank.ro\/lexikon\/wp-json\/wp\/v2\/types\/product"}],"replies":[{"embeddable":true,"href":"https:\/\/uj.adatbank.ro\/lexikon\/wp-json\/wp\/v2\/comments?post=21089"}],"wp:attachment":[{"href":"https:\/\/uj.adatbank.ro\/lexikon\/wp-json\/wp\/v2\/media?parent=21089"}],"wp:term":[{"taxonomy":"product_brand","embeddable":true,"href":"https:\/\/uj.adatbank.ro\/lexikon\/wp-json\/wp\/v2\/product_brand?post=21089"},{"taxonomy":"product_cat","embeddable":true,"href":"https:\/\/uj.adatbank.ro\/lexikon\/wp-json\/wp\/v2\/product_cat?post=21089"},{"taxonomy":"product_tag","embeddable":true,"href":"https:\/\/uj.adatbank.ro\/lexikon\/wp-json\/wp\/v2\/product_tag?post=21089"}],"curies":[{"name":"wp","href":"https:\/\/api.w.org\/{rel}","templated":true}]}}