{"id":21091,"date":"2025-07-22T19:12:47","date_gmt":"2025-07-22T17:12:47","guid":{"rendered":"https:\/\/uj.adatbank.ro\/lexikon\/termek\/szabo-domokos\/"},"modified":"2025-07-22T19:12:47","modified_gmt":"2025-07-22T17:12:47","slug":"szabo-domokos","status":"publish","type":"product","link":"https:\/\/uj.adatbank.ro\/lexikon\/termek\/szabo-domokos\/","title":{"rendered":"SZAB\u00d3 Domokos"},"content":{"rendered":"<p>? \u2020?: ?. \u2013 Feles\u00e9ge: Hildebr\u00e1nd Julianna (1804 \u2013 Kutyfalva, 1884. j\u00fan. 25. Mv.-en temett\u00e9k). Gyermekeik: Sz. Terenczia Illy\u00e9s Ferencn\u00e9; Sz. Ter\u00e9z Kolunb\u00e1n K\u00e1rolyn\u00e9; Sz. M\u00e1li Nagy K\u00e1rolyn\u00e9; Sz. Kata Czecz Mikl\u00f3sn\u00e9; Sz. Ida Bede K\u00e1rolyn\u00e9. <br \/><strong>Irod.:<\/strong> Gy\u00e1szjelent\u0151.<\/br><\/p>\n","protected":false},"excerpt":{"rendered":"<p>? \u2020?: ?. \u2013 Feles\u00e9ge: Hildebr\u00e1nd Julianna (1804 \u2013 Kutyfalva, 1884. j\u00fan. 25. Mv.-en temett\u00e9k). Gyermekeik: Sz. Terenczia Illy\u00e9s Ferencn\u00e9; Sz. Ter\u00e9z Kolunb\u00e1n K\u00e1rolyn\u00e9; Sz. M\u00e1li Nagy K\u00e1rolyn\u00e9; Sz. Kata Czecz Mikl\u00f3sn\u00e9; Sz. Ida Bede K\u00e1rolyn\u00e9. Irod.: Gy\u00e1szjelent\u0151.<\/p>\n","protected":false},"featured_media":0,"comment_status":"open","ping_status":"closed","template":"","meta":[],"product_brand":[],"product_cat":[137],"product_tag":[],"class_list":{"0":"post-21091","1":"product","2":"type-product","3":"status-publish","5":"product_cat-maros-megyei-eletrajzi-lexikon","7":"first","8":"instock","9":"shipping-taxable","10":"product-type-simple"},"_links":{"self":[{"href":"https:\/\/uj.adatbank.ro\/lexikon\/wp-json\/wp\/v2\/product\/21091","targetHints":{"allow":["GET"]}}],"collection":[{"href":"https:\/\/uj.adatbank.ro\/lexikon\/wp-json\/wp\/v2\/product"}],"about":[{"href":"https:\/\/uj.adatbank.ro\/lexikon\/wp-json\/wp\/v2\/types\/product"}],"replies":[{"embeddable":true,"href":"https:\/\/uj.adatbank.ro\/lexikon\/wp-json\/wp\/v2\/comments?post=21091"}],"wp:attachment":[{"href":"https:\/\/uj.adatbank.ro\/lexikon\/wp-json\/wp\/v2\/media?parent=21091"}],"wp:term":[{"taxonomy":"product_brand","embeddable":true,"href":"https:\/\/uj.adatbank.ro\/lexikon\/wp-json\/wp\/v2\/product_brand?post=21091"},{"taxonomy":"product_cat","embeddable":true,"href":"https:\/\/uj.adatbank.ro\/lexikon\/wp-json\/wp\/v2\/product_cat?post=21091"},{"taxonomy":"product_tag","embeddable":true,"href":"https:\/\/uj.adatbank.ro\/lexikon\/wp-json\/wp\/v2\/product_tag?post=21091"}],"curies":[{"name":"wp","href":"https:\/\/api.w.org\/{rel}","templated":true}]}}