{"id":21103,"date":"2025-07-22T19:13:14","date_gmt":"2025-07-22T17:13:14","guid":{"rendered":"https:\/\/uj.adatbank.ro\/lexikon\/termek\/szabo-ferenc-3\/"},"modified":"2025-07-22T19:13:14","modified_gmt":"2025-07-22T17:13:14","slug":"szabo-ferenc-3","status":"publish","type":"product","link":"https:\/\/uj.adatbank.ro\/lexikon\/termek\/szabo-ferenc-3\/","title":{"rendered":"SZAB\u00d3 Ferenc"},"content":{"rendered":"<p>?, \u2020 Teremi\u00fajfalu, 1802.: tan\u00edt\u00f3. \u2013 Nagyenyeden subscrib\u00e1lt (1788). L\u00e9vita volt Teremi\u00fajfaluban (1791\u201393), K\u00fck\u00fcll\u0151p\u00f3csfalv\u00e1n hal\u00e1l\u00e1ig (1794\u20131802). <br \/><strong>Irod.:<\/strong> K\u00fck\u00fcll\u0151i Ref. Egyh\u00e1zm., 3., 4.<\/br><\/p>\n","protected":false},"excerpt":{"rendered":"<p>?, \u2020 Teremi\u00fajfalu, 1802.: tan\u00edt\u00f3. \u2013 Nagyenyeden subscrib\u00e1lt (1788). L\u00e9vita volt Teremi\u00fajfaluban (1791\u201393), K\u00fck\u00fcll\u0151p\u00f3csfalv\u00e1n hal\u00e1l\u00e1ig (1794\u20131802). Irod.: K\u00fck\u00fcll\u0151i Ref. Egyh\u00e1zm., 3., 4.<\/p>\n","protected":false},"featured_media":0,"comment_status":"open","ping_status":"closed","template":"","meta":[],"product_brand":[],"product_cat":[137],"product_tag":[],"class_list":{"0":"post-21103","1":"product","2":"type-product","3":"status-publish","5":"product_cat-maros-megyei-eletrajzi-lexikon","7":"first","8":"instock","9":"shipping-taxable","10":"product-type-simple"},"_links":{"self":[{"href":"https:\/\/uj.adatbank.ro\/lexikon\/wp-json\/wp\/v2\/product\/21103","targetHints":{"allow":["GET"]}}],"collection":[{"href":"https:\/\/uj.adatbank.ro\/lexikon\/wp-json\/wp\/v2\/product"}],"about":[{"href":"https:\/\/uj.adatbank.ro\/lexikon\/wp-json\/wp\/v2\/types\/product"}],"replies":[{"embeddable":true,"href":"https:\/\/uj.adatbank.ro\/lexikon\/wp-json\/wp\/v2\/comments?post=21103"}],"wp:attachment":[{"href":"https:\/\/uj.adatbank.ro\/lexikon\/wp-json\/wp\/v2\/media?parent=21103"}],"wp:term":[{"taxonomy":"product_brand","embeddable":true,"href":"https:\/\/uj.adatbank.ro\/lexikon\/wp-json\/wp\/v2\/product_brand?post=21103"},{"taxonomy":"product_cat","embeddable":true,"href":"https:\/\/uj.adatbank.ro\/lexikon\/wp-json\/wp\/v2\/product_cat?post=21103"},{"taxonomy":"product_tag","embeddable":true,"href":"https:\/\/uj.adatbank.ro\/lexikon\/wp-json\/wp\/v2\/product_tag?post=21103"}],"curies":[{"name":"wp","href":"https:\/\/api.w.org\/{rel}","templated":true}]}}