{"id":21105,"date":"2025-07-22T19:13:20","date_gmt":"2025-07-22T17:13:20","guid":{"rendered":"https:\/\/uj.adatbank.ro\/lexikon\/termek\/szabo-ferenc-5\/"},"modified":"2025-07-22T19:13:20","modified_gmt":"2025-07-22T17:13:20","slug":"szabo-ferenc-5","status":"publish","type":"product","link":"https:\/\/uj.adatbank.ro\/lexikon\/termek\/szabo-ferenc-5\/","title":{"rendered":"SZAB\u00d3 Ferenc"},"content":{"rendered":"<p>K\u00f6rtv\u00e9lyf\u00e1ja, 1876., \u2020?: gazd\u00e1lkod\u00f3 K\u00f6rtef\u00e1j\u00e1n. \u2013 Sz\u00e9kely nemesi csal\u00e1db\u00f3l ered. Az els\u0151 vh. alatt az orosz fronton k\u00fczd\u00f6tt, fogs\u00e1gba ker\u00fclt, 4 \u00e9vi szenved\u00e9s ut\u00e1n sz\u00f6kve menek\u00fclt, szakaszvezet\u0151 volt. A ref. egyh\u00e1z tan\u00e1csosa, presbitere volt. <br \/><strong>Irod.:<\/strong> Sz\u00e9kelyf\u00f6ld \u00ed. k.<\/br><\/p>\n","protected":false},"excerpt":{"rendered":"<p>K\u00f6rtv\u00e9lyf\u00e1ja, 1876., \u2020?: gazd\u00e1lkod\u00f3 K\u00f6rtef\u00e1j\u00e1n. \u2013 Sz\u00e9kely nemesi csal\u00e1db\u00f3l ered. Az els\u0151 vh. alatt az orosz fronton k\u00fczd\u00f6tt, fogs\u00e1gba ker\u00fclt, 4 \u00e9vi szenved\u00e9s ut\u00e1n sz\u00f6kve menek\u00fclt, szakaszvezet\u0151 volt. A ref. egyh\u00e1z tan\u00e1csosa, presbitere volt. Irod.: Sz\u00e9kelyf\u00f6ld \u00ed. k.<\/p>\n","protected":false},"featured_media":0,"comment_status":"open","ping_status":"closed","template":"","meta":[],"product_brand":[],"product_cat":[137],"product_tag":[],"class_list":{"0":"post-21105","1":"product","2":"type-product","3":"status-publish","5":"product_cat-maros-megyei-eletrajzi-lexikon","7":"first","8":"instock","9":"shipping-taxable","10":"product-type-simple"},"_links":{"self":[{"href":"https:\/\/uj.adatbank.ro\/lexikon\/wp-json\/wp\/v2\/product\/21105","targetHints":{"allow":["GET"]}}],"collection":[{"href":"https:\/\/uj.adatbank.ro\/lexikon\/wp-json\/wp\/v2\/product"}],"about":[{"href":"https:\/\/uj.adatbank.ro\/lexikon\/wp-json\/wp\/v2\/types\/product"}],"replies":[{"embeddable":true,"href":"https:\/\/uj.adatbank.ro\/lexikon\/wp-json\/wp\/v2\/comments?post=21105"}],"wp:attachment":[{"href":"https:\/\/uj.adatbank.ro\/lexikon\/wp-json\/wp\/v2\/media?parent=21105"}],"wp:term":[{"taxonomy":"product_brand","embeddable":true,"href":"https:\/\/uj.adatbank.ro\/lexikon\/wp-json\/wp\/v2\/product_brand?post=21105"},{"taxonomy":"product_cat","embeddable":true,"href":"https:\/\/uj.adatbank.ro\/lexikon\/wp-json\/wp\/v2\/product_cat?post=21105"},{"taxonomy":"product_tag","embeddable":true,"href":"https:\/\/uj.adatbank.ro\/lexikon\/wp-json\/wp\/v2\/product_tag?post=21105"}],"curies":[{"name":"wp","href":"https:\/\/api.w.org\/{rel}","templated":true}]}}